[INFO] cloning repository https://github.com/boringcactus/OWReplayRenderer
[INFO] running `Command { std: "git" "-c" "credential.helper=" "-c" "credential.helper=/workspace/cargo-home/bin/git-credential-null" "clone" "--bare" "https://github.com/boringcactus/OWReplayRenderer" "/workspace/cache/git-repos/https%3A%2F%2Fgithub.com%2Fboringcactus%2FOWReplayRenderer", kill_on_drop: false }`
[INFO] [stderr] Cloning into bare repository '/workspace/cache/git-repos/https%3A%2F%2Fgithub.com%2Fboringcactus%2FOWReplayRenderer'...
[INFO] running `Command { std: "git" "rev-parse" "HEAD", kill_on_drop: false }`
[INFO] [stdout] a67b4fba3e60b1abe7d96f76859ab987ae8014cc
[INFO] documenting boringcactus/OWReplayRenderer against 1.54.0 for beta-1.55-rustdoc-1
[INFO] running `Command { std: "git" "clone" "/workspace/cache/git-repos/https%3A%2F%2Fgithub.com%2Fboringcactus%2FOWReplayRenderer" "/workspace/builds/worker-11/source", kill_on_drop: false }`
[INFO] [stderr] Cloning into '/workspace/builds/worker-11/source'...
[INFO] [stderr] done.
[INFO] validating manifest of git repo https://github.com/boringcactus/OWReplayRenderer on toolchain 1.54.0
[INFO] running `Command { std: "/workspace/cargo-home/bin/cargo" "+1.54.0" "metadata" "--manifest-path" "Cargo.toml" "--no-deps", kill_on_drop: false }`
[INFO] started tweaking git repo https://github.com/boringcactus/OWReplayRenderer
[INFO] finished tweaking git repo https://github.com/boringcactus/OWReplayRenderer
[INFO] tweaked toml for git repo https://github.com/boringcactus/OWReplayRenderer written to /workspace/builds/worker-11/source/Cargo.toml
[INFO] crate git repo https://github.com/boringcactus/OWReplayRenderer already has a lockfile, it will not be regenerated
[INFO] running `Command { std: "/workspace/cargo-home/bin/cargo" "+1.54.0" "fetch" "--manifest-path" "Cargo.toml", kill_on_drop: false }`
[INFO] running `Command { std: "docker" "create" "-v" "/var/lib/crater-agent-workspace/builds/worker-11/target:/opt/rustwide/target:rw,Z" "-v" "/var/lib/crater-agent-workspace/builds/worker-11/source:/opt/rustwide/workdir:ro,Z" "-v" "/var/lib/crater-agent-workspace/cargo-home:/opt/rustwide/cargo-home:ro,Z" "-v" "/var/lib/crater-agent-workspace/rustup-home:/opt/rustwide/rustup-home:ro,Z" "-e" "SOURCE_DIR=/opt/rustwide/workdir" "-e" "CARGO_TARGET_DIR=/opt/rustwide/target" "-e" "CARGO_HOME=/opt/rustwide/cargo-home" "-e" "RUSTUP_HOME=/opt/rustwide/rustup-home" "-w" "/opt/rustwide/workdir" "-m" "1610612736" "--user" "0:0" "--network" "none" "ghcr.io/rust-lang/crates-build-env/linux@sha256:34b6a614d2c27851fe6cbf88fbd1137609cefab8b10d0615aaeb6fd47975d74e" "/opt/rustwide/cargo-home/bin/cargo" "+1.54.0" "metadata" "--no-deps" "--format-version=1", kill_on_drop: false }`
[INFO] [stderr] WARNING: Your kernel does not support swap limit capabilities or the cgroup is not mounted. Memory limited without swap.
[INFO] [stdout] 3adcbfa04ae972fc1191808cc8c374691eb3a431039bb0231af86d6df54de7bf
[INFO] running `Command { std: "docker" "start" "-a" "3adcbfa04ae972fc1191808cc8c374691eb3a431039bb0231af86d6df54de7bf", kill_on_drop: false }`
[INFO] running `Command { std: "docker" "inspect" "3adcbfa04ae972fc1191808cc8c374691eb3a431039bb0231af86d6df54de7bf", kill_on_drop: false }`
[INFO] running `Command { std: "docker" "rm" "-f" "3adcbfa04ae972fc1191808cc8c374691eb3a431039bb0231af86d6df54de7bf", kill_on_drop: false }`
[INFO] [stdout] 3adcbfa04ae972fc1191808cc8c374691eb3a431039bb0231af86d6df54de7bf
[INFO] running `Command { std: "docker" "create" "-v" "/var/lib/crater-agent-workspace/builds/worker-11/target:/opt/rustwide/target:rw,Z" "-v" "/var/lib/crater-agent-workspace/builds/worker-11/source:/opt/rustwide/workdir:ro,Z" "-v" "/var/lib/crater-agent-workspace/cargo-home:/opt/rustwide/cargo-home:ro,Z" "-v" "/var/lib/crater-agent-workspace/rustup-home:/opt/rustwide/rustup-home:ro,Z" "-e" "SOURCE_DIR=/opt/rustwide/workdir" "-e" "CARGO_TARGET_DIR=/opt/rustwide/target" "-e" "CARGO_INCREMENTAL=0" "-e" "RUST_BACKTRACE=full" "-e" "RUSTDOCFLAGS=--cap-lints=warn" "-e" "CARGO_HOME=/opt/rustwide/cargo-home" "-e" "RUSTUP_HOME=/opt/rustwide/rustup-home" "-w" "/opt/rustwide/workdir" "-m" "1610612736" "--user" "0:0" "--network" "none" "ghcr.io/rust-lang/crates-build-env/linux@sha256:34b6a614d2c27851fe6cbf88fbd1137609cefab8b10d0615aaeb6fd47975d74e" "/opt/rustwide/cargo-home/bin/cargo" "+1.54.0" "doc" "--frozen" "--no-deps" "--document-private-items" "--message-format=json", kill_on_drop: false }`
[INFO] [stdout] 289053f291506f6b980e25ff56fb8268d5effc388643a30c5c133d0ff0695303
[INFO] [stderr] WARNING: Your kernel does not support swap limit capabilities or the cgroup is not mounted. Memory limited without swap.
[INFO] running `Command { std: "docker" "start" "-a" "289053f291506f6b980e25ff56fb8268d5effc388643a30c5c133d0ff0695303", kill_on_drop: false }`
[INFO] [stderr]    Compiling serde v1.0.101
[INFO] [stderr]    Compiling winapi v0.3.8
[INFO] [stderr]    Compiling crossbeam-utils v0.7.0
[INFO] [stderr]    Compiling crossbeam-epoch v0.8.0
[INFO] [stderr]    Compiling num-iter v0.1.39
[INFO] [stderr]    Compiling num-bigint v0.2.3
[INFO] [stderr]    Compiling num-rational v0.2.2
[INFO] [stderr]    Compiling num-complex v0.2.3
[INFO] [stderr]    Compiling openssl-sys v0.9.51
[INFO] [stderr]     Checking itertools v0.7.11
[INFO] [stderr]     Checking num_cpus v1.10.1
[INFO] [stderr]     Checking stb_truetype v0.3.0
[INFO] [stderr]     Checking base64 v0.9.3
[INFO] [stderr]     Checking nix v0.14.1
[INFO] [stderr]     Checking approx v0.3.2
[INFO] [stderr]     Checking ordered-float v1.0.2
[INFO] [stderr]     Checking png v0.15.1
[INFO] [stderr]     Checking rand v0.6.5
[INFO] [stderr]     Checking chrono v0.4.9
[INFO] [stderr]     Checking parking_lot_core v0.6.2
[INFO] [stderr]     Checking tiff v0.3.1
[INFO] [stderr]     Checking hyper v0.10.16
[INFO] [stderr]     Checking rusttype v0.8.1
[INFO] [stderr]     Checking parking_lot v0.9.0
[INFO] [stderr]     Checking tokio-reactor v0.1.10
[INFO] [stderr]     Checking num v0.1.42
[INFO] [stderr]     Checking rusttype v0.7.9
[INFO] [stderr]     Checking rulinalg v0.4.2
[INFO] [stderr]     Checking tokio-tcp v0.1.3
[INFO] [stderr]    Compiling openssl v0.10.25
[INFO] [stderr]    Compiling native-tls v0.2.3
[INFO] [stderr]     Checking crossbeam-deque v0.7.2
[INFO] [stderr]     Checking rayon-core v1.6.0
[INFO] [stderr]     Checking num v0.2.0
[INFO] [stderr]     Checking rayon v1.2.0
[INFO] [stderr]     Checking ctrlc v3.1.3
[INFO] [stderr]     Checking serde_json v1.0.41
[INFO] [stderr]     Checking jpeg-decoder v0.1.16
[INFO] [stderr]     Checking tokio-tls v0.2.1
[INFO] [stderr]     Checking websocket v0.23.0
[INFO] [stderr]     Checking image v0.22.3
[INFO] [stderr]     Checking imageproc v0.19.2
[INFO] [stderr]  Documenting ow_replay_renderer v0.6.0 (/opt/rustwide/workdir)
[INFO] [stdout] error[E0433]: failed to resolve: could not find `shared` in `winapi`
[INFO] [stdout]  --> src/window.rs:1:13
[INFO] [stdout]   |
[INFO] [stdout] 1 | use winapi::shared::minwindef::{BOOL, FALSE, LPARAM, TRUE};
[INFO] [stdout]   |             ^^^^^^ could not find `shared` in `winapi`
[INFO] [stdout] 
[INFO] [stdout] 
[INFO] [stdout] error[E0433]: failed to resolve: could not find `shared` in `winapi`
[INFO] [stdout]  --> src/window.rs:2:13
[INFO] [stdout]   |
[INFO] [stdout] 2 | use winapi::shared::ntdef::LPSTR;
[INFO] [stdout]   |             ^^^^^^ could not find `shared` in `winapi`
[INFO] [stdout] 
[INFO] [stdout] 
[INFO] [stdout] error[E0433]: failed to resolve: could not find `shared` in `winapi`
[INFO] [stdout]  --> src/window.rs:3:13
[INFO] [stdout]   |
[INFO] [stdout] 3 | use winapi::shared::windef::HWND;
[INFO] [stdout]   |             ^^^^^^ could not find `shared` in `winapi`
[INFO] [stdout] 
[INFO] [stdout] 
[INFO] [stdout] error[E0433]: failed to resolve: could not find `um` in `winapi`
[INFO] [stdout]  --> src/window.rs:4:13
[INFO] [stdout]   |
[INFO] [stdout] 4 | use winapi::um::winuser::{
[INFO] [stdout]   |             ^^ could not find `um` in `winapi`
[INFO] [stdout] 
[INFO] [stdout] 
[INFO] [stdout] error[E0432]: unresolved import `winapi::ctypes`
[INFO] [stdout]   --> src/window.rs:62:13
[INFO] [stdout]    |
[INFO] [stdout] 62 | use winapi::ctypes::c_int;
[INFO] [stdout]    |             ^^^^^^ could not find `ctypes` in `winapi`
[INFO] [stdout] 
[INFO] [stdout] 
[INFO] [stdout] error[E0412]: cannot find type `HWND` in this scope
[INFO] [stdout]   --> src/window.rs:26:20
[INFO] [stdout]    |
[INFO] [stdout] 25 | struct WindowSearch {
[INFO] [stdout]    |                    - help: you might be missing a type parameter: `<HWND>`
[INFO] [stdout] 26 |     handle: Option<HWND>,
[INFO] [stdout]    |                    ^^^^ not found in this scope
[INFO] [stdout] 
[INFO] [stdout] 
[INFO] [stdout] error[E0412]: cannot find type `HWND` in this scope
[INFO] [stdout]   --> src/window.rs:31:13
[INFO] [stdout]    |
[INFO] [stdout] 31 |     handle: HWND,
[INFO] [stdout]    |             ^^^^ not found in this scope
[INFO] [stdout] 
[INFO] [stdout] 
[INFO] [stdout] error[E0412]: cannot find type `INPUT` in this scope
[INFO] [stdout]   --> src/window.rs:70:17
[INFO] [stdout]    |
[INFO] [stdout] 70 |     type Item = INPUT;
[INFO] [stdout]    |                 ^^^^^ not found in this scope
[INFO] [stdout] 
[INFO] [stdout] 
[INFO] [stdout] error[E0412]: cannot find type `INPUT` in this scope
[INFO] [stdout]   --> src/window.rs:71:26
[INFO] [stdout]    |
[INFO] [stdout] 69 | impl IntoIterator for Key {
[INFO] [stdout]    |     - help: you might be missing a type parameter: `<INPUT>`
[INFO] [stdout] 70 |     type Item = INPUT;
[INFO] [stdout] 71 |     type IntoIter = <Vec<INPUT> as IntoIterator>::IntoIter;
[INFO] [stdout]    |                          ^^^^^ not found in this scope
[INFO] [stdout] 
[INFO] [stdout] 
[INFO] [stdout] error[E0412]: cannot find type `INPUT` in this scope
[INFO] [stdout]   --> src/window.rs:74:34
[INFO] [stdout]    |
[INFO] [stdout] 74 |         fn keydown(vk: c_int) -> INPUT {
[INFO] [stdout]    |                                  ^^^^^ not found in this scope
[INFO] [stdout] 
[INFO] [stdout] 
[INFO] [stdout] error[E0412]: cannot find type `INPUT` in this scope
[INFO] [stdout]   --> src/window.rs:83:32
[INFO] [stdout]    |
[INFO] [stdout] 83 |         fn keyup(vk: c_int) -> INPUT {
[INFO] [stdout]    |                                ^^^^^ not found in this scope
[INFO] [stdout] 
[INFO] [stdout] 
[INFO] [stdout] error[E0412]: cannot find type `HWND` in this scope
[INFO] [stdout]    --> src/window.rs:129:42
[INFO] [stdout]     |
[INFO] [stdout] 129 | unsafe extern "system" fn has_title(win: HWND, arg: LPARAM) -> BOOL {
[INFO] [stdout]     |                                          ^^^^ not found in this scope
[INFO] [stdout] 
[INFO] [stdout] 
[INFO] [stdout] error[E0412]: cannot find type `LPARAM` in this scope
[INFO] [stdout]    --> src/window.rs:129:53
[INFO] [stdout]     |
[INFO] [stdout] 129 | unsafe extern "system" fn has_title(win: HWND, arg: LPARAM) -> BOOL {
[INFO] [stdout]     |                                                     ^^^^^^ not found in this scope
[INFO] [stdout] 
[INFO] [stdout] 
[INFO] [stdout] error[E0412]: cannot find type `BOOL` in this scope
[INFO] [stdout]    --> src/window.rs:129:64
[INFO] [stdout]     |
[INFO] [stdout] 129 | unsafe extern "system" fn has_title(win: HWND, arg: LPARAM) -> BOOL {
[INFO] [stdout]     |                                                                ^^^^ not found in this scope
[INFO] [stdout] 
[INFO] [stdout] 
[INFO] [stdout] error[E0412]: cannot find type `INPUT` in this scope
[INFO] [stdout]    --> src/window.rs:173:49
[INFO] [stdout]     |
[INFO] [stdout] 146 | impl Window {
[INFO] [stdout]     |     - help: you might be missing a type parameter: `<INPUT>`
[INFO] [stdout] ...
[INFO] [stdout] 173 |     unsafe fn send_input(&self, mut inputs: Vec<INPUT>) {
[INFO] [stdout]     |                                                 ^^^^^ not found in this scope
[INFO] [stdout] 
[INFO] [stdout] 
[INFO] [stdout] error: Compilation failed, aborting rustdoc
[INFO] [stdout] 
[INFO] [stdout] 
[INFO] [stdout] error: aborting due to 16 previous errors
[INFO] [stdout] 
[INFO] [stdout] 
[INFO] [stdout] Some errors have detailed explanations: E0412, E0432, E0433.
[INFO] [stdout] 
[INFO] [stdout] For more information about an error, try `rustc --explain E0412`.
[INFO] [stdout] 
[INFO] [stderr] error: could not document `ow_replay_renderer`
[INFO] [stderr] 
[INFO] [stderr] Caused by:
[INFO] [stderr]   process didn't exit successfully: `rustdoc --edition=2018 --crate-type bin --crate-name ow_replay_renderer src/main.rs -o /opt/rustwide/target/doc --error-format=json --json=diagnostic-rendered-ansi --document-private-items -L dependency=/opt/rustwide/target/debug/deps --extern base64=/opt/rustwide/target/debug/deps/libbase64-4a89151e30420df8.rmeta --extern chrono=/opt/rustwide/target/debug/deps/libchrono-6304b753adb7fb6f.rmeta --extern ctrlc=/opt/rustwide/target/debug/deps/libctrlc-fae9634a0b8d16fe.rmeta --extern image=/opt/rustwide/target/debug/deps/libimage-ee3bff67713afe2f.rmeta --extern imageproc=/opt/rustwide/target/debug/deps/libimageproc-e242773bfa606632.rmeta --extern lazy_static=/opt/rustwide/target/debug/deps/liblazy_static-acd7d23482fe8b54.rmeta --extern serde_json=/opt/rustwide/target/debug/deps/libserde_json-806c5a20335a07ab.rmeta --extern websocket=/opt/rustwide/target/debug/deps/libwebsocket-29078becda3808c4.rmeta --extern winapi=/opt/rustwide/target/debug/deps/libwinapi-555ab54614fe2692.rmeta --cap-lints=warn --crate-version 0.6.0` (exit status: 1)
[INFO] running `Command { std: "docker" "inspect" "289053f291506f6b980e25ff56fb8268d5effc388643a30c5c133d0ff0695303", kill_on_drop: false }`
[INFO] running `Command { std: "docker" "rm" "-f" "289053f291506f6b980e25ff56fb8268d5effc388643a30c5c133d0ff0695303", kill_on_drop: false }`
[INFO] [stdout] 289053f291506f6b980e25ff56fb8268d5effc388643a30c5c133d0ff0695303
