[INFO] cloning repository https://github.com/bnorbertJS/sollib_backend
[INFO] running `Command { std: "git" "-c" "credential.helper=" "-c" "credential.helper=/workspace/cargo-home/bin/git-credential-null" "clone" "--bare" "https://github.com/bnorbertJS/sollib_backend" "/workspace/cache/git-repos/https%3A%2F%2Fgithub.com%2FbnorbertJS%2Fsollib_backend", kill_on_drop: false }`
[INFO] [stderr] Cloning into bare repository '/workspace/cache/git-repos/https%3A%2F%2Fgithub.com%2FbnorbertJS%2Fsollib_backend'...
[INFO] running `Command { std: "git" "rev-parse" "HEAD", kill_on_drop: false }`
[INFO] [stdout] 2b8ae36d8fb7e6bd059ffe89288c20b90acaeb57
[INFO] documenting bnorbertJS/sollib_backend against 1.54.0 for beta-1.55-rustdoc-1
[INFO] running `Command { std: "git" "clone" "/workspace/cache/git-repos/https%3A%2F%2Fgithub.com%2FbnorbertJS%2Fsollib_backend" "/workspace/builds/worker-39/source", kill_on_drop: false }`
[INFO] [stderr] Cloning into '/workspace/builds/worker-39/source'...
[INFO] [stderr] done.
[INFO] validating manifest of git repo https://github.com/bnorbertJS/sollib_backend on toolchain 1.54.0
[INFO] running `Command { std: "/workspace/cargo-home/bin/cargo" "+1.54.0" "metadata" "--manifest-path" "Cargo.toml" "--no-deps", kill_on_drop: false }`
[INFO] started tweaking git repo https://github.com/bnorbertJS/sollib_backend
[INFO] finished tweaking git repo https://github.com/bnorbertJS/sollib_backend
[INFO] tweaked toml for git repo https://github.com/bnorbertJS/sollib_backend written to /workspace/builds/worker-39/source/Cargo.toml
[INFO] crate git repo https://github.com/bnorbertJS/sollib_backend already has a lockfile, it will not be regenerated
[INFO] running `Command { std: "/workspace/cargo-home/bin/cargo" "+1.54.0" "fetch" "--manifest-path" "Cargo.toml", kill_on_drop: false }`
[INFO] [stderr]     Blocking waiting for file lock on package cache
[INFO] [stderr]     Blocking waiting for file lock on package cache
[INFO] [stderr]  Downloading crates ...
[INFO] [stderr]   Downloaded pear_codegen v0.0.12
[INFO] [stderr]   Downloaded state v0.3.3
[INFO] [stderr]   Downloaded smallvec v0.4.4
[INFO] [stderr]   Downloaded pear v0.0.12
[INFO] [stderr]   Downloaded serde v1.0.27
[INFO] [stderr]   Downloaded diesel_derives v1.1.0
[INFO] [stderr]   Downloaded frank_jwt v3.0.0
[INFO] [stderr]   Downloaded jwt v0.4.0
[INFO] [stderr]   Downloaded rand v0.3.22
[INFO] [stderr]   Downloaded openssl-sys v0.9.26
[INFO] [stderr]   Downloaded yansi v0.3.4
[INFO] [stderr]   Downloaded openssl v0.9.24
[INFO] [stderr]   Downloaded rocket_contrib v0.3.6
[INFO] [stderr]   Downloaded httparse v1.2.4
[INFO] [stderr]   Downloaded rayon-core v1.4.0
[INFO] [stderr]   Downloaded diesel v1.1.1
[INFO] [stderr]   Downloaded diesel_infer_schema v0.16.0
[INFO] [stderr]   Downloaded bcrypt v0.1.5
[INFO] [stderr]   Downloaded diesel v0.16.0
[INFO] [stderr]   Downloaded serde_json v1.0.9
[INFO] [stderr]   Downloaded diesel_codegen v0.16.0
[INFO] [stderr]   Downloaded ordermap v0.2.13
[INFO] [stderr]   Downloaded dotenv v0.9.0
[INFO] [stderr]   Downloaded base64 v0.9.0
[INFO] [stderr]   Downloaded r2d2-diesel v1.0.0
[INFO] [stderr]   Downloaded cookie v0.9.2
[INFO] [stderr]   Downloaded isatty v0.1.6
[INFO] [stderr]   Downloaded rocket v0.3.6
[INFO] [stderr]   Downloaded serde_derive_internals v0.19.0
[INFO] [stderr]   Downloaded serde_derive v1.0.27
[INFO] [stderr]   Downloaded pq-sys v0.4.4
[INFO] [stderr]   Downloaded rocket_codegen v0.3.6
[INFO] [stderr]   Downloaded crossbeam-epoch v0.3.0
[INFO] running `Command { std: "docker" "create" "-v" "/var/lib/crater-agent-workspace/builds/worker-39/target:/opt/rustwide/target:rw,Z" "-v" "/var/lib/crater-agent-workspace/builds/worker-39/source:/opt/rustwide/workdir:ro,Z" "-v" "/var/lib/crater-agent-workspace/cargo-home:/opt/rustwide/cargo-home:ro,Z" "-v" "/var/lib/crater-agent-workspace/rustup-home:/opt/rustwide/rustup-home:ro,Z" "-e" "SOURCE_DIR=/opt/rustwide/workdir" "-e" "CARGO_TARGET_DIR=/opt/rustwide/target" "-e" "CARGO_HOME=/opt/rustwide/cargo-home" "-e" "RUSTUP_HOME=/opt/rustwide/rustup-home" "-w" "/opt/rustwide/workdir" "-m" "1610612736" "--user" "0:0" "--network" "none" "ghcr.io/rust-lang/crates-build-env/linux@sha256:34b6a614d2c27851fe6cbf88fbd1137609cefab8b10d0615aaeb6fd47975d74e" "/opt/rustwide/cargo-home/bin/cargo" "+1.54.0" "metadata" "--no-deps" "--format-version=1", kill_on_drop: false }`
[INFO] [stdout] a7894149ac99c871e5d8f5107564b43b74d1c3732dfca742b84e443d1472de64
[INFO] running `Command { std: "docker" "start" "-a" "a7894149ac99c871e5d8f5107564b43b74d1c3732dfca742b84e443d1472de64", kill_on_drop: false }`
[INFO] running `Command { std: "docker" "inspect" "a7894149ac99c871e5d8f5107564b43b74d1c3732dfca742b84e443d1472de64", kill_on_drop: false }`
[INFO] running `Command { std: "docker" "rm" "-f" "a7894149ac99c871e5d8f5107564b43b74d1c3732dfca742b84e443d1472de64", kill_on_drop: false }`
[INFO] [stdout] a7894149ac99c871e5d8f5107564b43b74d1c3732dfca742b84e443d1472de64
[INFO] running `Command { std: "docker" "create" "-v" "/var/lib/crater-agent-workspace/builds/worker-39/target:/opt/rustwide/target:rw,Z" "-v" "/var/lib/crater-agent-workspace/builds/worker-39/source:/opt/rustwide/workdir:ro,Z" "-v" "/var/lib/crater-agent-workspace/cargo-home:/opt/rustwide/cargo-home:ro,Z" "-v" "/var/lib/crater-agent-workspace/rustup-home:/opt/rustwide/rustup-home:ro,Z" "-e" "SOURCE_DIR=/opt/rustwide/workdir" "-e" "CARGO_TARGET_DIR=/opt/rustwide/target" "-e" "CARGO_INCREMENTAL=0" "-e" "RUST_BACKTRACE=full" "-e" "RUSTDOCFLAGS=--cap-lints=warn" "-e" "CARGO_HOME=/opt/rustwide/cargo-home" "-e" "RUSTUP_HOME=/opt/rustwide/rustup-home" "-w" "/opt/rustwide/workdir" "-m" "1610612736" "--user" "0:0" "--network" "none" "ghcr.io/rust-lang/crates-build-env/linux@sha256:34b6a614d2c27851fe6cbf88fbd1137609cefab8b10d0615aaeb6fd47975d74e" "/opt/rustwide/cargo-home/bin/cargo" "+1.54.0" "doc" "--frozen" "--no-deps" "--document-private-items" "--message-format=json", kill_on_drop: false }`
[INFO] [stdout] e5d33d30b6c448250defaf83a5f76332455e7bbe93f6afd768523e49a137e5b2
[INFO] running `Command { std: "docker" "start" "-a" "e5d33d30b6c448250defaf83a5f76332455e7bbe93f6afd768523e49a137e5b2", kill_on_drop: false }`
[INFO] [stderr]     Blocking waiting for file lock on package cache
[INFO] [stderr]    Compiling libc v0.2.36
[INFO] [stderr]    Compiling cfg-if v0.1.2
[INFO] [stderr]    Compiling lazy_static v1.0.0
[INFO] [stderr]    Compiling gcc v0.3.54
[INFO] [stderr]    Compiling nodrop v0.1.12
[INFO] [stderr]    Compiling memoffset v0.2.1
[INFO] [stderr]    Compiling scopeguard v0.3.3
[INFO] [stderr]    Compiling lazy_static v0.2.11
[INFO] [stderr]    Compiling rayon-core v1.4.0
[INFO] [stderr]     Checking byteorder v1.2.1
[INFO] [stderr]    Compiling yansi v0.3.4
[INFO] [stderr]    Compiling pq-sys v0.4.4
[INFO] [stderr]    Compiling unicode-normalization v0.1.5
[INFO] [stderr]    Compiling safemem v0.2.0
[INFO] [stderr]     Checking serde v1.0.27
[INFO] [stderr]    Compiling untrusted v0.5.1
[INFO] [stderr]    Compiling httparse v1.2.4
[INFO] [stderr]     Checking typeable v0.1.2
[INFO] [stderr]    Compiling language-tags v0.2.2
[INFO] [stderr]    Compiling traitobject v0.1.0
[INFO] [stderr]    Compiling regex-syntax v0.4.2
[INFO] [stderr]     Checking antidote v1.0.0
[INFO] [stderr]     Checking rustc-serialize v0.3.24
[INFO] [stderr]     Checking state v0.3.3
[INFO] [stderr]     Checking bitflags v1.0.1
[INFO] [stderr]    Compiling ordermap v0.2.13
[INFO] [stderr]    Compiling error-chain v0.10.0
[INFO] [stderr]    Compiling pear v0.0.12
[INFO] [stderr]     Checking smallvec v0.4.4
[INFO] [stderr]     Checking time v0.1.39
[INFO] [stderr]    Compiling openssl-sys v0.9.26
[INFO] [stderr]     Checking rand v0.4.2
[INFO] [stderr]     Checking num-traits v0.1.43
[INFO] [stderr]     Checking num_cpus v1.8.0
[INFO] [stderr]     Checking memchr v2.0.1
[INFO] [stderr]     Checking unreachable v1.0.0
[INFO] [stderr]     Checking memchr v1.0.2
[INFO] [stderr]     Checking isatty v0.1.6
[INFO] [stderr]    Compiling syn v0.11.11
[INFO] [stderr]    Compiling arrayvec v0.4.7
[INFO] [stderr]     Checking url v1.6.0
[INFO] [stderr]     Checking mime v0.2.6
[INFO] [stderr]    Compiling crossbeam-utils v0.2.2
[INFO] [stderr]    Compiling log v0.4.1
[INFO] [stderr]    Compiling thread_local v0.3.5
[INFO] [stdout] error[E0557]: feature has been removed
[INFO] [stdout]  --> /opt/rustwide/cargo-home/registry/src/github.com-1ecc6299db9ec823/state-0.3.3/src/lib.rs:1:12
[INFO] [stdout]   |
[INFO] [stdout] 1 | #![feature(const_fn)]
[INFO] [stdout]   |            ^^^^^^^^ feature has been removed
[INFO] [stdout]   |
[INFO] [stdout]   = note: split into finer-grained feature gates
[INFO] [stdout] 
[INFO] [stdout] 
[INFO] [stdout] error[E0557]: feature has been removed
[INFO] [stdout]  --> /opt/rustwide/cargo-home/registry/src/github.com-1ecc6299db9ec823/state-0.3.3/src/lib.rs:1:12
[INFO] [stdout]   |
[INFO] [stdout] 1 | #![feature(const_fn)]
[INFO] [stdout]   |            ^^^^^^^^ feature has been removed
[INFO] [stdout]   |
[INFO] [stdout]   = note: split into finer-grained feature gates
[INFO] [stdout] 
[INFO] [stdout] 
[INFO] [stdout] error[E0554]: `#![feature]` may not be used on the stable release channel
[INFO] [stdout]  --> /opt/rustwide/cargo-home/registry/src/github.com-1ecc6299db9ec823/state-0.3.3/src/lib.rs:1:1
[INFO] [stdout]   |
[INFO] [stdout] 1 | #![feature(const_fn)]
[INFO] [stdout]   | ^^^^^^^^^^^^^^^^^^^^^
[INFO] [stdout] 
[INFO] [stdout] 
[INFO] [stdout] error[E0554]: `#![feature]` may not be used on the stable release channel
[INFO] [stdout]  --> /opt/rustwide/cargo-home/registry/src/github.com-1ecc6299db9ec823/state-0.3.3/src/lib.rs:2:1
[INFO] [stdout]   |
[INFO] [stdout] 2 | #![feature(const_unsafe_cell_new)]
[INFO] [stdout]   | ^^^^^^^^^^^^^^^^^^^^^^^^^^^^^^^^^^
[INFO] [stdout] 
[INFO] [stdout] 
[INFO] [stdout] error[E0554]: `#![feature]` may not be used on the stable release channel
[INFO] [stdout]  --> /opt/rustwide/cargo-home/registry/src/github.com-1ecc6299db9ec823/state-0.3.3/src/lib.rs:3:1
[INFO] [stdout]   |
[INFO] [stdout] 3 | #![feature(const_atomic_usize_new)]
[INFO] [stdout]   | ^^^^^^^^^^^^^^^^^^^^^^^^^^^^^^^^^^^
[INFO] [stdout] 
[INFO] [stdout] 
[INFO] [stdout] error[E0554]: `#![feature]` may not be used on the stable release channel
[INFO] [stdout]  --> /opt/rustwide/cargo-home/registry/src/github.com-1ecc6299db9ec823/state-0.3.3/src/lib.rs:4:1
[INFO] [stdout]   |
[INFO] [stdout] 4 | #![feature(const_atomic_bool_new)]
[INFO] [stdout]   | ^^^^^^^^^^^^^^^^^^^^^^^^^^^^^^^^^^
[INFO] [stdout] 
[INFO] [stdout] 
[INFO] [stdout] error[E0554]: `#![feature]` may not be used on the stable release channel
[INFO] [stdout]  --> /opt/rustwide/cargo-home/registry/src/github.com-1ecc6299db9ec823/yansi-0.3.4/src/lib.rs:1:32
[INFO] [stdout]   |
[INFO] [stdout] 1 | #![cfg_attr(feature="nightly", feature(const_atomic_bool_new))]
[INFO] [stdout]   |                                ^^^^^^^^^^^^^^^^^^^^^^^^^^^^^^
[INFO] [stdout] 
[INFO] [stdout] 
[INFO] [stdout] error[E0554]: `#![feature]` may not be used on the stable release channel
[INFO] [stdout]  --> /opt/rustwide/cargo-home/registry/src/github.com-1ecc6299db9ec823/state-0.3.3/src/lib.rs:1:1
[INFO] [stdout]   |
[INFO] [stdout] 1 | #![feature(const_fn)]
[INFO] [stdout]   | ^^^^^^^^^^^^^^^^^^^^^
[INFO] [stdout] 
[INFO] [stdout] 
[INFO] [stdout] error[E0554]: `#![feature]` may not be used on the stable release channel
[INFO] [stdout]  --> /opt/rustwide/cargo-home/registry/src/github.com-1ecc6299db9ec823/yansi-0.3.4/src/lib.rs:1:32
[INFO] [stdout]   |
[INFO] [stdout] 1 | #![cfg_attr(feature="nightly", feature(const_atomic_bool_new))]
[INFO] [stdout]   |                                ^^^^^^^^^^^^^^^^^^^^^^^^^^^^^^
[INFO] [stdout] 
[INFO] [stdout] 
[INFO] [stdout] error: aborting due to previous error
[INFO] [stdout] 
[INFO] [stdout] 
[INFO] [stdout] For more information about this error, try `rustc --explain E0554`.
[INFO] [stdout] 
[INFO] [stderr] error: could not compile `yansi`
[INFO] [stderr] 
[INFO] [stderr] To learn more, run the command again with --verbose.
[INFO] [stderr] warning: build failed, waiting for other jobs to finish...
[INFO] [stdout] error: aborting due to 5 previous errors
[INFO] [stdout] 
[INFO] [stdout] 
[INFO] [stdout] Some errors have detailed explanations: E0554, E0557.
[INFO] [stdout] 
[INFO] [stdout] For more information about an error, try `rustc --explain E0554`.
[INFO] [stdout] 
[INFO] [stdout] error: aborting due to previous error
[INFO] [stdout] 
[INFO] [stdout] 
[INFO] [stdout] For more information about this error, try `rustc --explain E0554`.
[INFO] [stdout] 
[INFO] [stdout] error[E0554]: `#![feature]` may not be used on the stable release channel
[INFO] [stdout]  --> /opt/rustwide/cargo-home/registry/src/github.com-1ecc6299db9ec823/state-0.3.3/src/lib.rs:2:1
[INFO] [stdout]   |
[INFO] [stdout] 2 | #![feature(const_unsafe_cell_new)]
[INFO] [stdout]   | ^^^^^^^^^^^^^^^^^^^^^^^^^^^^^^^^^^
[INFO] [stdout] 
[INFO] [stdout] 
[INFO] [stdout] error[E0554]: `#![feature]` may not be used on the stable release channel
[INFO] [stdout]  --> /opt/rustwide/cargo-home/registry/src/github.com-1ecc6299db9ec823/state-0.3.3/src/lib.rs:3:1
[INFO] [stdout]   |
[INFO] [stdout] 3 | #![feature(const_atomic_usize_new)]
[INFO] [stdout]   | ^^^^^^^^^^^^^^^^^^^^^^^^^^^^^^^^^^^
[INFO] [stdout] 
[INFO] [stdout] 
[INFO] [stdout] error[E0554]: `#![feature]` may not be used on the stable release channel
[INFO] [stdout]  --> /opt/rustwide/cargo-home/registry/src/github.com-1ecc6299db9ec823/state-0.3.3/src/lib.rs:4:1
[INFO] [stdout]   |
[INFO] [stdout] 4 | #![feature(const_atomic_bool_new)]
[INFO] [stdout]   | ^^^^^^^^^^^^^^^^^^^^^^^^^^^^^^^^^^
[INFO] [stdout] 
[INFO] [stdout] 
[INFO] [stdout] error: aborting due to 5 previous errors
[INFO] [stdout] 
[INFO] [stdout] 
[INFO] [stdout] Some errors have detailed explanations: E0554, E0557.
[INFO] [stdout] 
[INFO] [stdout] For more information about an error, try `rustc --explain E0554`.
[INFO] [stdout] 
[INFO] [stdout] error[E0713]: borrow may still be in use when destructor runs
[INFO] [stdout]    --> /opt/rustwide/cargo-home/registry/src/github.com-1ecc6299db9ec823/url-1.6.0/src/form_urlencoded.rs:261:40
[INFO] [stdout]     |
[INFO] [stdout] 259 | impl<'a> Target for ::UrlQuery<'a> {
[INFO] [stdout]     |      -- lifetime `'a` defined here
[INFO] [stdout] 260 |     fn as_mut_string(&mut self) -> &mut String { &mut self.url.serialization }
[INFO] [stdout] 261 |     fn finish(self) -> &'a mut ::Url { self.url }
[INFO] [stdout]     |                                        ^^^^^^^^ - here, drop of `self` needs exclusive access to `*self.url`, because the type `UrlQuery<'_>` implements the `Drop` trait
[INFO] [stdout]     |                                        |
[INFO] [stdout]     |                                        returning this value requires that `*self.url` is borrowed for `'a`
[INFO] [stdout] 
[INFO] [stdout] 
[INFO] [stdout] error: aborting due to previous error
[INFO] [stdout] 
[INFO] [stdout] 
[INFO] [stdout] For more information about this error, try `rustc --explain E0713`.
[INFO] [stdout] 
[INFO] [stderr] error: build failed
[INFO] running `Command { std: "docker" "inspect" "e5d33d30b6c448250defaf83a5f76332455e7bbe93f6afd768523e49a137e5b2", kill_on_drop: false }`
[INFO] running `Command { std: "docker" "rm" "-f" "e5d33d30b6c448250defaf83a5f76332455e7bbe93f6afd768523e49a137e5b2", kill_on_drop: false }`
[INFO] [stdout] e5d33d30b6c448250defaf83a5f76332455e7bbe93f6afd768523e49a137e5b2
