[INFO] cloning repository https://github.com/benluelo/smmo-bot
[INFO] running `Command { std: "git" "-c" "credential.helper=" "-c" "credential.helper=/workspace/cargo-home/bin/git-credential-null" "clone" "--bare" "https://github.com/benluelo/smmo-bot" "/workspace/cache/git-repos/https%3A%2F%2Fgithub.com%2Fbenluelo%2Fsmmo-bot", kill_on_drop: false }`
[INFO] [stderr] Cloning into bare repository '/workspace/cache/git-repos/https%3A%2F%2Fgithub.com%2Fbenluelo%2Fsmmo-bot'...
[INFO] running `Command { std: "git" "rev-parse" "HEAD", kill_on_drop: false }`
[INFO] [stdout] 790e827506acaae8487813e6679c7731c1d39cbb
[INFO] documenting benluelo/smmo-bot against beta-2021-08-01 for beta-1.55-rustdoc-1
[INFO] running `Command { std: "git" "clone" "/workspace/cache/git-repos/https%3A%2F%2Fgithub.com%2Fbenluelo%2Fsmmo-bot" "/workspace/builds/worker-15/source", kill_on_drop: false }`
[INFO] [stderr] Cloning into '/workspace/builds/worker-15/source'...
[INFO] [stderr] done.
[INFO] validating manifest of git repo https://github.com/benluelo/smmo-bot on toolchain beta-2021-08-01
[INFO] running `Command { std: "/workspace/cargo-home/bin/cargo" "+beta-2021-08-01" "metadata" "--manifest-path" "Cargo.toml" "--no-deps", kill_on_drop: false }`
[INFO] started tweaking git repo https://github.com/benluelo/smmo-bot
[INFO] finished tweaking git repo https://github.com/benluelo/smmo-bot
[INFO] tweaked toml for git repo https://github.com/benluelo/smmo-bot written to /workspace/builds/worker-15/source/Cargo.toml
[INFO] crate git repo https://github.com/benluelo/smmo-bot already has a lockfile, it will not be regenerated
[INFO] running `Command { std: "/workspace/cargo-home/bin/cargo" "+beta-2021-08-01" "fetch" "--manifest-path" "Cargo.toml", kill_on_drop: false }`
[INFO] [stderr]     Blocking waiting for file lock on package cache
[INFO] running `Command { std: "docker" "create" "-v" "/var/lib/crater-agent-workspace/builds/worker-15/target:/opt/rustwide/target:rw,Z" "-v" "/var/lib/crater-agent-workspace/builds/worker-15/source:/opt/rustwide/workdir:ro,Z" "-v" "/var/lib/crater-agent-workspace/cargo-home:/opt/rustwide/cargo-home:ro,Z" "-v" "/var/lib/crater-agent-workspace/rustup-home:/opt/rustwide/rustup-home:ro,Z" "-e" "SOURCE_DIR=/opt/rustwide/workdir" "-e" "CARGO_TARGET_DIR=/opt/rustwide/target" "-e" "CARGO_HOME=/opt/rustwide/cargo-home" "-e" "RUSTUP_HOME=/opt/rustwide/rustup-home" "-w" "/opt/rustwide/workdir" "-m" "1610612736" "--user" "0:0" "--network" "none" "ghcr.io/rust-lang/crates-build-env/linux@sha256:34b6a614d2c27851fe6cbf88fbd1137609cefab8b10d0615aaeb6fd47975d74e" "/opt/rustwide/cargo-home/bin/cargo" "+beta-2021-08-01" "metadata" "--no-deps" "--format-version=1", kill_on_drop: false }`
[INFO] [stdout] eebe489706337b72162c2ce6af15a2e034e31f4a2bff09519b3430705d83c115
[INFO] running `Command { std: "docker" "start" "-a" "eebe489706337b72162c2ce6af15a2e034e31f4a2bff09519b3430705d83c115", kill_on_drop: false }`
[INFO] running `Command { std: "docker" "inspect" "eebe489706337b72162c2ce6af15a2e034e31f4a2bff09519b3430705d83c115", kill_on_drop: false }`
[INFO] running `Command { std: "docker" "rm" "-f" "eebe489706337b72162c2ce6af15a2e034e31f4a2bff09519b3430705d83c115", kill_on_drop: false }`
[INFO] [stdout] eebe489706337b72162c2ce6af15a2e034e31f4a2bff09519b3430705d83c115
[INFO] running `Command { std: "docker" "create" "-v" "/var/lib/crater-agent-workspace/builds/worker-15/target:/opt/rustwide/target:rw,Z" "-v" "/var/lib/crater-agent-workspace/builds/worker-15/source:/opt/rustwide/workdir:ro,Z" "-v" "/var/lib/crater-agent-workspace/cargo-home:/opt/rustwide/cargo-home:ro,Z" "-v" "/var/lib/crater-agent-workspace/rustup-home:/opt/rustwide/rustup-home:ro,Z" "-e" "SOURCE_DIR=/opt/rustwide/workdir" "-e" "CARGO_TARGET_DIR=/opt/rustwide/target" "-e" "CARGO_INCREMENTAL=0" "-e" "RUST_BACKTRACE=full" "-e" "RUSTDOCFLAGS=--cap-lints=warn" "-e" "CARGO_HOME=/opt/rustwide/cargo-home" "-e" "RUSTUP_HOME=/opt/rustwide/rustup-home" "-w" "/opt/rustwide/workdir" "-m" "1610612736" "--user" "0:0" "--network" "none" "ghcr.io/rust-lang/crates-build-env/linux@sha256:34b6a614d2c27851fe6cbf88fbd1137609cefab8b10d0615aaeb6fd47975d74e" "/opt/rustwide/cargo-home/bin/cargo" "+beta-2021-08-01" "doc" "--frozen" "--no-deps" "--document-private-items" "--message-format=json", kill_on_drop: false }`
[INFO] [stdout] 713273c676e1fa7b4349de398ae5474352ed924c18eb0aada9853991f8609492
[INFO] running `Command { std: "docker" "start" "-a" "713273c676e1fa7b4349de398ae5474352ed924c18eb0aada9853991f8609492", kill_on_drop: false }`
[INFO] [stderr]    Compiling syn v1.0.69
[INFO] [stderr]    Compiling serde v1.0.125
[INFO] [stderr]    Compiling log v0.4.14
[INFO] [stderr]    Compiling once_cell v1.7.2
[INFO] [stderr]    Compiling spin v0.5.2
[INFO] [stderr]    Compiling untrusted v0.7.1
[INFO] [stderr]    Compiling pin-project-lite v0.2.6
[INFO] [stderr]    Compiling httparse v1.3.6
[INFO] [stderr]    Compiling futures-core v0.3.13
[INFO] [stderr]    Compiling whoami v1.1.2
[INFO] [stderr]    Compiling futures-sink v0.3.13
[INFO] [stderr]    Compiling openssl v0.10.33
[INFO] [stderr]    Compiling pin-utils v0.1.0
[INFO] [stderr]    Compiling base64 v0.13.0
[INFO] [stderr]    Compiling wyz v0.2.0
[INFO] [stderr]    Compiling funty v1.1.0
[INFO] [stderr]    Compiling opaque-debug v0.3.0
[INFO] [stderr]    Compiling futures-task v0.3.13
[INFO] [stderr]    Compiling futures-io v0.3.13
[INFO] [stderr]    Compiling slab v0.4.2
[INFO] [stderr]    Compiling arrayvec v0.5.2
[INFO] [stderr]    Compiling static_assertions v1.1.0
[INFO] [stderr]    Compiling tap v1.0.1
[INFO] [stderr]    Compiling cpuid-bool v0.1.2
[INFO] [stderr]    Compiling regex-syntax v0.6.23
[INFO] [stderr]    Compiling unicode_categories v0.1.1
[INFO] [stderr]    Compiling hex v0.4.3
[INFO] [stderr]     Checking utf-8 v0.7.5
[INFO] [stderr]     Checking maplit v1.0.2
[INFO] [stderr]    Compiling either v1.6.1
[INFO] [stderr]    Compiling serenity v0.10.5
[INFO] [stderr]    Compiling dotenv v0.15.0
[INFO] [stderr]     Checking arc-swap v0.4.8
[INFO] [stderr]     Checking log-mdc v0.1.0
[INFO] [stderr]     Checking typemap_rev v0.1.5
[INFO] [stderr]     Checking uwl v0.6.0
[INFO] [stderr]    Compiling tokio v1.4.0
[INFO] [stderr]    Compiling nom v6.1.2
[INFO] [stderr]    Compiling ahash v0.6.3
[INFO] [stderr]    Compiling openssl-sys v0.9.61
[INFO] [stderr]    Compiling tinyvec v1.2.0
[INFO] [stderr]    Compiling unicode-bidi v0.3.5
[INFO] [stderr]    Compiling form_urlencoded v1.0.1
[INFO] [stderr]     Checking input_buffer v0.3.1
[INFO] [stderr]     Checking unsafe-any v0.4.2
[INFO] [stderr]    Compiling libc v0.2.93
[INFO] [stderr]    Compiling typenum v1.13.0
[INFO] [stderr]    Compiling proc-macro-nested v0.1.7
[INFO] [stderr]    Compiling radium v0.5.3
[INFO] [stderr]     Checking hashlink v0.6.0
[INFO] [stderr]     Checking http-body v0.4.1
[INFO] [stderr]     Checking num_cpus v1.13.0
[INFO] [stderr]     Checking getrandom v0.1.16
[INFO] [stderr]     Checking socket2 v0.4.0
[INFO] [stderr]     Checking parking_lot_core v0.8.3
[INFO] [stderr]     Checking thread-id v3.3.0
[INFO] [stderr]    Compiling aho-corasick v0.7.15
[INFO] [stderr]     Checking ring v0.16.20
[INFO] [stderr]    Compiling futures-channel v0.3.13
[INFO] [stderr]    Compiling num-traits v0.2.14
[INFO] [stderr]    Compiling crossbeam-utils v0.8.3
[INFO] [stderr]     Checking indexmap v1.6.2
[INFO] [stderr]     Checking idna v0.2.2
[INFO] [stderr]     Checking stringprep v0.1.2
[INFO] [stderr]    Compiling crc v1.8.1
[INFO] [stderr]     Checking typemap v0.3.3
[INFO] [stderr]    Compiling const_format_proc_macros v0.2.14
[INFO] [stderr]     Checking bitvec v0.19.5
[INFO] [stderr]     Checking atoi v0.4.0
[INFO] [stderr]     Checking crossbeam-channel v0.5.0
[INFO] [stderr]     Checking crossbeam-queue v0.3.1
[INFO] [stderr]    Compiling mime_guess v2.0.3
[INFO] [stderr]     Checking flate2 v1.0.20
[INFO] [stderr]    Compiling lexical-core v0.7.5
[INFO] [stderr]     Checking md-5 v0.9.1
[INFO] [stderr]     Checking parking_lot v0.11.1
[INFO] [stderr]     Checking rand_core v0.5.1
[INFO] [stderr]    Compiling getrandom v0.2.2
[INFO] [stderr]    Compiling unicode-normalization v0.1.17
[INFO] [stderr]     Checking url v2.2.1
[INFO] [stderr]     Checking rand_chacha v0.2.2
[INFO] [stderr]    Compiling generic-array v0.14.4
[INFO] [stderr]     Checking rand v0.7.3
[INFO] [stderr]    Compiling regex v1.4.5
[INFO] [stderr]    Compiling native-tls v0.2.7
[INFO] [stderr]     Checking webpki v0.21.4
[INFO] [stderr]     Checking sct v0.6.0
[INFO] [stderr]    Compiling digest v0.9.0
[INFO] [stderr]    Compiling block-buffer v0.9.0
[INFO] [stderr]    Compiling crypto-mac v0.10.0
[INFO] [stderr]     Checking const_format v0.2.14
[INFO] [stderr]    Compiling hmac v0.10.1
[INFO] [stderr]    Compiling sha-1 v0.9.4
[INFO] [stderr]    Compiling sha2 v0.9.3
[INFO] [stderr]     Checking webpki-roots v0.21.1
[INFO] [stderr]     Checking webpki-roots v0.20.0
[INFO] [stderr]     Checking sqlformat v0.1.6
[INFO] [stderr]    Compiling serde_derive v1.0.125
[INFO] [stderr]    Compiling tokio-macros v1.1.0
[INFO] [stderr]    Compiling futures-macro v0.3.13
[INFO] [stderr]    Compiling pin-project-internal v1.0.6
[INFO] [stderr]    Compiling tracing-attributes v0.1.15
[INFO] [stderr]    Compiling thiserror-impl v1.0.24
[INFO] [stderr]    Compiling async-trait v0.1.48
[INFO] [stderr]    Compiling derivative v2.2.0
[INFO] [stderr]    Compiling command_attr v0.3.5
[INFO] [stderr]     Checking futures-util v0.3.13
[INFO] [stderr]     Checking thiserror v1.0.24
[INFO] [stderr]     Checking pin-project v1.0.6
[INFO] [stderr]     Checking futures-executor v0.3.13
[INFO] [stderr]     Checking futures v0.3.13
[INFO] [stderr]     Checking serde_json v1.0.64
[INFO] [stderr]     Checking chrono v0.4.19
[INFO] [stderr]     Checking serde_urlencoded v0.7.0
[INFO] [stderr]     Checking serde_yaml v0.8.17
[INFO] [stderr]     Checking serde-value v0.7.0
[INFO] [stderr]     Checking mio v0.7.11
[INFO] [stderr]     Checking rustls v0.19.0
[INFO] [stderr]     Checking tracing v0.1.25
[INFO] [stderr]     Checking want v0.3.0
[INFO] [stderr]     Checking tungstenite v0.11.1
[INFO] [stderr]     Checking env_logger v0.8.3
[INFO] [stderr]     Checking log4rs v1.0.0
[INFO] [stderr]     Checking tokio-rustls v0.22.0
[INFO] [stderr]     Checking tokio-util v0.6.5
[INFO] [stderr]     Checking tokio-native-tls v0.3.0
[INFO] [stderr]     Checking tokio-stream v0.1.5
[INFO] [stderr]     Checking sqlx-rt v0.3.0
[INFO] [stderr]     Checking async-tungstenite v0.11.0
[INFO] [stderr]     Checking sqlx-core v0.5.1
[INFO] [stderr]     Checking h2 v0.3.2
[INFO] [stderr]     Checking hyper v0.14.5
[INFO] [stderr]    Compiling sqlx-macros v0.5.1
[INFO] [stderr]     Checking hyper-rustls v0.22.1
[INFO] [stderr]     Checking hyper-tls v0.5.0
[INFO] [stderr]     Checking reqwest v0.11.2
[INFO] [stderr]     Checking sqlx v0.5.1
[INFO] [stderr]  Documenting smmo-bot v0.1.0 (/opt/rustwide/workdir)
[INFO] [stdout] error: `DATABASE_URL` must be set to use query macros
[INFO] [stdout]   --> src/general/me.rs:18:27
[INFO] [stdout]    |
[INFO] [stdout] 18 |       if let Some(player) = query_as!(
[INFO] [stdout]    |  ___________________________^
[INFO] [stdout] 19 | |         Player,
[INFO] [stdout] 20 | |         "SELECT * from player where discord_id = $1",
[INFO] [stdout] 21 | |         &*msg.author.id.to_string()
[INFO] [stdout] 22 | |     )
[INFO] [stdout]    | |_____^
[INFO] [stdout]    |
[INFO] [stdout]    = note: this error originates in the macro `$crate::sqlx_macros::expand_query` (in Nightly builds, run with -Z macro-backtrace for more info)
[INFO] [stdout] 
[INFO] [stdout] 
[INFO] [stdout] error[E0437]: type `Ok` is not a member of trait `Try`
[INFO] [stdout]    --> src/main.rs:264:5
[INFO] [stdout]     |
[INFO] [stdout] 264 |     type Ok = T;
[INFO] [stdout]     |     ^^^^^^^^^^^^ not a member of trait `Try`
[INFO] [stdout] 
[INFO] [stdout] 
[INFO] [stdout] error[E0437]: type `Error` is not a member of trait `Try`
[INFO] [stdout]    --> src/main.rs:266:5
[INFO] [stdout]     |
[INFO] [stdout] 266 |     type Error = SmmoError<T>;
[INFO] [stdout]     |     ^^^^^^^^^^^^^^^^^^^^^^^^^^ not a member of trait `Try`
[INFO] [stdout] 
[INFO] [stdout] 
[INFO] [stdout] error[E0407]: method `into_result` is not a member of trait `Try`
[INFO] [stdout]    --> src/main.rs:268:5
[INFO] [stdout]     |
[INFO] [stdout] 268 | /     fn into_result(self) -> Result<<SmmoResult<T> as Try>::Ok, Self::Error> {
[INFO] [stdout] 269 | |         match self {
[INFO] [stdout] 270 | |             SmmoResult::Ok(ok) => Ok(ok),
[INFO] [stdout] 271 | |             SmmoResult::Err(err) => Err(err),
[INFO] [stdout] 272 | |         }
[INFO] [stdout] 273 | |     }
[INFO] [stdout]     | |_____^ not a member of trait `Try`
[INFO] [stdout] 
[INFO] [stdout] 
[INFO] [stdout] error[E0407]: method `from_error` is not a member of trait `Try`
[INFO] [stdout]    --> src/main.rs:275:5
[INFO] [stdout]     |
[INFO] [stdout] 275 | /     fn from_error(v: Self::Error) -> Self {
[INFO] [stdout] 276 | |         SmmoResult::Err(v)
[INFO] [stdout] 277 | |     }
[INFO] [stdout]     | |_____^ not a member of trait `Try`
[INFO] [stdout] 
[INFO] [stdout] 
[INFO] [stdout] error[E0407]: method `from_ok` is not a member of trait `Try`
[INFO] [stdout]    --> src/main.rs:279:5
[INFO] [stdout]     |
[INFO] [stdout] 279 | /     fn from_ok(v: <SmmoResult<T> as Try>::Ok) -> Self {
[INFO] [stdout] 280 | |         SmmoResult::Ok(v)
[INFO] [stdout] 281 | |     }
[INFO] [stdout]     | |_____^ not a member of trait `Try`
[INFO] [stdout] 
[INFO] [stdout] 
[INFO] [stdout] error[E0576]: cannot find associated type `Ok` in trait `Try`
[INFO] [stdout]    --> src/main.rs:268:60
[INFO] [stdout]     |
[INFO] [stdout] 268 |     fn into_result(self) -> Result<<SmmoResult<T> as Try>::Ok, Self::Error> {
[INFO] [stdout]     |                                                            ^^ not found in `Try`
[INFO] [stdout] 
[INFO] [stdout] 
[INFO] [stdout] error[E0576]: cannot find associated type `Ok` in trait `Try`
[INFO] [stdout]    --> src/main.rs:279:43
[INFO] [stdout]     |
[INFO] [stdout] 279 |     fn from_ok(v: <SmmoResult<T> as Try>::Ok) -> Self {
[INFO] [stdout]     |                                           ^^ not found in `Try`
[INFO] [stdout] 
[INFO] [stdout] 
[INFO] [stdout] error[E0554]: `#![feature]` may not be used on the beta release channel
[INFO] [stdout]  --> src/main.rs:1:1
[INFO] [stdout]   |
[INFO] [stdout] 1 | #![feature(try_trait)]
[INFO] [stdout]   | ^^^^^^^^^^^^^^^^^^^^^^
[INFO] [stdout] 
[INFO] [stdout] 
[INFO] [stdout] error: Compilation failed, aborting rustdoc
[INFO] [stdout] 
[INFO] [stdout] 
[INFO] [stdout] error: aborting due to 10 previous errors
[INFO] [stdout] 
[INFO] [stdout] 
[INFO] [stdout] Some errors have detailed explanations: E0407, E0437, E0554, E0576.
[INFO] [stdout] 
[INFO] [stdout] For more information about an error, try `rustc --explain E0407`.
[INFO] [stdout] 
[INFO] [stderr] error: could not document `smmo-bot`
[INFO] [stderr] 
[INFO] [stderr] Caused by:
[INFO] [stderr]   process didn't exit successfully: `rustdoc --edition=2018 --crate-type bin --crate-name smmo_bot src/main.rs -o /opt/rustwide/target/doc --error-format=json --json=diagnostic-rendered-ansi --document-private-items -L dependency=/opt/rustwide/target/debug/deps --extern chrono=/opt/rustwide/target/debug/deps/libchrono-8d0f6899f1f957a8.rmeta --extern const_format=/opt/rustwide/target/debug/deps/libconst_format-4bddf9967105b5d2.rmeta --extern dotenv=/opt/rustwide/target/debug/deps/libdotenv-9165642b04647e23.rmeta --extern env_logger=/opt/rustwide/target/debug/deps/libenv_logger-5ee3fe672cf5d584.rmeta --extern log=/opt/rustwide/target/debug/deps/liblog-034791782032c8b7.rmeta --extern log4rs=/opt/rustwide/target/debug/deps/liblog4rs-f95980cb8ed20cf0.rmeta --extern reqwest=/opt/rustwide/target/debug/deps/libreqwest-a033882033613986.rmeta --extern serde=/opt/rustwide/target/debug/deps/libserde-5154afb98ca617d4.rmeta --extern serde_json=/opt/rustwide/target/debug/deps/libserde_json-2e08e05ea427e649.rmeta --extern serenity=/opt/rustwide/target/debug/deps/libserenity-8bf9368b031d6e42.rmeta --extern sqlx=/opt/rustwide/target/debug/deps/libsqlx-40b650d2007ef761.rmeta --extern tokio=/opt/rustwide/target/debug/deps/libtokio-108958da97f83265.rmeta --cap-lints=warn --crate-version 0.1.0` (exit status: 1)
[INFO] running `Command { std: "docker" "inspect" "713273c676e1fa7b4349de398ae5474352ed924c18eb0aada9853991f8609492", kill_on_drop: false }`
[INFO] running `Command { std: "docker" "rm" "-f" "713273c676e1fa7b4349de398ae5474352ed924c18eb0aada9853991f8609492", kill_on_drop: false }`
[INFO] [stdout] 713273c676e1fa7b4349de398ae5474352ed924c18eb0aada9853991f8609492
