[INFO] cloning repository https://github.com/beanbean97/simple_quic
[INFO] running `Command { std: "git" "-c" "credential.helper=" "-c" "credential.helper=/workspace/cargo-home/bin/git-credential-null" "clone" "--bare" "https://github.com/beanbean97/simple_quic" "/workspace/cache/git-repos/https%3A%2F%2Fgithub.com%2Fbeanbean97%2Fsimple_quic", kill_on_drop: false }`
[INFO] [stderr] Cloning into bare repository '/workspace/cache/git-repos/https%3A%2F%2Fgithub.com%2Fbeanbean97%2Fsimple_quic'...
[INFO] running `Command { std: "git" "rev-parse" "HEAD", kill_on_drop: false }`
[INFO] [stdout] 10f081a49ca2a56b4f26127dc7f83e315e2e81ce
[INFO] documenting beanbean97/simple_quic against beta-2021-08-01 for beta-1.55-rustdoc-1
[INFO] running `Command { std: "git" "clone" "/workspace/cache/git-repos/https%3A%2F%2Fgithub.com%2Fbeanbean97%2Fsimple_quic" "/workspace/builds/worker-14/source", kill_on_drop: false }`
[INFO] [stderr] Cloning into '/workspace/builds/worker-14/source'...
[INFO] [stderr] done.
[INFO] validating manifest of git repo https://github.com/beanbean97/simple_quic on toolchain beta-2021-08-01
[INFO] running `Command { std: "/workspace/cargo-home/bin/cargo" "+beta-2021-08-01" "metadata" "--manifest-path" "Cargo.toml" "--no-deps", kill_on_drop: false }`
[INFO] started tweaking git repo https://github.com/beanbean97/simple_quic
[INFO] finished tweaking git repo https://github.com/beanbean97/simple_quic
[INFO] tweaked toml for git repo https://github.com/beanbean97/simple_quic written to /workspace/builds/worker-14/source/Cargo.toml
[INFO] crate git repo https://github.com/beanbean97/simple_quic already has a lockfile, it will not be regenerated
[INFO] running `Command { std: "/workspace/cargo-home/bin/cargo" "+beta-2021-08-01" "fetch" "--manifest-path" "Cargo.toml", kill_on_drop: false }`
[INFO] [stderr]     Blocking waiting for file lock on package cache
[INFO] [stderr]  Downloading crates ...
[INFO] [stderr]   Downloaded bimap v0.5.2
[INFO] [stderr]   Downloaded mio v0.7.2
[INFO] running `Command { std: "docker" "create" "-v" "/var/lib/crater-agent-workspace/builds/worker-14/target:/opt/rustwide/target:rw,Z" "-v" "/var/lib/crater-agent-workspace/builds/worker-14/source:/opt/rustwide/workdir:ro,Z" "-v" "/var/lib/crater-agent-workspace/cargo-home:/opt/rustwide/cargo-home:ro,Z" "-v" "/var/lib/crater-agent-workspace/rustup-home:/opt/rustwide/rustup-home:ro,Z" "-e" "SOURCE_DIR=/opt/rustwide/workdir" "-e" "CARGO_TARGET_DIR=/opt/rustwide/target" "-e" "CARGO_HOME=/opt/rustwide/cargo-home" "-e" "RUSTUP_HOME=/opt/rustwide/rustup-home" "-w" "/opt/rustwide/workdir" "-m" "1610612736" "--user" "0:0" "--network" "none" "ghcr.io/rust-lang/crates-build-env/linux@sha256:34b6a614d2c27851fe6cbf88fbd1137609cefab8b10d0615aaeb6fd47975d74e" "/opt/rustwide/cargo-home/bin/cargo" "+beta-2021-08-01" "metadata" "--no-deps" "--format-version=1", kill_on_drop: false }`
[INFO] [stdout] bf2cff427ad5dc61ad62ca58e1cc3bcc765c433fc7cc7a055bb0908ebaaf633e
[INFO] running `Command { std: "docker" "start" "-a" "bf2cff427ad5dc61ad62ca58e1cc3bcc765c433fc7cc7a055bb0908ebaaf633e", kill_on_drop: false }`
[INFO] running `Command { std: "docker" "inspect" "bf2cff427ad5dc61ad62ca58e1cc3bcc765c433fc7cc7a055bb0908ebaaf633e", kill_on_drop: false }`
[INFO] running `Command { std: "docker" "rm" "-f" "bf2cff427ad5dc61ad62ca58e1cc3bcc765c433fc7cc7a055bb0908ebaaf633e", kill_on_drop: false }`
[INFO] [stdout] bf2cff427ad5dc61ad62ca58e1cc3bcc765c433fc7cc7a055bb0908ebaaf633e
[INFO] running `Command { std: "docker" "create" "-v" "/var/lib/crater-agent-workspace/builds/worker-14/target:/opt/rustwide/target:rw,Z" "-v" "/var/lib/crater-agent-workspace/builds/worker-14/source:/opt/rustwide/workdir:ro,Z" "-v" "/var/lib/crater-agent-workspace/cargo-home:/opt/rustwide/cargo-home:ro,Z" "-v" "/var/lib/crater-agent-workspace/rustup-home:/opt/rustwide/rustup-home:ro,Z" "-e" "SOURCE_DIR=/opt/rustwide/workdir" "-e" "CARGO_TARGET_DIR=/opt/rustwide/target" "-e" "CARGO_INCREMENTAL=0" "-e" "RUST_BACKTRACE=full" "-e" "RUSTDOCFLAGS=--cap-lints=warn" "-e" "CARGO_HOME=/opt/rustwide/cargo-home" "-e" "RUSTUP_HOME=/opt/rustwide/rustup-home" "-w" "/opt/rustwide/workdir" "-m" "1610612736" "--user" "0:0" "--network" "none" "ghcr.io/rust-lang/crates-build-env/linux@sha256:34b6a614d2c27851fe6cbf88fbd1137609cefab8b10d0615aaeb6fd47975d74e" "/opt/rustwide/cargo-home/bin/cargo" "+beta-2021-08-01" "doc" "--frozen" "--no-deps" "--document-private-items" "--message-format=json", kill_on_drop: false }`
[INFO] [stdout] 02843cd1521be829095311692cd0e20d01afd13cd683ea8c6a6f5a6743b0cfef
[INFO] running `Command { std: "docker" "start" "-a" "02843cd1521be829095311692cd0e20d01afd13cd683ea8c6a6f5a6743b0cfef", kill_on_drop: false }`
[INFO] [stderr]    Compiling syn v1.0.42
[INFO] [stderr]     Checking futures-io v0.3.6
[INFO] [stderr]    Compiling log v0.4.11
[INFO] [stderr]     Checking waker-fn v1.1.0
[INFO] [stderr]    Compiling pin-project-internal v0.4.26
[INFO] [stderr]     Checking fastrand v1.4.0
[INFO] [stderr]    Compiling rustversion v1.0.3
[INFO] [stderr]     Checking async-task v4.0.2
[INFO] [stderr]     Checking futures-sink v0.3.6
[INFO] [stderr]     Checking event-listener v2.5.1
[INFO] [stderr]     Checking vec-arena v1.0.0
[INFO] [stderr]     Checking bimap v0.5.2
[INFO] [stderr]    Compiling proc-macro-error-attr v1.0.4
[INFO] [stderr]    Compiling proc-macro-error v1.0.4
[INFO] [stderr]     Checking futures-task v0.3.6
[INFO] [stderr]     Checking nb-connect v1.0.2
[INFO] [stderr]     Checking futures-channel v0.3.6
[INFO] [stderr]     Checking futures-lite v1.10.1
[INFO] [stderr]     Checking async-channel v1.4.2
[INFO] [stderr]     Checking async-mutex v1.4.0
[INFO] [stderr]     Checking polling v2.0.0
[INFO] [stderr]     Checking kv-log-macro v1.0.7
[INFO] [stderr]     Checking mio v0.7.2
[INFO] [stderr]     Checking async-io v1.1.9
[INFO] [stderr]     Checking async-executor v1.3.0
[INFO] [stderr]     Checking blocking v1.0.1
[INFO] [stderr]     Checking async-global-executor v1.3.0
[INFO] [stderr]    Compiling synstructure v0.12.4
[INFO] [stderr]    Compiling futures-macro v0.3.6
[INFO] [stderr]    Compiling async-attributes v1.1.1
[INFO] [stderr]    Compiling tracing-attributes v0.1.11
[INFO] [stderr]    Compiling async-trait v0.1.41
[INFO] [stderr]    Compiling err-derive v0.2.4
[INFO] [stderr]     Checking async-std v1.6.5
[INFO] [stderr]     Checking tracing v0.1.21
[INFO] [stderr]     Checking pin-project v0.4.26
[INFO] [stderr]     Checking futures-util v0.3.6
[INFO] [stderr]     Checking futures-executor v0.3.6
[INFO] [stderr]     Checking futures v0.3.6
[INFO] [stderr]  Documenting simple_quic v0.1.0 (/opt/rustwide/workdir)
[INFO] [stdout] error[E0753]: expected outer doc comment
[INFO] [stdout]    --> src/connect.rs:140:39
[INFO] [stdout]     |
[INFO] [stdout] 140 |         self.detect_lost_packets(now);//!IMPO
[INFO] [stdout]     |                                       ^^^^^^^
[INFO] [stdout]     |
[INFO] [stdout]     = note: inner doc comments like this (starting with `//!` or `/*!`) can only appear before items
[INFO] [stdout] 
[INFO] [stdout] 
[INFO] [stdout] error[E0753]: expected outer doc comment
[INFO] [stdout]    --> src/connect.rs:144:41
[INFO] [stdout]     |
[INFO] [stdout] 144 |         self.set_loss_detection_timer();//!IMPO
[INFO] [stdout]     |                                         ^^^^^^^
[INFO] [stdout]     |
[INFO] [stdout]     = note: inner doc comments like this (starting with `//!` or `/*!`) can only appear before items
[INFO] [stdout] 
[INFO] [stdout] 
[INFO] [stdout] error: unexpected token: `.`
[INFO] [stdout]    --> src/connect.rs:260:21
[INFO] [stdout]     |
[INFO] [stdout] 260 |                     .sent_packets
[INFO] [stdout]     |                     ^
[INFO] [stdout] 
[INFO] [stdout] 
[INFO] [stdout] error: expected `;`, found keyword `let`
[INFO] [stdout]    --> src/connect.rs:290:14
[INFO] [stdout]     |
[INFO] [stdout] 290 |             }
[INFO] [stdout]     |              ^ help: add `;` here
[INFO] [stdout] 291 |             let timeout = pto * 2u32.pow(cmp::min(self.pto_count, MAX_BACKOFF_EXPONENT));
[INFO] [stdout]     |             --- unexpected token
[INFO] [stdout] 
[INFO] [stdout] 
[INFO] [stdout] error[E0753]: expected outer doc comment
[INFO] [stdout]    --> src/connect.rs:352:45
[INFO] [stdout]     |
[INFO] [stdout] 352 |         let mut coalesce = spaces.len() > 1;//!do not need we only have one spaces
[INFO] [stdout]     |                                             ^^^^^^^^^^^^^^^^^^^^^^^^^^^^^^^^^^^^^^
[INFO] [stdout]     |
[INFO] [stdout]     = note: inner doc comments like this (starting with `//!` or `/*!`) can only appear before items
[INFO] [stdout] 
[INFO] [stdout] 
[INFO] [stdout] error[E0753]: expected outer doc comment
[INFO] [stdout]    --> src/connect.rs:371:35
[INFO] [stdout]     |
[INFO] [stdout] 371 |         let pn_len = number.len();//!always 16
[INFO] [stdout]     |                                   ^^^^^^^^^^^^
[INFO] [stdout]     |
[INFO] [stdout]     = note: inner doc comments like this (starting with `//!` or `/*!`) can only appear before items
[INFO] [stdout] 
[INFO] [stdout] 
[INFO] [stdout] error[E0658]: attributes on expressions are experimental
[INFO] [stdout]    --> src/connect.rs:140:39
[INFO] [stdout]     |
[INFO] [stdout] 140 |         self.detect_lost_packets(now);//!IMPO
[INFO] [stdout]     |                                       ^^^^^^^
[INFO] [stdout]     |
[INFO] [stdout]     = note: see issue #15701 <https://github.com/rust-lang/rust/issues/15701> for more information
[INFO] [stdout]     = help: `///` is for documentation comments. For a plain comment, use `//`.
[INFO] [stdout] 
[INFO] [stdout] 
[INFO] [stdout] error[E0583]: file not found for module `space`
[INFO] [stdout]  --> src/lib.rs:7:1
[INFO] [stdout]   |
[INFO] [stdout] 7 | mod space;
[INFO] [stdout]   | ^^^^^^^^^^
[INFO] [stdout]   |
[INFO] [stdout]   = help: to create the module `space`, create file "src/space.rs" or "src/space/mod.rs"
[INFO] [stdout] 
[INFO] [stdout] 
[INFO] [stdout] error: missing `in` in `for` loop
[INFO] [stdout]    --> src/streams.rs:480:27
[INFO] [stdout]     |
[INFO] [stdout] 480 |       for old_next .. self.next_remote{
[INFO] [stdout]     |                           ^ help: try adding `in` here
[INFO] [stdout] 
[INFO] [stdout] 
[INFO] [stdout] error: expected expression, found `.`
[INFO] [stdout]    --> src/streams.rs:480:27
[INFO] [stdout]     |
[INFO] [stdout] 480 |       for old_next .. self.next_remote{
[INFO] [stdout]     |                           ^ expected expression
[INFO] [stdout] 
[INFO] [stdout] 
[INFO] [stdout] error[E0753]: expected outer doc comment
[INFO] [stdout]    --> src/streams.rs:705:5
[INFO] [stdout]     |
[INFO] [stdout] 705 |     //! 原实现好像直接开到max_remote 待查通知机制
[INFO] [stdout]     |     ^^^^^^^^^^^^^^^^^^^^^^^^^^^^^^^^^^^^^^^^^^^^^
[INFO] [stdout]     |
[INFO] [stdout]     = note: inner doc comments like this (starting with `//!` or `/*!`) can only appear before items
[INFO] [stdout] 
[INFO] [stdout] 
[INFO] [stdout] error[E0432]: unresolved imports `super::space::PacketSpace`, `super::space::Retransmits`, `super::space::SentPacket`, `super::share`, `super::timer`
[INFO] [stdout]   --> src/connect.rs:10:13
[INFO] [stdout]    |
[INFO] [stdout] 10 | use super::{share::TransportConfig,timer::{Timer, TimerTable},space::{PacketSpace, Retransmits, SentPacket}};
[INFO] [stdout]    |             ^^^^^                  ^^^^^                              ^^^^^^^^^^^  ^^^^^^^^^^^  ^^^^^^^^^^ no `SentPacket` in `space`
[INFO] [stdout]    |             |                      |                                  |            |
[INFO] [stdout]    |             |                      |                                  |            no `Retransmits` in `space`
[INFO] [stdout]    |             |                      |                                  no `PacketSpace` in `space`
[INFO] [stdout]    |             |                      could not find `timer` in the crate root
[INFO] [stdout]    |             could not find `share` in the crate root
[INFO] [stdout] 
[INFO] [stdout] 
[INFO] [stdout] error: cannot find macro `trace` in this scope
[INFO] [stdout]    --> src/connect.rs:160:13
[INFO] [stdout]     |
[INFO] [stdout] 160 |             trace!(timer = ?timer, "timeout");
[INFO] [stdout]     |             ^^^^^
[INFO] [stdout]     |
[INFO] [stdout]     = note: consider importing one of these items:
[INFO] [stdout]             crate::streams::trace
[INFO] [stdout]             log::trace
[INFO] [stdout]             tracing::trace
[INFO] [stdout] 
[INFO] [stdout] 
[INFO] [stdout] error: cannot find macro `trace` in this scope
[INFO] [stdout]    --> src/connect.rs:190:9
[INFO] [stdout]     |
[INFO] [stdout] 190 |         trace!(
[INFO] [stdout]     |         ^^^^^
[INFO] [stdout]     |
[INFO] [stdout]     = note: consider importing one of these items:
[INFO] [stdout]             crate::streams::trace
[INFO] [stdout]             log::trace
[INFO] [stdout]             tracing::trace
[INFO] [stdout] 
[INFO] [stdout] 
[INFO] [stdout] error: cannot find macro `trace` in this scope
[INFO] [stdout]    --> src/connect.rs:257:13
[INFO] [stdout]     |
[INFO] [stdout] 257 |             trace!("packets lost: {:?}", lost_packets);
[INFO] [stdout]     |             ^^^^^
[INFO] [stdout]     |
[INFO] [stdout]     = note: consider importing one of these items:
[INFO] [stdout]             crate::streams::trace
[INFO] [stdout]             log::trace
[INFO] [stdout]             tracing::trace
[INFO] [stdout] 
[INFO] [stdout] 
[INFO] [stdout] error: cannot find macro `trace` in this scope
[INFO] [stdout]    --> src/connect.rs:400:9
[INFO] [stdout]     |
[INFO] [stdout] 400 |         trace!("sending {} byte datagram", buf.len());
[INFO] [stdout]     |         ^^^^^
[INFO] [stdout]     |
[INFO] [stdout]     = note: consider importing one of these items:
[INFO] [stdout]             crate::streams::trace
[INFO] [stdout]             log::trace
[INFO] [stdout]             tracing::trace
[INFO] [stdout] 
[INFO] [stdout] 
[INFO] [stdout] error: cannot find macro `trace` in this scope
[INFO] [stdout]    --> src/connect.rs:407:13
[INFO] [stdout]     |
[INFO] [stdout] 407 |             trace!("PING");
[INFO] [stdout]     |             ^^^^^
[INFO] [stdout]     |
[INFO] [stdout]     = note: consider importing one of these items:
[INFO] [stdout]             crate::streams::trace
[INFO] [stdout]             log::trace
[INFO] [stdout]             tracing::trace
[INFO] [stdout] 
[INFO] [stdout] 
[INFO] [stdout] error: cannot find macro `trace` in this scope
[INFO] [stdout]    --> src/connect.rs:412:13
[INFO] [stdout]     |
[INFO] [stdout] 412 |             trace!("ACK");
[INFO] [stdout]     |             ^^^^^
[INFO] [stdout]     |
[INFO] [stdout]     = note: consider importing one of these items:
[INFO] [stdout]             crate::streams::trace
[INFO] [stdout]             log::trace
[INFO] [stdout]             tracing::trace
[INFO] [stdout] 
[INFO] [stdout] 
[INFO] [stdout] error: cannot find macro `trace` in this scope
[INFO] [stdout]    --> src/connect.rs:429:13
[INFO] [stdout]     |
[INFO] [stdout] 429 |             trace!(stream = %id, "RESET_STREAM");
[INFO] [stdout]     |             ^^^^^
[INFO] [stdout]     |
[INFO] [stdout]     = note: consider importing one of these items:
[INFO] [stdout]             crate::streams::trace
[INFO] [stdout]             log::trace
[INFO] [stdout]             tracing::trace
[INFO] [stdout] 
[INFO] [stdout] 
[INFO] [stdout] error: cannot find macro `trace` in this scope
[INFO] [stdout]    --> src/connect.rs:452:13
[INFO] [stdout]     |
[INFO] [stdout] 452 |             trace!(stream = %frame.id, "STOP_SENDING");
[INFO] [stdout]     |             ^^^^^
[INFO] [stdout]     |
[INFO] [stdout]     = note: consider importing one of these items:
[INFO] [stdout]             crate::streams::trace
[INFO] [stdout]             log::trace
[INFO] [stdout]             tracing::trace
[INFO] [stdout] 
[INFO] [stdout] 
[INFO] [stdout] error: cannot find macro `trace` in this scope
[INFO] [stdout]    --> src/connect.rs:459:13
[INFO] [stdout]     |
[INFO] [stdout] 459 |             trace!(value = self.local_max_data, "MAX_DATA");
[INFO] [stdout]     |             ^^^^^
[INFO] [stdout]     |
[INFO] [stdout]     = note: consider importing one of these items:
[INFO] [stdout]             crate::streams::trace
[INFO] [stdout]             log::trace
[INFO] [stdout]             tracing::trace
[INFO] [stdout] 
[INFO] [stdout] 
[INFO] [stdout] error: cannot find macro `trace` in this scope
[INFO] [stdout]    --> src/connect.rs:482:13
[INFO] [stdout]     |
[INFO] [stdout] 482 |             trace!(stream = %id, max = max, "MAX_STREAM_DATA");
[INFO] [stdout]     |             ^^^^^
[INFO] [stdout]     |
[INFO] [stdout]     = note: consider importing one of these items:
[INFO] [stdout]             crate::streams::trace
[INFO] [stdout]             log::trace
[INFO] [stdout]             tracing::trace
[INFO] [stdout] 
[INFO] [stdout] 
[INFO] [stdout] error: cannot find macro `trace` in this scope
[INFO] [stdout]    --> src/connect.rs:493:13
[INFO] [stdout]     |
[INFO] [stdout] 493 |             trace!(
[INFO] [stdout]     |             ^^^^^
[INFO] [stdout]     |
[INFO] [stdout]     = note: consider importing one of these items:
[INFO] [stdout]             crate::streams::trace
[INFO] [stdout]             log::trace
[INFO] [stdout]             tracing::trace
[INFO] [stdout] 
[INFO] [stdout] 
[INFO] [stdout] error: cannot find macro `trace` in this scope
[INFO] [stdout]    --> src/connect.rs:537:13
[INFO] [stdout]     |
[INFO] [stdout] 537 |             trace!(id = %stream.id, off = stream.offset, len, fin, "STREAM");
[INFO] [stdout]     |             ^^^^^
[INFO] [stdout]     |
[INFO] [stdout]     = note: consider importing one of these items:
[INFO] [stdout]             crate::streams::trace
[INFO] [stdout]             log::trace
[INFO] [stdout]             tracing::trace
[INFO] [stdout] 
[INFO] [stdout] 
[INFO] [stdout] error[E0433]: failed to resolve: use of undeclared crate or module `frame`
[INFO] [stdout]   --> src/connect.rs:85:14
[INFO] [stdout]    |
[INFO] [stdout] 85 |         ack: frame::Ack,
[INFO] [stdout]    |              ^^^^^ use of undeclared crate or module `frame`
[INFO] [stdout] 
[INFO] [stdout] 
[INFO] [stdout] error[E0412]: cannot find type `DatagramConfig` in this scope
[INFO] [stdout]   --> src/connect.rs:14:18
[INFO] [stdout]    |
[INFO] [stdout] 13 | pub struct Config{
[INFO] [stdout]    |                  - help: you might be missing a type parameter: `<DatagramConfig>`
[INFO] [stdout] 14 |     datagram:Arc<DatagramConfig>,
[INFO] [stdout]    |                  ^^^^^^^^^^^^^^ not found in this scope
[INFO] [stdout] 
[INFO] [stdout] 
[INFO] [stdout] error[E0412]: cannot find type `StreamConfig` in this scope
[INFO] [stdout]   --> src/connect.rs:15:16
[INFO] [stdout]    |
[INFO] [stdout] 13 | pub struct Config{
[INFO] [stdout]    |                  - help: you might be missing a type parameter: `<StreamConfig>`
[INFO] [stdout] 14 |     datagram:Arc<DatagramConfig>,
[INFO] [stdout] 15 |     stream:Arc<StreamConfig>,
[INFO] [stdout]    |                ^^^^^^^^^^^^ not found in this scope
[INFO] [stdout] 
[INFO] [stdout] 
[INFO] [stdout] error[E0412]: cannot find type `PackageSpace` in this scope
[INFO] [stdout]   --> src/connect.rs:23:10
[INFO] [stdout]    |
[INFO] [stdout] 23 |   space: PackageSpace,
[INFO] [stdout]    |          ^^^^^^^^^^^^ not found in this scope
[INFO] [stdout] 
[INFO] [stdout] 
[INFO] [stdout] error[E0412]: cannot find type `ClientStreams` in this scope
[INFO] [stdout]   --> src/connect.rs:24:12
[INFO] [stdout]    |
[INFO] [stdout] 24 |   streams: ClientStreams,
[INFO] [stdout]    |            ^^^^^^^^^^^^^ not found in this scope
[INFO] [stdout] 
[INFO] [stdout] 
[INFO] [stdout] error[E0412]: cannot find type `ClientDatagrams` in this scope
[INFO] [stdout]   --> src/connect.rs:25:14
[INFO] [stdout]    |
[INFO] [stdout] 25 |   datagrams: ClientDatagrams,
[INFO] [stdout]    |              ^^^^^^^^^^^^^^^ not found in this scope
[INFO] [stdout] 
[INFO] [stdout] 
[INFO] [stdout] error[E0412]: cannot find type `Dedup` in this scope
[INFO] [stdout]   --> src/connect.rs:29:10
[INFO] [stdout]    |
[INFO] [stdout] 29 |   dedup: Dedup,
[INFO] [stdout]    |          ^^^^^ not found in this scope
[INFO] [stdout] 
[INFO] [stdout] 
[INFO] [stdout] error[E0412]: cannot find type `TransportError` in this scope
[INFO] [stdout]   --> src/connect.rs:86:21
[INFO] [stdout]    |
[INFO] [stdout] 86 |     ) -> Result<(), TransportError> {
[INFO] [stdout]    |                     ^^^^^^^^^^^^^^ not found in this scope
[INFO] [stdout]    |
[INFO] [stdout] help: consider importing this struct
[INFO] [stdout]    |
[INFO] [stdout] 1  | use crate::TransportError;
[INFO] [stdout]    |
[INFO] [stdout] 
[INFO] [stdout] 
[INFO] [stdout] error[E0412]: cannot find type `Packet` in this scope
[INFO] [stdout]    --> src/connect.rs:302:21
[INFO] [stdout]     |
[INFO] [stdout] 302 |         mut packet: Packet,
[INFO] [stdout]     |                     ^^^^^^ not found in this scope
[INFO] [stdout] 
[INFO] [stdout] 
[INFO] [stdout] error[E0412]: cannot find type `Package` in this scope
[INFO] [stdout]    --> src/connect.rs:341:57
[INFO] [stdout]     |
[INFO] [stdout] 47  | impl ClientConnection
[INFO] [stdout]     |     - help: you might be missing a type parameter: `<Package>`
[INFO] [stdout] ...
[INFO] [stdout] 341 |     fn poll_transmit(&mut self, now: Instant) -> Option<Package> {
[INFO] [stdout]     |                                                         ^^^^^^^ not found in this scope
[INFO] [stdout] 
[INFO] [stdout] 
[INFO] [stdout] error[E0412]: cannot find type `RangeSet` in this scope
[INFO] [stdout]    --> src/connect.rs:404:71
[INFO] [stdout]     |
[INFO] [stdout] 404 |     fn populate_packet(&mut self, buf: &mut Vec<u8>) -> (Retransmits, RangeSet) {
[INFO] [stdout]     |                                                                       ^^^^^^^^ not found in this scope
[INFO] [stdout]     |
[INFO] [stdout] help: consider importing this struct
[INFO] [stdout]     |
[INFO] [stdout] 1   | use crate::range_set::RangeSet;
[INFO] [stdout]     |
[INFO] [stdout] 
[INFO] [stdout] 
[INFO] [stdout] error[E0412]: cannot find type `RangeSet` in this scope
[INFO] [stdout]    --> src/connect.rs:559:11
[INFO] [stdout]     |
[INFO] [stdout] 559 |     acks: RangeSet,
[INFO] [stdout]     |           ^^^^^^^^ not found in this scope
[INFO] [stdout]     |
[INFO] [stdout] help: consider importing this struct
[INFO] [stdout]     |
[INFO] [stdout] 1   | use crate::range_set::RangeSet;
[INFO] [stdout]     |
[INFO] [stdout] 
[INFO] [stdout] 
[INFO] [stdout] error[E0573]: expected type, found derive macro `Error`
[INFO] [stdout]    --> src/streams.rs:473:51
[INFO] [stdout]     |
[INFO] [stdout] 473 |   fn id_new_opened(&mut self,id:u64)->Result<bool,Error>{
[INFO] [stdout]     |                                                   ^^^^^ not a type
[INFO] [stdout]     |
[INFO] [stdout] help: consider importing one of these items instead
[INFO] [stdout]     |
[INFO] [stdout] 1   | use async_std::io::Error;
[INFO] [stdout]     |
[INFO] [stdout] 1   | use core::fmt::Error;
[INFO] [stdout]     |
[INFO] [stdout] 1   | use crate::transport_error::Error;
[INFO] [stdout]     |
[INFO] [stdout] 1   | use futures::io::Error;
[INFO] [stdout]     |
[INFO] [stdout]       and 6 other candidates
[INFO] [stdout] 
[INFO] [stdout] 
[INFO] [stdout] error[E0573]: expected type, found derive macro `Error`
[INFO] [stdout]    --> src/streams.rs:494:70
[INFO] [stdout]     |
[INFO] [stdout] 494 |   pub fn on_recv_frame(&mut self, frame: frame::Frame) -> Result<(), Error> {
[INFO] [stdout]     |                                                                      ^^^^^ not a type
[INFO] [stdout]     |
[INFO] [stdout] help: consider importing one of these items instead
[INFO] [stdout]     |
[INFO] [stdout] 1   | use async_std::io::Error;
[INFO] [stdout]     |
[INFO] [stdout] 1   | use core::fmt::Error;
[INFO] [stdout]     |
[INFO] [stdout] 1   | use crate::transport_error::Error;
[INFO] [stdout]     |
[INFO] [stdout] 1   | use futures::io::Error;
[INFO] [stdout]     |
[INFO] [stdout]       and 6 other candidates
[INFO] [stdout] 
[INFO] [stdout] 
[INFO] [stdout] error[E0573]: expected type, found derive macro `Error`
[INFO] [stdout]    --> src/streams.rs:610:72
[INFO] [stdout]     |
[INFO] [stdout] 610 |   pub fn on_frame_acked(&mut self, frame: &frame::Frame) -> Result<(), Error> {
[INFO] [stdout]     |                                                                        ^^^^^ not a type
[INFO] [stdout]     |
[INFO] [stdout] help: consider importing one of these items instead
[INFO] [stdout]     |
[INFO] [stdout] 1   | use async_std::io::Error;
[INFO] [stdout]     |
[INFO] [stdout] 1   | use core::fmt::Error;
[INFO] [stdout]     |
[INFO] [stdout] 1   | use crate::transport_error::Error;
[INFO] [stdout]     |
[INFO] [stdout] 1   | use futures::io::Error;
[INFO] [stdout]     |
[INFO] [stdout]       and 6 other candidates
[INFO] [stdout] 
[INFO] [stdout] 
[INFO] [stdout] error: Compilation failed, aborting rustdoc
[INFO] [stdout] 
[INFO] [stdout] 
[INFO] [stdout] error: aborting due to 40 previous errors
[INFO] [stdout] 
[INFO] [stdout] 
[INFO] [stdout] Some errors have detailed explanations: E0412, E0432, E0433, E0573, E0583, E0658, E0753.
[INFO] [stdout] 
[INFO] [stdout] For more information about an error, try `rustc --explain E0412`.
[INFO] [stdout] 
[INFO] [stderr] error: could not document `simple_quic`
[INFO] [stderr] 
[INFO] [stderr] Caused by:
[INFO] [stderr]   process didn't exit successfully: `rustdoc --edition=2018 --crate-type lib --crate-name simple_quic src/lib.rs -o /opt/rustwide/target/doc --error-format=json --json=diagnostic-rendered-ansi --document-private-items -L dependency=/opt/rustwide/target/debug/deps --extern async_std=/opt/rustwide/target/debug/deps/libasync_std-d899482149311fe7.rmeta --extern async_trait=/opt/rustwide/target/debug/deps/libasync_trait-e247afddd13acdcc.so --extern bimap=/opt/rustwide/target/debug/deps/libbimap-2bddbdef1cbfffb0.rmeta --extern bitflags=/opt/rustwide/target/debug/deps/libbitflags-7925d1bf53c9b12a.rmeta --extern byteorder=/opt/rustwide/target/debug/deps/libbyteorder-c605bb9f4f40a95b.rmeta --extern bytes=/opt/rustwide/target/debug/deps/libbytes-be6cb9a7be86933c.rmeta --extern either=/opt/rustwide/target/debug/deps/libeither-289a99daa7aee5d6.rmeta --extern err_derive=/opt/rustwide/target/debug/deps/liberr_derive-46e79a612db45bc8.so --extern futures=/opt/rustwide/target/debug/deps/libfutures-5af9d6b8d1bc42ad.rmeta --extern httparse=/opt/rustwide/target/debug/deps/libhttparse-bc85c16f7f13a18a.rmeta --extern log=/opt/rustwide/target/debug/deps/liblog-04e35910217bcb5b.rmeta --extern mio=/opt/rustwide/target/debug/deps/libmio-0eddae8d4591d6b6.rmeta --extern pin_utils=/opt/rustwide/target/debug/deps/libpin_utils-7739f27f2950f8bd.rmeta --extern tracing=/opt/rustwide/target/debug/deps/libtracing-ab48b53df02b4689.rmeta --cap-lints=warn --crate-version 0.1.0` (exit status: 1)
[INFO] running `Command { std: "docker" "inspect" "02843cd1521be829095311692cd0e20d01afd13cd683ea8c6a6f5a6743b0cfef", kill_on_drop: false }`
[INFO] running `Command { std: "docker" "rm" "-f" "02843cd1521be829095311692cd0e20d01afd13cd683ea8c6a6f5a6743b0cfef", kill_on_drop: false }`
[INFO] [stdout] 02843cd1521be829095311692cd0e20d01afd13cd683ea8c6a6f5a6743b0cfef
