[INFO] cloning repository https://github.com/bb010g/baiq
[INFO] running `Command { std: "git" "-c" "credential.helper=" "-c" "credential.helper=/workspace/cargo-home/bin/git-credential-null" "clone" "--bare" "https://github.com/bb010g/baiq" "/workspace/cache/git-repos/https%3A%2F%2Fgithub.com%2Fbb010g%2Fbaiq", kill_on_drop: false }`
[INFO] [stderr] Cloning into bare repository '/workspace/cache/git-repos/https%3A%2F%2Fgithub.com%2Fbb010g%2Fbaiq'...
[INFO] running `Command { std: "git" "rev-parse" "HEAD", kill_on_drop: false }`
[INFO] [stdout] 9372d8ca763753aed3212e8be18b2f149e30bd35
[INFO] documenting bb010g/baiq against beta-2021-08-01 for beta-1.55-rustdoc-1
[INFO] running `Command { std: "git" "clone" "/workspace/cache/git-repos/https%3A%2F%2Fgithub.com%2Fbb010g%2Fbaiq" "/workspace/builds/worker-3/source", kill_on_drop: false }`
[INFO] [stderr] Cloning into '/workspace/builds/worker-3/source'...
[INFO] [stderr] done.
[INFO] validating manifest of git repo https://github.com/bb010g/baiq on toolchain beta-2021-08-01
[INFO] running `Command { std: "/workspace/cargo-home/bin/cargo" "+beta-2021-08-01" "metadata" "--manifest-path" "Cargo.toml" "--no-deps", kill_on_drop: false }`
[INFO] removed /workspace/builds/worker-3/source/rust-toolchain
[INFO] started tweaking git repo https://github.com/bb010g/baiq
[INFO] finished tweaking git repo https://github.com/bb010g/baiq
[INFO] tweaked toml for git repo https://github.com/bb010g/baiq written to /workspace/builds/worker-3/source/Cargo.toml
[INFO] crate git repo https://github.com/bb010g/baiq already has a lockfile, it will not be regenerated
[INFO] running `Command { std: "/workspace/cargo-home/bin/cargo" "+beta-2021-08-01" "fetch" "--manifest-path" "Cargo.toml", kill_on_drop: false }`
[INFO] [stderr]  Downloading crates ...
[INFO] [stderr]   Downloaded mitochondria v1.1.2
[INFO] [stderr]   Downloaded buf_redux v0.6.1
[INFO] [stderr]   Downloaded twoway v0.1.3
[INFO] [stderr]   Downloaded state v0.2.2
[INFO] [stderr]   Downloaded quick-xml v0.7.3
[INFO] [stderr]   Downloaded safemem v0.1.1
[INFO] [stderr]   Downloaded yansi v0.3.0
[INFO] [stderr]   Downloaded multipart v0.13.1
[INFO] [stderr]   Downloaded maud_macros v0.16.3
[INFO] [stderr]   Downloaded maud v0.16.2
[INFO] [stderr]   Downloaded baimax v0.1.0
[INFO] [stderr]   Downloaded if_chain v0.1.2
[INFO] [stderr]   Downloaded clippy_lints v0.0.143
[INFO] [stderr]   Downloaded clippy v0.0.143
[INFO] [stderr]   Downloaded penny v0.1.0
[INFO] [stderr]   Downloaded rocket v0.2.9
[INFO] [stderr]   Downloaded rocket_contrib v0.2.9
[INFO] [stderr]   Downloaded rocket_codegen v0.2.9
[INFO] running `Command { std: "docker" "create" "-v" "/var/lib/crater-agent-workspace/builds/worker-3/target:/opt/rustwide/target:rw,Z" "-v" "/var/lib/crater-agent-workspace/builds/worker-3/source:/opt/rustwide/workdir:ro,Z" "-v" "/var/lib/crater-agent-workspace/cargo-home:/opt/rustwide/cargo-home:ro,Z" "-v" "/var/lib/crater-agent-workspace/rustup-home:/opt/rustwide/rustup-home:ro,Z" "-e" "SOURCE_DIR=/opt/rustwide/workdir" "-e" "CARGO_TARGET_DIR=/opt/rustwide/target" "-e" "CARGO_HOME=/opt/rustwide/cargo-home" "-e" "RUSTUP_HOME=/opt/rustwide/rustup-home" "-w" "/opt/rustwide/workdir" "-m" "1610612736" "--user" "0:0" "--network" "none" "ghcr.io/rust-lang/crates-build-env/linux@sha256:34b6a614d2c27851fe6cbf88fbd1137609cefab8b10d0615aaeb6fd47975d74e" "/opt/rustwide/cargo-home/bin/cargo" "+beta-2021-08-01" "metadata" "--no-deps" "--format-version=1", kill_on_drop: false }`
[INFO] [stdout] 92a507742e2d287d2553f34d1b0b6ddf5ddce5bcf3dbbdda6744161e3ad43d66
[INFO] running `Command { std: "docker" "start" "-a" "92a507742e2d287d2553f34d1b0b6ddf5ddce5bcf3dbbdda6744161e3ad43d66", kill_on_drop: false }`
[INFO] running `Command { std: "docker" "inspect" "92a507742e2d287d2553f34d1b0b6ddf5ddce5bcf3dbbdda6744161e3ad43d66", kill_on_drop: false }`
[INFO] running `Command { std: "docker" "rm" "-f" "92a507742e2d287d2553f34d1b0b6ddf5ddce5bcf3dbbdda6744161e3ad43d66", kill_on_drop: false }`
[INFO] [stdout] 92a507742e2d287d2553f34d1b0b6ddf5ddce5bcf3dbbdda6744161e3ad43d66
[INFO] running `Command { std: "docker" "create" "-v" "/var/lib/crater-agent-workspace/builds/worker-3/target:/opt/rustwide/target:rw,Z" "-v" "/var/lib/crater-agent-workspace/builds/worker-3/source:/opt/rustwide/workdir:ro,Z" "-v" "/var/lib/crater-agent-workspace/cargo-home:/opt/rustwide/cargo-home:ro,Z" "-v" "/var/lib/crater-agent-workspace/rustup-home:/opt/rustwide/rustup-home:ro,Z" "-e" "SOURCE_DIR=/opt/rustwide/workdir" "-e" "CARGO_TARGET_DIR=/opt/rustwide/target" "-e" "CARGO_INCREMENTAL=0" "-e" "RUST_BACKTRACE=full" "-e" "RUSTDOCFLAGS=--cap-lints=warn" "-e" "CARGO_HOME=/opt/rustwide/cargo-home" "-e" "RUSTUP_HOME=/opt/rustwide/rustup-home" "-w" "/opt/rustwide/workdir" "-m" "1610612736" "--user" "0:0" "--network" "none" "ghcr.io/rust-lang/crates-build-env/linux@sha256:34b6a614d2c27851fe6cbf88fbd1137609cefab8b10d0615aaeb6fd47975d74e" "/opt/rustwide/cargo-home/bin/cargo" "+beta-2021-08-01" "doc" "--frozen" "--no-deps" "--document-private-items" "--message-format=json", kill_on_drop: false }`
[INFO] [stdout] 5c1838ec38d65956c4079e3565d01d489576827c2e12d24a7180ae724930b00e
[INFO] running `Command { std: "docker" "start" "-a" "5c1838ec38d65956c4079e3565d01d489576827c2e12d24a7180ae724930b00e", kill_on_drop: false }`
[INFO] [stderr]    Compiling libc v0.2.26
[INFO] [stderr]    Compiling yansi v0.3.0
[INFO] [stderr]    Compiling siphasher v0.2.2
[INFO] [stderr]     Checking num-traits v0.1.39
[INFO] [stderr]    Compiling matches v0.1.6
[INFO] [stderr]     Checking percent-encoding v1.0.0
[INFO] [stderr]    Compiling rustc-demangle v0.1.4
[INFO] [stderr]    Compiling unicode-normalization v0.1.5
[INFO] [stderr]     Checking byteorder v1.1.0
[INFO] [stderr]     Checking httparse v1.2.3
[INFO] [stderr]     Checking serde v1.0.10
[INFO] [stderr]    Compiling log v0.3.8
[INFO] [stderr]     Checking term v0.4.6
[INFO] [stderr]     Checking state v0.2.2
[INFO] [stderr]     Checking serde v0.9.15
[INFO] [stderr]     Checking either v1.1.0
[INFO] [stderr]     Checking mitochondria v1.1.2
[INFO] [stderr]     Checking safemem v0.1.1
[INFO] [stderr]     Checking unicode-segmentation v1.2.0
[INFO] [stderr]     Checking bitflags v0.8.2
[INFO] [stderr]    Compiling if_chain v0.1.2
[INFO] [stderr]     Checking mime v0.2.6
[INFO] [stderr]    Compiling encoding_rs v0.6.11
[INFO] [stderr]    Compiling unicase v1.4.2
[INFO] [stderr]     Checking phf_shared v0.7.21
[INFO] [stderr]    Compiling serde_derive_internals v0.15.1
[INFO] [stderr]     Checking url v1.5.1
[INFO] [stdout] error[E0557]: feature has been removed
[INFO] [stdout]  --> /opt/rustwide/cargo-home/registry/src/github.com-1ecc6299db9ec823/state-0.2.2/src/lib.rs:1:12
[INFO] [stdout]   |
[INFO] [stdout] 1 | #![feature(const_fn)]
[INFO] [stdout]   |            ^^^^^^^^ feature has been removed
[INFO] [stdout]   |
[INFO] [stdout]   = note: split into finer-grained feature gates
[INFO] [stdout] 
[INFO] [stdout] 
[INFO] [stdout] error[E0557]: feature has been removed
[INFO] [stdout]  --> /opt/rustwide/cargo-home/registry/src/github.com-1ecc6299db9ec823/state-0.2.2/src/lib.rs:1:12
[INFO] [stdout]   |
[INFO] [stdout] 1 | #![feature(const_fn)]
[INFO] [stdout]   |            ^^^^^^^^ feature has been removed
[INFO] [stdout]   |
[INFO] [stdout]   = note: split into finer-grained feature gates
[INFO] [stdout] 
[INFO] [stdout] 
[INFO] [stdout] error[E0554]: `#![feature]` may not be used on the beta release channel
[INFO] [stdout]  --> /opt/rustwide/cargo-home/registry/src/github.com-1ecc6299db9ec823/state-0.2.2/src/lib.rs:1:1
[INFO] [stdout]   |
[INFO] [stdout] 1 | #![feature(const_fn)]
[INFO] [stdout]   | ^^^^^^^^^^^^^^^^^^^^^
[INFO] [stdout] 
[INFO] [stdout] 
[INFO] [stdout] error[E0554]: `#![feature]` may not be used on the beta release channel
[INFO] [stdout]  --> /opt/rustwide/cargo-home/registry/src/github.com-1ecc6299db9ec823/state-0.2.2/src/lib.rs:1:1
[INFO] [stdout]   |
[INFO] [stdout] 1 | #![feature(const_fn)]
[INFO] [stdout]   | ^^^^^^^^^^^^^^^^^^^^^
[INFO] [stdout] 
[INFO] [stdout] 
[INFO] [stderr]    Compiling rocket v0.2.9
[INFO] [stdout] error: aborting due to 2 previous errors
[INFO] [stdout] 
[INFO] [stdout] 
[INFO] [stdout] Some errors have detailed explanations: E0554, E0557.
[INFO] [stdout] 
[INFO] [stdout] For more information about an error, try `rustc --explain E0554`.
[INFO] [stdout] 
[INFO] [stderr] error: could not compile `state` due to 3 previous errors
[INFO] [stderr] warning: build failed, waiting for other jobs to finish...
[INFO] [stdout] error: aborting due to 2 previous errors
[INFO] [stdout] 
[INFO] [stdout] 
[INFO] [stdout] Some errors have detailed explanations: E0554, E0557.
[INFO] [stdout] 
[INFO] [stdout] For more information about an error, try `rustc --explain E0554`.
[INFO] [stdout] 
[INFO] [stdout] error[E0214]: parenthesized type parameters may only be used with a `Fn` trait
[INFO] [stdout]   --> /opt/rustwide/cargo-home/registry/src/github.com-1ecc6299db9ec823/encoding_rs-0.6.11/src/utf_16.rs:33:44
[INFO] [stdout]    |
[INFO] [stdout] 33 |     pub fn additional_from_state(&self) -> usize() {
[INFO] [stdout]    |                                            ^^^^^^^ only `Fn` traits may use parentheses
[INFO] [stdout] 
[INFO] [stdout] 
[INFO] [stdout] error[E0713]: borrow may still be in use when destructor runs
[INFO] [stdout]    --> /opt/rustwide/cargo-home/registry/src/github.com-1ecc6299db9ec823/url-1.5.1/src/form_urlencoded.rs:251:40
[INFO] [stdout]     |
[INFO] [stdout] 249 | impl<'a> Target for ::UrlQuery<'a> {
[INFO] [stdout]     |      -- lifetime `'a` defined here
[INFO] [stdout] 250 |     fn as_mut_string(&mut self) -> &mut String { &mut self.url.serialization }
[INFO] [stdout] 251 |     fn finish(self) -> &'a mut ::Url { self.url }
[INFO] [stdout]     |                                        ^^^^^^^^ - here, drop of `self` needs exclusive access to `*self.url`, because the type `UrlQuery<'_>` implements the `Drop` trait
[INFO] [stdout]     |                                        |
[INFO] [stdout]     |                                        returning this value requires that `*self.url` is borrowed for `'a`
[INFO] [stdout] 
[INFO] [stdout] 
[INFO] [stdout] error: aborting due to previous error
[INFO] [stdout] 
[INFO] [stdout] 
[INFO] [stdout] For more information about this error, try `rustc --explain E0713`.
[INFO] [stdout] 
[INFO] [stdout] error: aborting due to previous error
[INFO] [stdout] 
[INFO] [stdout] 
[INFO] [stdout] For more information about this error, try `rustc --explain E0214`.
[INFO] [stdout] 
[INFO] [stderr] error: build failed
[INFO] running `Command { std: "docker" "inspect" "5c1838ec38d65956c4079e3565d01d489576827c2e12d24a7180ae724930b00e", kill_on_drop: false }`
[INFO] running `Command { std: "docker" "rm" "-f" "5c1838ec38d65956c4079e3565d01d489576827c2e12d24a7180ae724930b00e", kill_on_drop: false }`
[INFO] [stdout] 5c1838ec38d65956c4079e3565d01d489576827c2e12d24a7180ae724930b00e
