[INFO] cloning repository https://github.com/baijunty/service
[INFO] running `Command { std: "git" "-c" "credential.helper=" "-c" "credential.helper=/workspace/cargo-home/bin/git-credential-null" "clone" "--bare" "https://github.com/baijunty/service" "/workspace/cache/git-repos/https%3A%2F%2Fgithub.com%2Fbaijunty%2Fservice", kill_on_drop: false }`
[INFO] [stderr] Cloning into bare repository '/workspace/cache/git-repos/https%3A%2F%2Fgithub.com%2Fbaijunty%2Fservice'...
[INFO] running `Command { std: "git" "rev-parse" "HEAD", kill_on_drop: false }`
[INFO] [stdout] 972ac3ae6c8b02d9ee8639d8351d62804624beb3
[INFO] documenting baijunty/service against beta-2021-08-01 for beta-1.55-rustdoc-1
[INFO] running `Command { std: "git" "clone" "/workspace/cache/git-repos/https%3A%2F%2Fgithub.com%2Fbaijunty%2Fservice" "/workspace/builds/worker-6/source", kill_on_drop: false }`
[INFO] [stderr] Cloning into '/workspace/builds/worker-6/source'...
[INFO] [stderr] done.
[INFO] validating manifest of git repo https://github.com/baijunty/service on toolchain beta-2021-08-01
[INFO] running `Command { std: "/workspace/cargo-home/bin/cargo" "+beta-2021-08-01" "metadata" "--manifest-path" "Cargo.toml" "--no-deps", kill_on_drop: false }`
[INFO] started tweaking git repo https://github.com/baijunty/service
[INFO] finished tweaking git repo https://github.com/baijunty/service
[INFO] tweaked toml for git repo https://github.com/baijunty/service written to /workspace/builds/worker-6/source/Cargo.toml
[INFO] crate git repo https://github.com/baijunty/service already has a lockfile, it will not be regenerated
[INFO] running `Command { std: "/workspace/cargo-home/bin/cargo" "+beta-2021-08-01" "fetch" "--manifest-path" "Cargo.toml", kill_on_drop: false }`
[INFO] [stderr]     Blocking waiting for file lock on package cache
[INFO] [stderr]     Updating git repository `https://github.com/mullvad/windows-service-rs.git`
[INFO] [stderr]     Updating git repository `https://github.com/mullvad/winapi-rs.git`
[INFO] [stderr]     Blocking waiting for file lock on package cache
[INFO] [stderr]  Downloading crates ...
[INFO] [stderr]   Downloaded err-derive v0.2.3
[INFO] running `Command { std: "docker" "create" "-v" "/var/lib/crater-agent-workspace/builds/worker-6/target:/opt/rustwide/target:rw,Z" "-v" "/var/lib/crater-agent-workspace/builds/worker-6/source:/opt/rustwide/workdir:ro,Z" "-v" "/var/lib/crater-agent-workspace/cargo-home:/opt/rustwide/cargo-home:ro,Z" "-v" "/var/lib/crater-agent-workspace/rustup-home:/opt/rustwide/rustup-home:ro,Z" "-e" "SOURCE_DIR=/opt/rustwide/workdir" "-e" "CARGO_TARGET_DIR=/opt/rustwide/target" "-e" "CARGO_HOME=/opt/rustwide/cargo-home" "-e" "RUSTUP_HOME=/opt/rustwide/rustup-home" "-w" "/opt/rustwide/workdir" "-m" "1610612736" "--user" "0:0" "--network" "none" "ghcr.io/rust-lang/crates-build-env/linux@sha256:34b6a614d2c27851fe6cbf88fbd1137609cefab8b10d0615aaeb6fd47975d74e" "/opt/rustwide/cargo-home/bin/cargo" "+beta-2021-08-01" "metadata" "--no-deps" "--format-version=1", kill_on_drop: false }`
[INFO] [stdout] 6f12d7757c8847028f8fb01e3bd086acdedc3fb3ccfa6ad42523404b8ab123bb
[INFO] running `Command { std: "docker" "start" "-a" "6f12d7757c8847028f8fb01e3bd086acdedc3fb3ccfa6ad42523404b8ab123bb", kill_on_drop: false }`
[INFO] running `Command { std: "docker" "inspect" "6f12d7757c8847028f8fb01e3bd086acdedc3fb3ccfa6ad42523404b8ab123bb", kill_on_drop: false }`
[INFO] running `Command { std: "docker" "rm" "-f" "6f12d7757c8847028f8fb01e3bd086acdedc3fb3ccfa6ad42523404b8ab123bb", kill_on_drop: false }`
[INFO] [stdout] 6f12d7757c8847028f8fb01e3bd086acdedc3fb3ccfa6ad42523404b8ab123bb
[INFO] running `Command { std: "docker" "create" "-v" "/var/lib/crater-agent-workspace/builds/worker-6/target:/opt/rustwide/target:rw,Z" "-v" "/var/lib/crater-agent-workspace/builds/worker-6/source:/opt/rustwide/workdir:ro,Z" "-v" "/var/lib/crater-agent-workspace/cargo-home:/opt/rustwide/cargo-home:ro,Z" "-v" "/var/lib/crater-agent-workspace/rustup-home:/opt/rustwide/rustup-home:ro,Z" "-e" "SOURCE_DIR=/opt/rustwide/workdir" "-e" "CARGO_TARGET_DIR=/opt/rustwide/target" "-e" "CARGO_INCREMENTAL=0" "-e" "RUST_BACKTRACE=full" "-e" "RUSTDOCFLAGS=--cap-lints=warn" "-e" "CARGO_HOME=/opt/rustwide/cargo-home" "-e" "RUSTUP_HOME=/opt/rustwide/rustup-home" "-w" "/opt/rustwide/workdir" "-m" "1610612736" "--user" "0:0" "--network" "none" "ghcr.io/rust-lang/crates-build-env/linux@sha256:34b6a614d2c27851fe6cbf88fbd1137609cefab8b10d0615aaeb6fd47975d74e" "/opt/rustwide/cargo-home/bin/cargo" "+beta-2021-08-01" "doc" "--frozen" "--no-deps" "--document-private-items" "--message-format=json", kill_on_drop: false }`
[INFO] [stdout] f6beb393a6b17bfc49b66c181e15c42ee7d6afdf669bed82ad6d1487d31ed513
[INFO] running `Command { std: "docker" "start" "-a" "f6beb393a6b17bfc49b66c181e15c42ee7d6afdf669bed82ad6d1487d31ed513", kill_on_drop: false }`
[INFO] [stderr]     Blocking waiting for file lock on package cache
[INFO] [stderr]    Compiling libc v0.2.67
[INFO] [stderr]     Checking windows-service v0.2.0 (https://github.com/mullvad/windows-service-rs.git#202d88bf)
[INFO] [stderr]     Checking atty v0.2.14
[INFO] [stderr]     Checking clap v2.33.0
[INFO] [stderr]  Documenting FileSite v0.1.0 (/opt/rustwide/workdir)
[INFO] [stdout] error[E0432]: unresolved imports `windows_service::service`, `windows_service::service_manager`
[INFO] [stdout]   --> src/main.rs:11:5
[INFO] [stdout]    |
[INFO] [stdout] 11 |     service::{
[INFO] [stdout]    |     ^^^^^^^ could not find `service` in `windows_service`
[INFO] [stdout] ...
[INFO] [stdout] 16 |     service_manager::{ServiceManager, ServiceManagerAccess},
[INFO] [stdout]    |     ^^^^^^^^^^^^^^^ could not find `service_manager` in `windows_service`
[INFO] [stdout] 
[INFO] [stdout] 
[INFO] [stdout] error[E0432]: unresolved imports `windows_service::define_windows_service`, `windows_service::service`, `windows_service::service_control_handler`, `windows_service::service_control_handler`, `windows_service::service_dispatcher`
[INFO] [stdout]   --> src/proxy.rs:16:5
[INFO] [stdout]    |
[INFO] [stdout] 16 |     define_windows_service,
[INFO] [stdout]    |     ^^^^^^^^^^^^^^^^^^^^^^ no `define_windows_service` in the root
[INFO] [stdout] 17 |     service::{
[INFO] [stdout]    |     ^^^^^^^ could not find `service` in `windows_service`
[INFO] [stdout] ...
[INFO] [stdout] 21 |     service_control_handler::{self, ServiceControlHandlerResult},
[INFO] [stdout]    |     ^^^^^^^^^^^^^^^^^^^^^^^   ^^^^ no `service_control_handler` in the root
[INFO] [stdout]    |     |
[INFO] [stdout]    |     could not find `service_control_handler` in `windows_service`
[INFO] [stdout] 22 |     service_dispatcher,
[INFO] [stdout]    |     ^^^^^^^^^^^^^^^^^^ no `service_dispatcher` in the root
[INFO] [stdout] 
[INFO] [stdout] 
[INFO] [stdout] error: Compilation failed, aborting rustdoc
[INFO] [stdout] 
[INFO] [stdout] 
[INFO] [stdout] error: aborting due to 2 previous errors
[INFO] [stdout] 
[INFO] [stdout] 
[INFO] [stdout] For more information about this error, try `rustc --explain E0432`.
[INFO] [stdout] 
[INFO] [stderr] error: could not document `FileSite`
[INFO] [stderr] 
[INFO] [stderr] Caused by:
[INFO] [stderr]   process didn't exit successfully: `rustdoc --edition=2018 --crate-type bin --crate-name proxy src/proxy.rs -o /opt/rustwide/target/doc --error-format=json --json=diagnostic-rendered-ansi --document-private-items -L dependency=/opt/rustwide/target/debug/deps --extern clap=/opt/rustwide/target/debug/deps/libclap-8924039d7a23da9f.rmeta --extern windows_service=/opt/rustwide/target/debug/deps/libwindows_service-a79a62f0255b6f92.rmeta --cap-lints=warn --crate-version 0.1.0` (exit status: 1)
[INFO] [stderr] warning: build failed, waiting for other jobs to finish...
[INFO] [stdout] error[E0412]: cannot find type `Result` in crate `windows_service`
[INFO] [stdout]    --> src/main.rs:112:82
[INFO] [stdout]     |
[INFO] [stdout] 112 | fn del_service(service_manager: &ServiceManager, name: &str) -> windows_service::Result<()> {
[INFO] [stdout]     |                                                                                  ^^^^^^ not found in `windows_service`
[INFO] [stdout]     |
[INFO] [stdout] help: consider importing one of these items
[INFO] [stdout]     |
[INFO] [stdout] 5   | use clap::Result;
[INFO] [stdout]     |
[INFO] [stdout] 5   | use core::fmt::Result;
[INFO] [stdout]     |
[INFO] [stdout] 5   | use core::result::Result;
[INFO] [stdout]     |
[INFO] [stdout] 5   | use crate::thread::Result;
[INFO] [stdout]     |
[INFO] [stdout]       and 4 other candidates
[INFO] [stdout] 
[INFO] [stdout] 
[INFO] [stdout] error[E0412]: cannot find type `Result` in crate `windows_service`
[INFO] [stdout]    --> src/main.rs:127:101
[INFO] [stdout]     |
[INFO] [stdout] 127 | fn create_service(service_manager: &ServiceManager, service_info: &ServiceInfo) -> windows_service::Result<()> {
[INFO] [stdout]     |                                                                                                     ^^^^^^ not found in `windows_service`
[INFO] [stdout]     |
[INFO] [stdout] help: consider importing one of these items
[INFO] [stdout]     |
[INFO] [stdout] 5   | use clap::Result;
[INFO] [stdout]     |
[INFO] [stdout] 5   | use core::fmt::Result;
[INFO] [stdout]     |
[INFO] [stdout] 5   | use core::result::Result;
[INFO] [stdout]     |
[INFO] [stdout] 5   | use crate::thread::Result;
[INFO] [stdout]     |
[INFO] [stdout]       and 4 other candidates
[INFO] [stdout] 
[INFO] [stdout] 
[INFO] [stdout] error: Compilation failed, aborting rustdoc
[INFO] [stdout] 
[INFO] [stdout] 
[INFO] [stdout] error: aborting due to 4 previous errors
[INFO] [stdout] 
[INFO] [stdout] 
[INFO] [stdout] Some errors have detailed explanations: E0412, E0432.
[INFO] [stdout] 
[INFO] [stdout] For more information about an error, try `rustc --explain E0412`.
[INFO] [stdout] 
[INFO] [stderr] error: build failed
[INFO] running `Command { std: "docker" "inspect" "f6beb393a6b17bfc49b66c181e15c42ee7d6afdf669bed82ad6d1487d31ed513", kill_on_drop: false }`
[INFO] running `Command { std: "docker" "rm" "-f" "f6beb393a6b17bfc49b66c181e15c42ee7d6afdf669bed82ad6d1487d31ed513", kill_on_drop: false }`
[INFO] [stdout] f6beb393a6b17bfc49b66c181e15c42ee7d6afdf669bed82ad6d1487d31ed513
