[INFO] cloning repository https://github.com/bagedevimo/diffuse
[INFO] running `Command { std: "git" "-c" "credential.helper=" "-c" "credential.helper=/workspace/cargo-home/bin/git-credential-null" "clone" "--bare" "https://github.com/bagedevimo/diffuse" "/workspace/cache/git-repos/https%3A%2F%2Fgithub.com%2Fbagedevimo%2Fdiffuse", kill_on_drop: false }`
[INFO] [stderr] Cloning into bare repository '/workspace/cache/git-repos/https%3A%2F%2Fgithub.com%2Fbagedevimo%2Fdiffuse'...
[INFO] running `Command { std: "git" "rev-parse" "HEAD", kill_on_drop: false }`
[INFO] [stdout] d9d4df647816941b5b608f6305d5145062b3098a
[INFO] documenting bagedevimo/diffuse against beta-2021-08-01 for beta-1.55-rustdoc-1
[INFO] running `Command { std: "git" "clone" "/workspace/cache/git-repos/https%3A%2F%2Fgithub.com%2Fbagedevimo%2Fdiffuse" "/workspace/builds/worker-113/source", kill_on_drop: false }`
[INFO] [stderr] Cloning into '/workspace/builds/worker-113/source'...
[INFO] [stderr] done.
[INFO] validating manifest of git repo https://github.com/bagedevimo/diffuse on toolchain beta-2021-08-01
[INFO] running `Command { std: "/workspace/cargo-home/bin/cargo" "+beta-2021-08-01" "metadata" "--manifest-path" "Cargo.toml" "--no-deps", kill_on_drop: false }`
[INFO] started tweaking git repo https://github.com/bagedevimo/diffuse
[INFO] finished tweaking git repo https://github.com/bagedevimo/diffuse
[INFO] tweaked toml for git repo https://github.com/bagedevimo/diffuse written to /workspace/builds/worker-113/source/Cargo.toml
[INFO] crate git repo https://github.com/bagedevimo/diffuse already has a lockfile, it will not be regenerated
[INFO] running `Command { std: "/workspace/cargo-home/bin/cargo" "+beta-2021-08-01" "fetch" "--manifest-path" "Cargo.toml", kill_on_drop: false }`
[INFO] [stderr]     Blocking waiting for file lock on package cache
[INFO] [stderr]     Blocking waiting for file lock on package cache
[INFO] running `Command { std: "docker" "create" "-v" "/var/lib/crater-agent-workspace/builds/worker-113/target:/opt/rustwide/target:rw,Z" "-v" "/var/lib/crater-agent-workspace/builds/worker-113/source:/opt/rustwide/workdir:ro,Z" "-v" "/var/lib/crater-agent-workspace/cargo-home:/opt/rustwide/cargo-home:ro,Z" "-v" "/var/lib/crater-agent-workspace/rustup-home:/opt/rustwide/rustup-home:ro,Z" "-e" "SOURCE_DIR=/opt/rustwide/workdir" "-e" "CARGO_TARGET_DIR=/opt/rustwide/target" "-e" "CARGO_HOME=/opt/rustwide/cargo-home" "-e" "RUSTUP_HOME=/opt/rustwide/rustup-home" "-w" "/opt/rustwide/workdir" "-m" "1610612736" "--user" "0:0" "--network" "none" "ghcr.io/rust-lang/crates-build-env/linux@sha256:34b6a614d2c27851fe6cbf88fbd1137609cefab8b10d0615aaeb6fd47975d74e" "/opt/rustwide/cargo-home/bin/cargo" "+beta-2021-08-01" "metadata" "--no-deps" "--format-version=1", kill_on_drop: false }`
[INFO] [stdout] 2009f602d479d211a95c937514df36f9f792ea5f6a42244ea2189e5a6318512e
[INFO] running `Command { std: "docker" "start" "-a" "2009f602d479d211a95c937514df36f9f792ea5f6a42244ea2189e5a6318512e", kill_on_drop: false }`
[INFO] running `Command { std: "docker" "inspect" "2009f602d479d211a95c937514df36f9f792ea5f6a42244ea2189e5a6318512e", kill_on_drop: false }`
[INFO] running `Command { std: "docker" "rm" "-f" "2009f602d479d211a95c937514df36f9f792ea5f6a42244ea2189e5a6318512e", kill_on_drop: false }`
[INFO] [stdout] 2009f602d479d211a95c937514df36f9f792ea5f6a42244ea2189e5a6318512e
[INFO] running `Command { std: "docker" "create" "-v" "/var/lib/crater-agent-workspace/builds/worker-113/target:/opt/rustwide/target:rw,Z" "-v" "/var/lib/crater-agent-workspace/builds/worker-113/source:/opt/rustwide/workdir:ro,Z" "-v" "/var/lib/crater-agent-workspace/cargo-home:/opt/rustwide/cargo-home:ro,Z" "-v" "/var/lib/crater-agent-workspace/rustup-home:/opt/rustwide/rustup-home:ro,Z" "-e" "SOURCE_DIR=/opt/rustwide/workdir" "-e" "CARGO_TARGET_DIR=/opt/rustwide/target" "-e" "CARGO_INCREMENTAL=0" "-e" "RUST_BACKTRACE=full" "-e" "RUSTDOCFLAGS=--cap-lints=warn" "-e" "CARGO_HOME=/opt/rustwide/cargo-home" "-e" "RUSTUP_HOME=/opt/rustwide/rustup-home" "-w" "/opt/rustwide/workdir" "-m" "1610612736" "--user" "0:0" "--network" "none" "ghcr.io/rust-lang/crates-build-env/linux@sha256:34b6a614d2c27851fe6cbf88fbd1137609cefab8b10d0615aaeb6fd47975d74e" "/opt/rustwide/cargo-home/bin/cargo" "+beta-2021-08-01" "doc" "--frozen" "--no-deps" "--document-private-items" "--message-format=json", kill_on_drop: false }`
[INFO] [stdout] 04c5b6e02c208a0f8aa73a88e6cdcb40157f22a63819a855de33db78c6c3d437
[INFO] running `Command { std: "docker" "start" "-a" "04c5b6e02c208a0f8aa73a88e6cdcb40157f22a63819a855de33db78c6c3d437", kill_on_drop: false }`
[INFO] [stderr]     Blocking waiting for file lock on package cache
[INFO] [stderr]    Compiling libc v0.2.55
[INFO] [stderr]     Checking cfg-if v0.1.9
[INFO] [stderr]    Compiling autocfg v0.1.4
[INFO] [stderr]     Checking rand_core v0.4.0
[INFO] [stderr]     Checking lazy_static v1.3.0
[INFO] [stderr]     Checking futures v0.1.27
[INFO] [stderr]    Compiling byteorder v1.3.1
[INFO] [stderr]     Checking scopeguard v0.3.3
[INFO] [stderr]     Checking stable_deref_trait v1.1.1
[INFO] [stderr]    Compiling proc-macro2 v1.0.8
[INFO] [stderr]    Compiling arrayvec v0.4.10
[INFO] [stderr]    Compiling unicode-xid v0.2.0
[INFO] [stderr]     Checking smallvec v0.6.9
[INFO] [stderr]    Compiling syn v1.0.14
[INFO] [stderr]     Checking fnv v1.0.6
[INFO] [stderr]     Checking nodrop v0.1.13
[INFO] [stderr]     Checking memoffset v0.2.1
[INFO] [stderr]    Compiling memchr v2.3.0
[INFO] [stderr]    Compiling proc-macro-nested v0.1.3
[INFO] [stderr]    Compiling serde v1.0.92
[INFO] [stderr]    Compiling cc v1.0.37
[INFO] [stderr]     Checking futures-core v0.3.3
[INFO] [stderr]     Checking futures-sink v0.3.3
[INFO] [stderr]    Compiling crc32fast v1.2.0
[INFO] [stderr]    Compiling gcc v0.3.55
[INFO] [stderr]     Checking futures-io v0.3.3
[INFO] [stderr]     Checking pin-utils v0.1.0-alpha.4
[INFO] [stderr]    Compiling bitflags v1.1.0
[INFO] [stderr]     Checking futures-task v0.3.3
[INFO] [stderr]     Checking unicode-width v0.1.5
[INFO] [stderr]     Checking strsim v0.8.0
[INFO] [stderr]     Checking ansi_term v0.11.0
[INFO] [stderr]     Checking vec_map v0.8.1
[INFO] [stderr]     Checking hex v0.3.2
[INFO] [stderr]    Compiling semver v0.9.0
[INFO] [stderr]     Checking log v0.4.6
[INFO] [stderr]     Checking rand_core v0.3.1
[INFO] [stderr]     Checking rand_jitter v0.1.4
[INFO] [stderr]     Checking textwrap v0.11.0
[INFO] [stderr]     Checking crossbeam-utils v0.6.5
[INFO] [stderr]     Checking owning_ref v0.4.0
[INFO] [stderr]     Checking tokio-trace-core v0.2.0
[INFO] [stderr]     Checking futures-channel v0.3.3
[INFO] [stderr]     Checking rand_isaac v0.1.1
[INFO] [stderr]     Checking rand_hc v0.1.0
[INFO] [stderr]     Checking rand_xorshift v0.1.1
[INFO] [stderr]    Compiling rand_chacha v0.1.1
[INFO] [stderr]    Compiling rand_pcg v0.1.2
[INFO] [stderr]    Compiling rand v0.6.5
[INFO] [stderr]    Compiling bincode v1.1.4
[INFO] [stderr]     Checking crossbeam-queue v0.1.2
[INFO] [stderr]    Compiling rustc_version v0.2.3
[INFO] [stderr]    Compiling rust-crypto v0.2.36
[INFO] [stderr]    Compiling parking_lot_core v0.4.0
[INFO] [stderr]    Compiling miniz-sys v0.1.12
[INFO] [stderr]     Checking tokio-executor v0.1.7
[INFO] [stderr]     Checking tokio-sync v0.1.6
[INFO] [stderr]    Compiling quote v1.0.2
[INFO] [stderr]     Checking lock_api v0.1.5
[INFO] [stderr]     Checking iovec v0.1.2
[INFO] [stderr]     Checking rand_os v0.1.3
[INFO] [stderr]     Checking net2 v0.2.33
[INFO] [stderr]     Checking num_cpus v1.10.0
[INFO] [stderr]     Checking rand v0.4.6
[INFO] [stderr]     Checking atty v0.2.11
[INFO] [stderr]     Checking time v0.1.42
[INFO] [stderr]     Checking crossbeam-epoch v0.7.1
[INFO] [stderr]     Checking tokio-current-thread v0.1.6
[INFO] [stderr]     Checking tokio-timer v0.2.11
[INFO] [stderr]     Checking crossbeam-deque v0.7.1
[INFO] [stderr]     Checking clap v2.33.0
[INFO] [stderr]     Checking bytes v0.4.12
[INFO] [stderr]     Checking mio v0.6.19
[INFO] [stderr]     Checking flate2 v1.0.7
[INFO] [stderr]     Checking rand v0.3.23
[INFO] [stderr]     Checking tokio-io v0.1.12
[INFO] [stderr]     Checking mio-uds v0.6.7
[INFO] [stderr]     Checking tokio-threadpool v0.1.14
[INFO] [stderr]     Checking parking_lot v0.7.1
[INFO] [stderr]     Checking tokio-codec v0.1.1
[INFO] [stderr]     Checking tokio-async-await v0.1.7
[INFO] [stderr]     Checking tokio-fs v0.1.6
[INFO] [stderr]     Checking tokio-reactor v0.1.9
[INFO] [stderr]     Checking tokio-uds v0.2.5
[INFO] [stderr]     Checking tokio-tcp v0.1.3
[INFO] [stderr]     Checking tokio-udp v0.1.3
[INFO] [stderr]     Checking tokio v0.1.21
[INFO] [stderr]     Checking async-bincode v0.4.9
[INFO] [stderr]    Compiling proc-macro-hack v0.5.11
[INFO] [stderr]    Compiling futures-macro v0.3.3
[INFO] [stderr]     Checking futures-util v0.3.3
[INFO] [stderr]     Checking futures-executor v0.3.3
[INFO] [stderr]     Checking futures v0.3.3
[INFO] [stderr]     Checking diffuse v0.1.0 (/opt/rustwide/workdir)
[INFO] [stderr]  Documenting diffuse v0.1.0 (/opt/rustwide/workdir)
[INFO] [stdout] error[E0554]: `#![feature]` may not be used on the beta release channel
[INFO] [stdout]  --> src/lib.rs:1:1
[INFO] [stdout]   |
[INFO] [stdout] 1 | #![feature(box_patterns)]
[INFO] [stdout]   | ^^^^^^^^^^^^^^^^^^^^^^^^^
[INFO] [stdout] 
[INFO] [stdout] 
[INFO] [stdout] error[E0554]: `#![feature]` may not be used on the beta release channel
[INFO] [stdout]  --> src/lib.rs:2:1
[INFO] [stdout]   |
[INFO] [stdout] 2 | #![feature(seek_convenience)]
[INFO] [stdout]   | ^^^^^^^^^^^^^^^^^^^^^^^^^^^^^
[INFO] [stdout] 
[INFO] [stdout] 
[INFO] [stdout] error[E0554]: `#![feature]` may not be used on the beta release channel
[INFO] [stdout]  --> src/lib.rs:3:1
[INFO] [stdout]   |
[INFO] [stdout] 3 | #![feature(proc_macro_hygiene)]
[INFO] [stdout]   | ^^^^^^^^^^^^^^^^^^^^^^^^^^^^^^^
[INFO] [stdout] 
[INFO] [stdout] 
[INFO] [stdout] error[E0554]: `#![feature]` may not be used on the beta release channel
[INFO] [stdout]  --> src/lib.rs:4:1
[INFO] [stdout]   |
[INFO] [stdout] 4 | #![feature(arbitrary_self_types)]
[INFO] [stdout]   | ^^^^^^^^^^^^^^^^^^^^^^^^^^^^^^^^^
[INFO] [stdout] 
[INFO] [stdout] 
[INFO] [stdout] error[E0554]: `#![feature]` may not be used on the beta release channel
[INFO] [stdout]  --> src/lib.rs:1:1
[INFO] [stdout]   |
[INFO] [stdout] 1 | #![feature(box_patterns)]
[INFO] [stdout]   | ^^^^^^^^^^^^^^^^^^^^^^^^^
[INFO] [stdout] 
[INFO] [stdout] 
[INFO] [stdout] error[E0554]: `#![feature]` may not be used on the beta release channel
[INFO] [stdout]  --> src/lib.rs:2:1
[INFO] [stdout]   |
[INFO] [stdout] 2 | #![feature(seek_convenience)]
[INFO] [stdout]   | ^^^^^^^^^^^^^^^^^^^^^^^^^^^^^
[INFO] [stdout] 
[INFO] [stdout] 
[INFO] [stdout] error[E0554]: `#![feature]` may not be used on the beta release channel
[INFO] [stdout]  --> src/lib.rs:3:1
[INFO] [stdout]   |
[INFO] [stdout] 3 | #![feature(proc_macro_hygiene)]
[INFO] [stdout]   | ^^^^^^^^^^^^^^^^^^^^^^^^^^^^^^^
[INFO] [stdout] 
[INFO] [stdout] 
[INFO] [stdout] error[E0554]: `#![feature]` may not be used on the beta release channel
[INFO] [stdout]  --> src/lib.rs:4:1
[INFO] [stdout]   |
[INFO] [stdout] 4 | #![feature(arbitrary_self_types)]
[INFO] [stdout]   | ^^^^^^^^^^^^^^^^^^^^^^^^^^^^^^^^^
[INFO] [stdout] 
[INFO] [stdout] 
[INFO] [stdout] error: Compilation failed, aborting rustdoc
[INFO] [stdout] 
[INFO] [stdout] 
[INFO] [stdout] error: aborting due to 5 previous errors
[INFO] [stdout] 
[INFO] [stdout] 
[INFO] [stdout] For more information about this error, try `rustc --explain E0554`.
[INFO] [stdout] 
[INFO] [stderr] error: could not document `diffuse`
[INFO] [stderr] 
[INFO] [stderr] Caused by:
[INFO] [stderr]   process didn't exit successfully: `rustdoc --edition=2018 --crate-type lib --crate-name diffuse src/lib.rs -o /opt/rustwide/target/doc --error-format=json --json=diagnostic-rendered-ansi --document-private-items -L dependency=/opt/rustwide/target/debug/deps --extern async_bincode=/opt/rustwide/target/debug/deps/libasync_bincode-ce3240a6d9f495f1.rmeta --extern bincode=/opt/rustwide/target/debug/deps/libbincode-ba51d326e156c816.rmeta --extern clap=/opt/rustwide/target/debug/deps/libclap-112d9366f05f5257.rmeta --extern flate2=/opt/rustwide/target/debug/deps/libflate2-2ebf33e2a8352e74.rmeta --extern futures=/opt/rustwide/target/debug/deps/libfutures-f9e305b6236a9911.rmeta --extern hex=/opt/rustwide/target/debug/deps/libhex-7fec313a7604565f.rmeta --extern crypto=/opt/rustwide/target/debug/deps/libcrypto-ae35acca7964af9e.rmeta --extern serde=/opt/rustwide/target/debug/deps/libserde-137ab20fa773fcfc.rmeta --extern tokio=/opt/rustwide/target/debug/deps/libtokio-87d3d322f0ae50de.rmeta --extern tokio_async_await=/opt/rustwide/target/debug/deps/libtokio_async_await-cd2f65fab4eb5712.rmeta --extern tokio_executor=/opt/rustwide/target/debug/deps/libtokio_executor-2454a1fc5cc1238f.rmeta --extern tokio_io=/opt/rustwide/target/debug/deps/libtokio_io-0415afc752346859.rmeta --extern tokio_tcp=/opt/rustwide/target/debug/deps/libtokio_tcp-a2cc8e0dd963ab57.rmeta --cap-lints=warn --crate-version 0.1.0` (exit status: 1)
[INFO] [stderr] warning: build failed, waiting for other jobs to finish...
[INFO] [stdout] error[E0658]: use of unstable library feature 'seek_stream_len'
[INFO] [stdout]    --> src/git/connection.rs:255:74
[INFO] [stdout]     |
[INFO] [stdout] 255 |     while secondary_cursor.stream_position().unwrap() < secondary_cursor.stream_len().unwrap() {
[INFO] [stdout]     |                                                                          ^^^^^^^^^^
[INFO] [stdout]     |
[INFO] [stdout]     = note: see issue #59359 <https://github.com/rust-lang/rust/issues/59359> for more information
[INFO] [stdout] 
[INFO] [stdout] 
[INFO] [stdout] error[E0658]: use of unstable library feature 'seek_stream_len'
[INFO] [stdout]   --> src/git/record.rs:20:54
[INFO] [stdout]    |
[INFO] [stdout] 20 |     while reader.stream_position().unwrap() < reader.stream_len().unwrap() {
[INFO] [stdout]    |                                                      ^^^^^^^^^^
[INFO] [stdout]    |
[INFO] [stdout]    = note: see issue #59359 <https://github.com/rust-lang/rust/issues/59359> for more information
[INFO] [stdout] 
[INFO] [stdout] 
[INFO] [stdout] error: aborting due to 6 previous errors
[INFO] [stdout] 
[INFO] [stdout] 
[INFO] [stdout] Some errors have detailed explanations: E0554, E0658.
[INFO] [stdout] 
[INFO] [stdout] For more information about an error, try `rustc --explain E0554`.
[INFO] [stdout] 
[INFO] [stderr] error: build failed
[INFO] running `Command { std: "docker" "inspect" "04c5b6e02c208a0f8aa73a88e6cdcb40157f22a63819a855de33db78c6c3d437", kill_on_drop: false }`
[INFO] running `Command { std: "docker" "rm" "-f" "04c5b6e02c208a0f8aa73a88e6cdcb40157f22a63819a855de33db78c6c3d437", kill_on_drop: false }`
[INFO] [stdout] 04c5b6e02c208a0f8aa73a88e6cdcb40157f22a63819a855de33db78c6c3d437
