[INFO] cloning repository https://github.com/awkinley/multiverse-chess-reader
[INFO] running `Command { std: "git" "-c" "credential.helper=" "-c" "credential.helper=/workspace/cargo-home/bin/git-credential-null" "clone" "--bare" "https://github.com/awkinley/multiverse-chess-reader" "/workspace/cache/git-repos/https%3A%2F%2Fgithub.com%2Fawkinley%2Fmultiverse-chess-reader", kill_on_drop: false }`
[INFO] [stderr] Cloning into bare repository '/workspace/cache/git-repos/https%3A%2F%2Fgithub.com%2Fawkinley%2Fmultiverse-chess-reader'...
[INFO] running `Command { std: "git" "rev-parse" "HEAD", kill_on_drop: false }`
[INFO] [stdout] 5956372ced5220b9cc12a1aefafda98b3b78f3ce
[INFO] documenting awkinley/multiverse-chess-reader against beta-2021-08-01 for beta-1.55-rustdoc-1
[INFO] running `Command { std: "git" "clone" "/workspace/cache/git-repos/https%3A%2F%2Fgithub.com%2Fawkinley%2Fmultiverse-chess-reader" "/workspace/builds/worker-108/source", kill_on_drop: false }`
[INFO] [stderr] Cloning into '/workspace/builds/worker-108/source'...
[INFO] [stderr] done.
[INFO] validating manifest of git repo https://github.com/awkinley/multiverse-chess-reader on toolchain beta-2021-08-01
[INFO] running `Command { std: "/workspace/cargo-home/bin/cargo" "+beta-2021-08-01" "metadata" "--manifest-path" "Cargo.toml" "--no-deps", kill_on_drop: false }`
[INFO] removed /workspace/builds/worker-108/source/.cargo/config
[INFO] started tweaking git repo https://github.com/awkinley/multiverse-chess-reader
[INFO] finished tweaking git repo https://github.com/awkinley/multiverse-chess-reader
[INFO] tweaked toml for git repo https://github.com/awkinley/multiverse-chess-reader written to /workspace/builds/worker-108/source/Cargo.toml
[INFO] crate git repo https://github.com/awkinley/multiverse-chess-reader already has a lockfile, it will not be regenerated
[INFO] running `Command { std: "/workspace/cargo-home/bin/cargo" "+beta-2021-08-01" "fetch" "--manifest-path" "Cargo.toml", kill_on_drop: false }`
[INFO] [stderr]     Blocking waiting for file lock on package cache
[INFO] [stderr]     Blocking waiting for file lock on package cache
[INFO] [stderr]  Downloading crates ...
[INFO] [stderr]   Downloaded retry v1.2.0
[INFO] [stderr]   Downloaded lapp v0.4.0
[INFO] [stderr]   Downloaded fixed v1.6.0
[INFO] [stderr]   Downloaded lexers v0.1.3
[INFO] [stderr]   Downloaded process-memory v0.4.0
[INFO] running `Command { std: "docker" "create" "-v" "/var/lib/crater-agent-workspace/builds/worker-108/target:/opt/rustwide/target:rw,Z" "-v" "/var/lib/crater-agent-workspace/builds/worker-108/source:/opt/rustwide/workdir:ro,Z" "-v" "/var/lib/crater-agent-workspace/cargo-home:/opt/rustwide/cargo-home:ro,Z" "-v" "/var/lib/crater-agent-workspace/rustup-home:/opt/rustwide/rustup-home:ro,Z" "-e" "SOURCE_DIR=/opt/rustwide/workdir" "-e" "CARGO_TARGET_DIR=/opt/rustwide/target" "-e" "CARGO_HOME=/opt/rustwide/cargo-home" "-e" "RUSTUP_HOME=/opt/rustwide/rustup-home" "-w" "/opt/rustwide/workdir" "-m" "1610612736" "--user" "0:0" "--network" "none" "ghcr.io/rust-lang/crates-build-env/linux@sha256:34b6a614d2c27851fe6cbf88fbd1137609cefab8b10d0615aaeb6fd47975d74e" "/opt/rustwide/cargo-home/bin/cargo" "+beta-2021-08-01" "metadata" "--no-deps" "--format-version=1", kill_on_drop: false }`
[INFO] [stdout] f37be049a9634823c1466780905298875152f4c37b6d4379a7e1488423579d90
[INFO] running `Command { std: "docker" "start" "-a" "f37be049a9634823c1466780905298875152f4c37b6d4379a7e1488423579d90", kill_on_drop: false }`
[INFO] running `Command { std: "docker" "inspect" "f37be049a9634823c1466780905298875152f4c37b6d4379a7e1488423579d90", kill_on_drop: false }`
[INFO] running `Command { std: "docker" "rm" "-f" "f37be049a9634823c1466780905298875152f4c37b6d4379a7e1488423579d90", kill_on_drop: false }`
[INFO] [stdout] f37be049a9634823c1466780905298875152f4c37b6d4379a7e1488423579d90
[INFO] running `Command { std: "docker" "create" "-v" "/var/lib/crater-agent-workspace/builds/worker-108/target:/opt/rustwide/target:rw,Z" "-v" "/var/lib/crater-agent-workspace/builds/worker-108/source:/opt/rustwide/workdir:ro,Z" "-v" "/var/lib/crater-agent-workspace/cargo-home:/opt/rustwide/cargo-home:ro,Z" "-v" "/var/lib/crater-agent-workspace/rustup-home:/opt/rustwide/rustup-home:ro,Z" "-e" "SOURCE_DIR=/opt/rustwide/workdir" "-e" "CARGO_TARGET_DIR=/opt/rustwide/target" "-e" "CARGO_INCREMENTAL=0" "-e" "RUST_BACKTRACE=full" "-e" "RUSTDOCFLAGS=--cap-lints=warn" "-e" "CARGO_HOME=/opt/rustwide/cargo-home" "-e" "RUSTUP_HOME=/opt/rustwide/rustup-home" "-w" "/opt/rustwide/workdir" "-m" "1610612736" "--user" "0:0" "--network" "none" "ghcr.io/rust-lang/crates-build-env/linux@sha256:34b6a614d2c27851fe6cbf88fbd1137609cefab8b10d0615aaeb6fd47975d74e" "/opt/rustwide/cargo-home/bin/cargo" "+beta-2021-08-01" "doc" "--frozen" "--no-deps" "--document-private-items" "--message-format=json", kill_on_drop: false }`
[INFO] [stdout] edb803636f1d487c0e1601902a17cc3041139051a66b16aa57ae347453858f9c
[INFO] running `Command { std: "docker" "start" "-a" "edb803636f1d487c0e1601902a17cc3041139051a66b16aa57ae347453858f9c", kill_on_drop: false }`
[INFO] [stderr]     Blocking waiting for file lock on package cache
[INFO] [stderr]     Blocking waiting for file lock on package cache
[INFO] [stderr]    Compiling proc-macro2 v1.0.24
[INFO] [stderr]    Compiling unicode-xid v0.2.1
[INFO] [stderr]    Compiling syn v1.0.58
[INFO] [stderr]    Compiling libc v0.2.82
[INFO] [stderr]    Compiling serde_derive v1.0.118
[INFO] [stderr]    Compiling serde v1.0.118
[INFO] [stderr]     Checking cfg-if v1.0.0
[INFO] [stderr]    Compiling autocfg v1.0.1
[INFO] [stderr]    Compiling getrandom v0.1.16
[INFO] [stderr]    Compiling memchr v2.3.4
[INFO] [stderr]    Compiling ryu v1.0.5
[INFO] [stderr]     Checking once_cell v1.5.2
[INFO] [stderr]    Compiling log v0.4.14
[INFO] [stderr]     Checking linked-hash-map v0.5.4
[INFO] [stderr]    Compiling serde_json v1.0.62
[INFO] [stderr]    Compiling anyhow v1.0.38
[INFO] [stderr]    Compiling typenum v1.12.0
[INFO] [stderr]     Checking smallvec v1.6.1
[INFO] [stderr]     Checking ppv-lite86 v0.2.10
[INFO] [stderr]     Checking scopeguard v1.1.0
[INFO] [stderr]     Checking itoa v0.4.7
[INFO] [stderr]     Checking dtoa v0.4.7
[INFO] [stderr]    Compiling fixed v1.6.0
[INFO] [stderr]     Checking regex-syntax v0.6.22
[INFO] [stderr]     Checking array-macro v1.0.5
[INFO] [stderr]     Checking humantime v2.1.0
[INFO] [stderr]     Checking arc-swap v0.4.8
[INFO] [stderr]     Checking byteorder v1.4.3
[INFO] [stderr]     Checking log-mdc v0.1.0
[INFO] [stderr]     Checking fnv v1.0.7
[INFO] [stderr]     Checking lexers v0.1.3
[INFO] [stderr]     Checking lapp v0.4.0
[INFO] [stderr]     Checking instant v0.1.9
[INFO] [stderr]     Checking thread_local v1.1.3
[INFO] [stderr]     Checking lock_api v0.4.2
[INFO] [stderr]    Compiling num-traits v0.2.14
[INFO] [stderr]    Compiling num-integer v0.1.44
[INFO] [stderr]     Checking yaml-rust v0.4.5
[INFO] [stderr]     Checking time v0.1.44
[INFO] [stderr]     Checking parking_lot_core v0.8.3
[INFO] [stderr]     Checking iovec v0.1.4
[INFO] [stderr]     Checking thread-id v3.3.0
[INFO] [stderr]     Checking process-memory v0.4.0
[INFO] [stderr]     Checking aho-corasick v0.7.15
[INFO] [stderr]    Compiling quote v1.0.8
[INFO] [stderr]     Checking bytes v0.4.12
[INFO] [stderr]     Checking rand_core v0.5.1
[INFO] [stderr]     Checking parking_lot v0.11.1
[INFO] [stderr]     Checking regex v1.4.3
[INFO] [stderr]     Checking rand_chacha v0.2.2
[INFO] [stderr]     Checking ordered-float v2.1.1
[INFO] [stderr]     Checking rand v0.7.3
[INFO] [stderr]     Checking chrono v0.4.19
[INFO] [stderr]     Checking retry v1.2.0
[INFO] [stderr]    Compiling thiserror-impl v1.0.24
[INFO] [stderr]    Compiling derivative v2.1.3
[INFO] [stderr]    Compiling enum-map-derive v0.4.6
[INFO] [stderr]     Checking enum-map v0.6.4
[INFO] [stderr]     Checking thiserror v1.0.24
[INFO] [stderr]     Checking serde-value v0.7.0
[INFO] [stderr]     Checking serde_yaml v0.8.17
[INFO] [stderr]    Compiling toml v0.5.8
[INFO] [stderr]     Checking log4rs v1.0.0
[INFO] [stderr]    Compiling proc-macro-crate v0.1.5
[INFO] [stderr]    Compiling num_enum_derive v0.5.1
[INFO] [stderr]     Checking num_enum v0.5.1
[INFO] [stderr]  Documenting multiverse-chess-reader v0.1.0 (/opt/rustwide/workdir)
[INFO] [stdout] error[E0433]: failed to resolve: use of undeclared crate or module `winapi`
[INFO] [stdout]   --> src/game_interface/windows.rs:53:5
[INFO] [stdout]    |
[INFO] [stdout] 53 | use winapi::shared::minwindef::{HMODULE, LPDWORD};
[INFO] [stdout]    |     ^^^^^^ use of undeclared crate or module `winapi`
[INFO] [stdout] 
[INFO] [stdout] 
[INFO] [stdout] error[E0433]: failed to resolve: use of undeclared crate or module `winapi`
[INFO] [stdout]   --> src/game_interface/windows.rs:54:5
[INFO] [stdout]    |
[INFO] [stdout] 54 | use winapi::um::processthreadsapi::*;
[INFO] [stdout]    |     ^^^^^^ use of undeclared crate or module `winapi`
[INFO] [stdout] 
[INFO] [stdout] 
[INFO] [stdout] error[E0433]: failed to resolve: use of undeclared crate or module `winapi`
[INFO] [stdout]   --> src/game_interface/windows.rs:55:5
[INFO] [stdout]    |
[INFO] [stdout] 55 | use winapi::um::psapi::*;
[INFO] [stdout]    |     ^^^^^^ use of undeclared crate or module `winapi`
[INFO] [stdout] 
[INFO] [stdout] 
[INFO] [stdout] error[E0433]: failed to resolve: use of undeclared crate or module `winapi`
[INFO] [stdout]   --> src/game_interface/windows.rs:56:5
[INFO] [stdout]    |
[INFO] [stdout] 56 | use winapi::um::winnt::*;
[INFO] [stdout]    |     ^^^^^^ use of undeclared crate or module `winapi`
[INFO] [stdout] 
[INFO] [stdout] 
[INFO] [stdout] error[E0432]: unresolved imports `winapi::shared::minwindef::HMODULE`, `winapi::shared::minwindef::LPDWORD`, `winapi::um::processthreadsapi::*`, `winapi::um::psapi::*`, `winapi::um::winnt::*`
[INFO] [stdout]   --> src/game_interface/windows.rs:53:33
[INFO] [stdout]    |
[INFO] [stdout] 53 | use winapi::shared::minwindef::{HMODULE, LPDWORD};
[INFO] [stdout]    |                                 ^^^^^^^  ^^^^^^^
[INFO] [stdout] 54 | use winapi::um::processthreadsapi::*;
[INFO] [stdout]    |     ^^^^^^^^^^^^^^^^^^^^^^^^^^^^^^^^
[INFO] [stdout] 55 | use winapi::um::psapi::*;
[INFO] [stdout]    |     ^^^^^^^^^^^^^^^^^^^^
[INFO] [stdout] 56 | use winapi::um::winnt::*;
[INFO] [stdout]    |     ^^^^^^^^^^^^^^^^^^^^
[INFO] [stdout] 
[INFO] [stdout] 
[INFO] [stdout] error[E0433]: failed to resolve: use of undeclared crate or module `winapi`
[INFO] [stdout]   --> src/game_interface/windows.rs:57:33
[INFO] [stdout]    |
[INFO] [stdout] 57 | pub fn list_modules(process_id: winapi::shared::minwindef::DWORD) -> std::io::Result<()> {
[INFO] [stdout]    |                                 ^^^^^^ use of undeclared crate or module `winapi`
[INFO] [stdout] 
[INFO] [stdout] 
[INFO] [stdout] error[E0433]: failed to resolve: use of undeclared crate or module `winapi`
[INFO] [stdout]    --> src/game_interface/windows.rs:109:17
[INFO] [stdout]     |
[INFO] [stdout] 109 |     process_id: winapi::shared::minwindef::DWORD,
[INFO] [stdout]     |                 ^^^^^^ use of undeclared crate or module `winapi`
[INFO] [stdout] 
[INFO] [stdout] 
[INFO] [stdout] error[E0433]: failed to resolve: use of undeclared crate or module `winapi`
[INFO] [stdout]    --> src/game_interface/windows.rs:161:17
[INFO] [stdout]     |
[INFO] [stdout] 161 |     process_id: winapi::shared::minwindef::DWORD,
[INFO] [stdout]     |                 ^^^^^^ use of undeclared crate or module `winapi`
[INFO] [stdout] 
[INFO] [stdout] 
[INFO] [stdout] error[E0433]: failed to resolve: use of undeclared crate or module `winapi`
[INFO] [stdout]    --> src/game_interface/windows.rs:185:17
[INFO] [stdout]     |
[INFO] [stdout] 185 |     process_id: winapi::shared::minwindef::DWORD,
[INFO] [stdout]     |                 ^^^^^^ use of undeclared crate or module `winapi`
[INFO] [stdout] 
[INFO] [stdout] 
[INFO] [stdout] error[E0433]: failed to resolve: use of undeclared crate or module `winapi`
[INFO] [stdout]    --> src/game_interface/windows.rs:263:19
[INFO] [stdout]     |
[INFO] [stdout] 263 |     process: *mut winapi::ctypes::c_void,
[INFO] [stdout]     |                   ^^^^^^ use of undeclared crate or module `winapi`
[INFO] [stdout] 
[INFO] [stdout] 
[INFO] [stdout] error[E0433]: failed to resolve: use of undeclared crate or module `winapi`
[INFO] [stdout]  --> src/game_interface/reading.rs:2:41
[INFO] [stdout]   |
[INFO] [stdout] 2 | pub fn read_bytes(process_handle: (*mut winapi::ctypes::c_void, process_memory::Architecture), starting_addresss: u64, length_bytes: u64)...
[INFO] [stdout]   |                                         ^^^^^^ use of undeclared crate or module `winapi`
[INFO] [stdout] 
[INFO] [stdout] 
[INFO] [stdout] error[E0433]: failed to resolve: use of undeclared crate or module `winapi`
[INFO] [stdout]   --> src/game_interface/reading.rs:19:27
[INFO] [stdout]    |
[INFO] [stdout] 19 |     process_handle: (*mut winapi::ctypes::c_void, process_memory::Architecture),
[INFO] [stdout]    |                           ^^^^^^ use of undeclared crate or module `winapi`
[INFO] [stdout] 
[INFO] [stdout] 
[INFO] [stdout] error[E0433]: failed to resolve: use of undeclared crate or module `winapi`
[INFO] [stdout]   --> src/game_interface/reading.rs:37:27
[INFO] [stdout]    |
[INFO] [stdout] 37 |     process_handle: (*mut winapi::ctypes::c_void, process_memory::Architecture),
[INFO] [stdout]    |                           ^^^^^^ use of undeclared crate or module `winapi`
[INFO] [stdout] 
[INFO] [stdout] 
[INFO] [stdout] error[E0433]: failed to resolve: use of undeclared crate or module `winapi`
[INFO] [stdout]  --> src/game_interface/writing.rs:5:27
[INFO] [stdout]   |
[INFO] [stdout] 5 |     process_handle: (*mut winapi::ctypes::c_void, process_memory::Architecture),
[INFO] [stdout]   |                           ^^^^^^ use of undeclared crate or module `winapi`
[INFO] [stdout] 
[INFO] [stdout] 
[INFO] [stdout] error[E0433]: failed to resolve: use of undeclared crate or module `winapi`
[INFO] [stdout]   --> src/game_interface/writing.rs:21:17
[INFO] [stdout]    |
[INFO] [stdout] 21 |     process_id: winapi::shared::minwindef::DWORD,
[INFO] [stdout]    |                 ^^^^^^ use of undeclared crate or module `winapi`
[INFO] [stdout] 
[INFO] [stdout] 
[INFO] [stdout] error[E0433]: failed to resolve: use of undeclared crate or module `winapi`
[INFO] [stdout]   --> src/game_interface/writing.rs:24:27
[INFO] [stdout]    |
[INFO] [stdout] 24 |     process_handle: (*mut winapi::ctypes::c_void, process_memory::Architecture),
[INFO] [stdout]    |                           ^^^^^^ use of undeclared crate or module `winapi`
[INFO] [stdout] 
[INFO] [stdout] 
[INFO] [stdout] error[E0433]: failed to resolve: use of undeclared crate or module `winapi`
[INFO] [stdout]    --> src/game_interface/writing.rs:170:27
[INFO] [stdout]     |
[INFO] [stdout] 170 |     process_handle: (*mut winapi::ctypes::c_void, process_memory::Architecture),
[INFO] [stdout]     |                           ^^^^^^ use of undeclared crate or module `winapi`
[INFO] [stdout] 
[INFO] [stdout] 
[INFO] [stdout] error[E0433]: failed to resolve: use of undeclared crate or module `winapi`
[INFO] [stdout]   --> src/main.rs:62:27
[INFO] [stdout]    |
[INFO] [stdout] 62 |     process_handle: (*mut winapi::ctypes::c_void, process_memory::Architecture),
[INFO] [stdout]    |                           ^^^^^^ use of undeclared crate or module `winapi`
[INFO] [stdout] 
[INFO] [stdout] 
[INFO] [stdout] error[E0433]: failed to resolve: use of undeclared crate or module `winapi`
[INFO] [stdout]   --> src/main.rs:85:27
[INFO] [stdout]    |
[INFO] [stdout] 85 |     process_handle: (*mut winapi::ctypes::c_void, process_memory::Architecture),
[INFO] [stdout]    |                           ^^^^^^ use of undeclared crate or module `winapi`
[INFO] [stdout] 
[INFO] [stdout] 
[INFO] [stdout] error[E0412]: cannot find type `HMODULE` in this scope
[INFO] [stdout]    --> src/game_interface/windows.rs:111:26
[INFO] [stdout]     |
[INFO] [stdout] 108 | pub fn get_module_handle(
[INFO] [stdout]     |                         - help: you might be missing a type parameter: `<HMODULE>`
[INFO] [stdout] ...
[INFO] [stdout] 111 | ) -> std::result::Result<HMODULE, String> {
[INFO] [stdout]     |                          ^^^^^^^ not found in this scope
[INFO] [stdout] 
[INFO] [stdout] 
[INFO] [stdout] error[E0412]: cannot find type `c_void` in this scope
[INFO] [stdout]    --> src/game_interface/windows.rs:188:31
[INFO] [stdout]     |
[INFO] [stdout] 188 | ) -> std::result::Result<*mut c_void, String> {
[INFO] [stdout]     |                               ^^^^^^ not found in this scope
[INFO] [stdout]     |
[INFO] [stdout] help: consider importing one of these items
[INFO] [stdout]     |
[INFO] [stdout] 50  | use core::ffi::c_void;
[INFO] [stdout]     |
[INFO] [stdout] 50  | use std::os::raw::c_void;
[INFO] [stdout]     |
[INFO] [stdout] 
[INFO] [stdout] 
[INFO] [stdout] error[E0412]: cannot find type `c_void` in this scope
[INFO] [stdout]    --> src/game_interface/windows.rs:266:31
[INFO] [stdout]     |
[INFO] [stdout] 266 | ) -> std::result::Result<*mut c_void, String> {
[INFO] [stdout]     |                               ^^^^^^ not found in this scope
[INFO] [stdout]     |
[INFO] [stdout] help: consider importing one of these items
[INFO] [stdout]     |
[INFO] [stdout] 50  | use core::ffi::c_void;
[INFO] [stdout]     |
[INFO] [stdout] 50  | use std::os::raw::c_void;
[INFO] [stdout]     |
[INFO] [stdout] 
[INFO] [stdout] 
[INFO] [stdout] error: Compilation failed, aborting rustdoc
[INFO] [stdout] 
[INFO] [stdout] 
[INFO] [stdout] error: aborting due to 23 previous errors
[INFO] [stdout] 
[INFO] [stdout] 
[INFO] [stdout] Some errors have detailed explanations: E0412, E0432, E0433.
[INFO] [stdout] 
[INFO] [stdout] For more information about an error, try `rustc --explain E0412`.
[INFO] [stdout] 
[INFO] [stderr] error: could not document `multiverse-chess-reader`
[INFO] [stderr] 
[INFO] [stderr] Caused by:
[INFO] [stderr]   process didn't exit successfully: `rustdoc --edition=2018 --crate-type bin --crate-name multiverse_chess_reader src/main.rs -o /opt/rustwide/target/doc --error-format=json --json=diagnostic-rendered-ansi --document-private-items -L dependency=/opt/rustwide/target/debug/deps --extern bytes=/opt/rustwide/target/debug/deps/libbytes-af95582668f46615.rmeta --extern enum_map=/opt/rustwide/target/debug/deps/libenum_map-f03753f36c3823f7.rmeta --extern fixed=/opt/rustwide/target/debug/deps/libfixed-7272752262b10681.rmeta --extern lapp=/opt/rustwide/target/debug/deps/liblapp-9b4179b9fd37ac1d.rmeta --extern lazy_static=/opt/rustwide/target/debug/deps/liblazy_static-5e37eee3e84fafab.rmeta --extern lexers=/opt/rustwide/target/debug/deps/liblexers-eafb36b5764a804b.rmeta --extern log=/opt/rustwide/target/debug/deps/liblog-95f3efa70e67c31a.rmeta --extern log4rs=/opt/rustwide/target/debug/deps/liblog4rs-060690d6ff09e3cb.rmeta --extern num_enum=/opt/rustwide/target/debug/deps/libnum_enum-a3551c89954239f5.rmeta --extern process_memory=/opt/rustwide/target/debug/deps/libprocess_memory-f4c9072f29c61618.rmeta --extern retry=/opt/rustwide/target/debug/deps/libretry-e5164758a622fe50.rmeta --cap-lints=warn --crate-version 0.1.0` (exit status: 1)
[INFO] running `Command { std: "docker" "inspect" "edb803636f1d487c0e1601902a17cc3041139051a66b16aa57ae347453858f9c", kill_on_drop: false }`
[INFO] running `Command { std: "docker" "rm" "-f" "edb803636f1d487c0e1601902a17cc3041139051a66b16aa57ae347453858f9c", kill_on_drop: false }`
[INFO] [stdout] edb803636f1d487c0e1601902a17cc3041139051a66b16aa57ae347453858f9c
