[INFO] cloning repository https://github.com/aviansie-ben/rust-raytracer
[INFO] running `Command { std: "git" "-c" "credential.helper=" "-c" "credential.helper=/workspace/cargo-home/bin/git-credential-null" "clone" "--bare" "https://github.com/aviansie-ben/rust-raytracer" "/workspace/cache/git-repos/https%3A%2F%2Fgithub.com%2Faviansie-ben%2Frust-raytracer", kill_on_drop: false }`
[INFO] [stderr] Cloning into bare repository '/workspace/cache/git-repos/https%3A%2F%2Fgithub.com%2Faviansie-ben%2Frust-raytracer'...
[INFO] running `Command { std: "git" "rev-parse" "HEAD", kill_on_drop: false }`
[INFO] [stdout] b661c78a4cb089535275e32af8aa7afa71de661e
[INFO] documenting aviansie-ben/rust-raytracer against beta-2021-08-01 for beta-1.55-rustdoc-1
[INFO] running `Command { std: "git" "clone" "/workspace/cache/git-repos/https%3A%2F%2Fgithub.com%2Faviansie-ben%2Frust-raytracer" "/workspace/builds/worker-95/source", kill_on_drop: false }`
[INFO] [stderr] Cloning into '/workspace/builds/worker-95/source'...
[INFO] [stderr] done.
[INFO] validating manifest of git repo https://github.com/aviansie-ben/rust-raytracer on toolchain beta-2021-08-01
[INFO] running `Command { std: "/workspace/cargo-home/bin/cargo" "+beta-2021-08-01" "metadata" "--manifest-path" "Cargo.toml" "--no-deps", kill_on_drop: false }`
[INFO] started tweaking git repo https://github.com/aviansie-ben/rust-raytracer
[INFO] finished tweaking git repo https://github.com/aviansie-ben/rust-raytracer
[INFO] tweaked toml for git repo https://github.com/aviansie-ben/rust-raytracer written to /workspace/builds/worker-95/source/Cargo.toml
[INFO] crate git repo https://github.com/aviansie-ben/rust-raytracer already has a lockfile, it will not be regenerated
[INFO] running `Command { std: "/workspace/cargo-home/bin/cargo" "+beta-2021-08-01" "fetch" "--manifest-path" "Cargo.toml", kill_on_drop: false }`
[INFO] [stderr]     Blocking waiting for file lock on package cache
[INFO] [stderr]     Blocking waiting for file lock on package cache
[INFO] running `Command { std: "docker" "create" "-v" "/var/lib/crater-agent-workspace/builds/worker-95/target:/opt/rustwide/target:rw,Z" "-v" "/var/lib/crater-agent-workspace/builds/worker-95/source:/opt/rustwide/workdir:ro,Z" "-v" "/var/lib/crater-agent-workspace/cargo-home:/opt/rustwide/cargo-home:ro,Z" "-v" "/var/lib/crater-agent-workspace/rustup-home:/opt/rustwide/rustup-home:ro,Z" "-e" "SOURCE_DIR=/opt/rustwide/workdir" "-e" "CARGO_TARGET_DIR=/opt/rustwide/target" "-e" "CARGO_HOME=/opt/rustwide/cargo-home" "-e" "RUSTUP_HOME=/opt/rustwide/rustup-home" "-w" "/opt/rustwide/workdir" "-m" "1610612736" "--user" "0:0" "--network" "none" "ghcr.io/rust-lang/crates-build-env/linux@sha256:34b6a614d2c27851fe6cbf88fbd1137609cefab8b10d0615aaeb6fd47975d74e" "/opt/rustwide/cargo-home/bin/cargo" "+beta-2021-08-01" "metadata" "--no-deps" "--format-version=1", kill_on_drop: false }`
[INFO] [stdout] 126b1e62c24ce652d828ff3d960d64b7a605042183da00776a88cd7202d32fc0
[INFO] running `Command { std: "docker" "start" "-a" "126b1e62c24ce652d828ff3d960d64b7a605042183da00776a88cd7202d32fc0", kill_on_drop: false }`
[INFO] running `Command { std: "docker" "inspect" "126b1e62c24ce652d828ff3d960d64b7a605042183da00776a88cd7202d32fc0", kill_on_drop: false }`
[INFO] running `Command { std: "docker" "rm" "-f" "126b1e62c24ce652d828ff3d960d64b7a605042183da00776a88cd7202d32fc0", kill_on_drop: false }`
[INFO] [stdout] 126b1e62c24ce652d828ff3d960d64b7a605042183da00776a88cd7202d32fc0
[INFO] running `Command { std: "docker" "create" "-v" "/var/lib/crater-agent-workspace/builds/worker-95/target:/opt/rustwide/target:rw,Z" "-v" "/var/lib/crater-agent-workspace/builds/worker-95/source:/opt/rustwide/workdir:ro,Z" "-v" "/var/lib/crater-agent-workspace/cargo-home:/opt/rustwide/cargo-home:ro,Z" "-v" "/var/lib/crater-agent-workspace/rustup-home:/opt/rustwide/rustup-home:ro,Z" "-e" "SOURCE_DIR=/opt/rustwide/workdir" "-e" "CARGO_TARGET_DIR=/opt/rustwide/target" "-e" "CARGO_INCREMENTAL=0" "-e" "RUST_BACKTRACE=full" "-e" "RUSTDOCFLAGS=--cap-lints=warn" "-e" "CARGO_HOME=/opt/rustwide/cargo-home" "-e" "RUSTUP_HOME=/opt/rustwide/rustup-home" "-w" "/opt/rustwide/workdir" "-m" "1610612736" "--user" "0:0" "--network" "none" "ghcr.io/rust-lang/crates-build-env/linux@sha256:34b6a614d2c27851fe6cbf88fbd1137609cefab8b10d0615aaeb6fd47975d74e" "/opt/rustwide/cargo-home/bin/cargo" "+beta-2021-08-01" "doc" "--frozen" "--no-deps" "--document-private-items" "--message-format=json", kill_on_drop: false }`
[INFO] [stdout] 03d37800f0bbc256bced30d1ac2147fad62e0490db82cc335a54b2861d9cc075
[INFO] running `Command { std: "docker" "start" "-a" "03d37800f0bbc256bced30d1ac2147fad62e0490db82cc335a54b2861d9cc075", kill_on_drop: false }`
[INFO] [stderr]     Blocking waiting for file lock on package cache
[INFO] [stderr]     Checking cfg-if v1.0.0
[INFO] [stderr]    Compiling libc v0.2.84
[INFO] [stderr]     Checking lazy_static v1.4.0
[INFO] [stderr]    Compiling const_fn v0.4.5
[INFO] [stderr]    Compiling rayon-core v1.9.0
[INFO] [stderr]     Checking scopeguard v1.1.0
[INFO] [stderr]    Compiling getrandom v0.2.2
[INFO] [stderr]     Checking either v1.5.0
[INFO] [stderr]    Compiling crc32fast v1.2.1
[INFO] [stderr]     Checking adler32 v1.2.0
[INFO] [stderr]     Checking weezl v0.1.3
[INFO] [stderr]     Checking byteorder v1.4.2
[INFO] [stderr]     Checking adler v0.2.3
[INFO] [stderr]    Compiling cgmath v0.18.0
[INFO] [stderr]     Checking ppv-lite86 v0.2.10
[INFO] [stderr]     Checking color_quant v1.1.0
[INFO] [stderr]     Checking bitflags v1.0.4
[INFO] [stderr]     Checking scoped_threadpool v0.1.9
[INFO] [stderr]     Checking bytemuck v1.5.0
[INFO] [stderr]    Compiling crossbeam-utils v0.8.1
[INFO] [stderr]    Compiling memoffset v0.6.1
[INFO] [stderr]    Compiling num-traits v0.2.14
[INFO] [stderr]    Compiling num-integer v0.1.44
[INFO] [stderr]    Compiling rayon v1.5.0
[INFO] [stderr]    Compiling miniz_oxide v0.4.3
[INFO] [stderr]    Compiling num-rational v0.3.2
[INFO] [stderr]     Checking itertools v0.10.0
[INFO] [stderr]     Checking miniz_oxide v0.3.7
[INFO] [stderr]     Checking deflate v0.8.6
[INFO] [stderr]     Checking gif v0.11.1
[INFO] [stderr]     Checking num_cpus v1.8.0
[INFO] [stderr]     Checking png v0.16.8
[INFO] [stderr]     Checking rand_core v0.6.1
[INFO] [stderr]     Checking rand_chacha v0.3.0
[INFO] [stderr]     Checking rand_pcg v0.3.0
[INFO] [stderr]     Checking approx v0.4.0
[INFO] [stderr]     Checking rand v0.8.3
[INFO] [stderr]     Checking num-iter v0.1.37
[INFO] [stderr]     Checking crossbeam-epoch v0.9.1
[INFO] [stderr]     Checking crossbeam-channel v0.5.0
[INFO] [stderr]     Checking crossbeam-deque v0.8.0
[INFO] [stderr]     Checking jpeg-decoder v0.1.21
[INFO] [stderr]     Checking tiff v0.6.1
[INFO] [stderr]     Checking image v0.23.12
[INFO] [stderr]  Documenting raytracer v0.1.0 (/opt/rustwide/workdir)
[INFO] [stdout] error[E0554]: `#![feature]` may not be used on the beta release channel
[INFO] [stdout]  --> src/main.rs:1:1
[INFO] [stdout]   |
[INFO] [stdout] 1 | #![feature(box_patterns)]
[INFO] [stdout]   | ^^^^^^^^^^^^^^^^^^^^^^^^^
[INFO] [stdout] 
[INFO] [stdout] 
[INFO] [stdout] error[E0554]: `#![feature]` may not be used on the beta release channel
[INFO] [stdout]  --> src/main.rs:2:1
[INFO] [stdout]   |
[INFO] [stdout] 2 | #![feature(box_syntax)]
[INFO] [stdout]   | ^^^^^^^^^^^^^^^^^^^^^^^
[INFO] [stdout] 
[INFO] [stdout] 
[INFO] [stdout] error[E0554]: `#![feature]` may not be used on the beta release channel
[INFO] [stdout]  --> src/main.rs:3:1
[INFO] [stdout]   |
[INFO] [stdout] 3 | #![feature(nll)]
[INFO] [stdout]   | ^^^^^^^^^^^^^^^^
[INFO] [stdout] 
[INFO] [stdout] 
[INFO] [stdout] error: Compilation failed, aborting rustdoc
[INFO] [stdout] 
[INFO] [stdout] 
[INFO] [stdout] error: aborting due to 4 previous errors
[INFO] [stdout] 
[INFO] [stdout] 
[INFO] [stdout] For more information about this error, try `rustc --explain E0554`.
[INFO] [stdout] 
[INFO] [stderr] error: could not document `raytracer`
[INFO] [stderr] 
[INFO] [stderr] Caused by:
[INFO] [stderr]   process didn't exit successfully: `rustdoc --crate-type bin --crate-name raytracer src/main.rs -o /opt/rustwide/target/doc --error-format=json --json=diagnostic-rendered-ansi --document-private-items -L dependency=/opt/rustwide/target/debug/deps --extern cgmath=/opt/rustwide/target/debug/deps/libcgmath-449c6fe0cfe63b80.rmeta --extern image=/opt/rustwide/target/debug/deps/libimage-9a9a41a1112cdcfe.rmeta --extern itertools=/opt/rustwide/target/debug/deps/libitertools-6466e9e1b1e129ec.rmeta --extern rand=/opt/rustwide/target/debug/deps/librand-fb49f9101f88a492.rmeta --extern rand_pcg=/opt/rustwide/target/debug/deps/librand_pcg-9b34b93df480ea29.rmeta --extern rayon=/opt/rustwide/target/debug/deps/librayon-f9c89de91e1c412a.rmeta --cap-lints=warn --crate-version 0.1.0` (exit status: 1)
[INFO] running `Command { std: "docker" "inspect" "03d37800f0bbc256bced30d1ac2147fad62e0490db82cc335a54b2861d9cc075", kill_on_drop: false }`
[INFO] running `Command { std: "docker" "rm" "-f" "03d37800f0bbc256bced30d1ac2147fad62e0490db82cc335a54b2861d9cc075", kill_on_drop: false }`
[INFO] [stdout] 03d37800f0bbc256bced30d1ac2147fad62e0490db82cc335a54b2861d9cc075
