[INFO] cloning repository https://github.com/ashuralyk/ckb-nft-payment
[INFO] running `Command { std: "git" "-c" "credential.helper=" "-c" "credential.helper=/workspace/cargo-home/bin/git-credential-null" "clone" "--bare" "https://github.com/ashuralyk/ckb-nft-payment" "/workspace/cache/git-repos/https%3A%2F%2Fgithub.com%2Fashuralyk%2Fckb-nft-payment", kill_on_drop: false }`
[INFO] [stderr] Cloning into bare repository '/workspace/cache/git-repos/https%3A%2F%2Fgithub.com%2Fashuralyk%2Fckb-nft-payment'...
[INFO] running `Command { std: "git" "rev-parse" "HEAD", kill_on_drop: false }`
[INFO] [stdout] 45e599f97b8025f47ef751d886b0c5b17dfb4ce0
[INFO] documenting ashuralyk/ckb-nft-payment against 1.54.0 for beta-1.55-rustdoc-1
[INFO] running `Command { std: "git" "clone" "/workspace/cache/git-repos/https%3A%2F%2Fgithub.com%2Fashuralyk%2Fckb-nft-payment" "/workspace/builds/worker-4/source", kill_on_drop: false }`
[INFO] [stderr] Cloning into '/workspace/builds/worker-4/source'...
[INFO] [stderr] done.
[INFO] validating manifest of git repo https://github.com/ashuralyk/ckb-nft-payment on toolchain 1.54.0
[INFO] running `Command { std: "/workspace/cargo-home/bin/cargo" "+1.54.0" "metadata" "--manifest-path" "Cargo.toml" "--no-deps", kill_on_drop: false }`
[INFO] started tweaking git repo https://github.com/ashuralyk/ckb-nft-payment
[INFO] finished tweaking git repo https://github.com/ashuralyk/ckb-nft-payment
[INFO] tweaked toml for git repo https://github.com/ashuralyk/ckb-nft-payment written to /workspace/builds/worker-4/source/Cargo.toml
[INFO] crate git repo https://github.com/ashuralyk/ckb-nft-payment already has a lockfile, it will not be regenerated
[INFO] running `Command { std: "/workspace/cargo-home/bin/cargo" "+1.54.0" "fetch" "--manifest-path" "Cargo.toml", kill_on_drop: false }`
[INFO] running `Command { std: "docker" "create" "-v" "/var/lib/crater-agent-workspace/builds/worker-4/target:/opt/rustwide/target:rw,Z" "-v" "/var/lib/crater-agent-workspace/builds/worker-4/source:/opt/rustwide/workdir:ro,Z" "-v" "/var/lib/crater-agent-workspace/cargo-home:/opt/rustwide/cargo-home:ro,Z" "-v" "/var/lib/crater-agent-workspace/rustup-home:/opt/rustwide/rustup-home:ro,Z" "-e" "SOURCE_DIR=/opt/rustwide/workdir" "-e" "CARGO_TARGET_DIR=/opt/rustwide/target" "-e" "CARGO_HOME=/opt/rustwide/cargo-home" "-e" "RUSTUP_HOME=/opt/rustwide/rustup-home" "-w" "/opt/rustwide/workdir" "-m" "1610612736" "--user" "0:0" "--network" "none" "ghcr.io/rust-lang/crates-build-env/linux@sha256:34b6a614d2c27851fe6cbf88fbd1137609cefab8b10d0615aaeb6fd47975d74e" "/opt/rustwide/cargo-home/bin/cargo" "+1.54.0" "metadata" "--no-deps" "--format-version=1", kill_on_drop: false }`
[INFO] [stdout] 2bcb114a8becaf29fea9660800b52530b0ecbe96da88a3dde72ceff255b2dbfb
[INFO] [stderr] WARNING: Your kernel does not support swap limit capabilities or the cgroup is not mounted. Memory limited without swap.
[INFO] running `Command { std: "docker" "start" "-a" "2bcb114a8becaf29fea9660800b52530b0ecbe96da88a3dde72ceff255b2dbfb", kill_on_drop: false }`
[INFO] running `Command { std: "docker" "inspect" "2bcb114a8becaf29fea9660800b52530b0ecbe96da88a3dde72ceff255b2dbfb", kill_on_drop: false }`
[INFO] running `Command { std: "docker" "rm" "-f" "2bcb114a8becaf29fea9660800b52530b0ecbe96da88a3dde72ceff255b2dbfb", kill_on_drop: false }`
[INFO] [stdout] 2bcb114a8becaf29fea9660800b52530b0ecbe96da88a3dde72ceff255b2dbfb
[INFO] running `Command { std: "docker" "create" "-v" "/var/lib/crater-agent-workspace/builds/worker-4/target:/opt/rustwide/target:rw,Z" "-v" "/var/lib/crater-agent-workspace/builds/worker-4/source:/opt/rustwide/workdir:ro,Z" "-v" "/var/lib/crater-agent-workspace/cargo-home:/opt/rustwide/cargo-home:ro,Z" "-v" "/var/lib/crater-agent-workspace/rustup-home:/opt/rustwide/rustup-home:ro,Z" "-e" "SOURCE_DIR=/opt/rustwide/workdir" "-e" "CARGO_TARGET_DIR=/opt/rustwide/target" "-e" "CARGO_INCREMENTAL=0" "-e" "RUST_BACKTRACE=full" "-e" "RUSTDOCFLAGS=--cap-lints=warn" "-e" "CARGO_HOME=/opt/rustwide/cargo-home" "-e" "RUSTUP_HOME=/opt/rustwide/rustup-home" "-w" "/opt/rustwide/workdir" "-m" "1610612736" "--user" "0:0" "--network" "none" "ghcr.io/rust-lang/crates-build-env/linux@sha256:34b6a614d2c27851fe6cbf88fbd1137609cefab8b10d0615aaeb6fd47975d74e" "/opt/rustwide/cargo-home/bin/cargo" "+1.54.0" "doc" "--frozen" "--no-deps" "--document-private-items" "--message-format=json", kill_on_drop: false }`
[INFO] [stderr] WARNING: Your kernel does not support swap limit capabilities or the cgroup is not mounted. Memory limited without swap.
[INFO] [stdout] a14a4b5c3f7ad987cd4538a3afb78a97370343069ede11f967b7441a7939fb1f
[INFO] running `Command { std: "docker" "start" "-a" "a14a4b5c3f7ad987cd4538a3afb78a97370343069ede11f967b7441a7939fb1f", kill_on_drop: false }`
[INFO] [stderr]    Compiling syn v1.0.69
[INFO] [stderr]    Compiling log v0.4.14
[INFO] [stderr]    Compiling faster-hex v0.4.1
[INFO] [stderr]     Checking bit-vec v0.5.1
[INFO] [stderr]    Compiling faster-hex v0.3.1
[INFO] [stderr]    Compiling once_cell v1.7.2
[INFO] [stderr]    Compiling gimli v0.23.0
[INFO] [stderr]    Compiling rustc-demangle v0.1.18
[INFO] [stderr]    Compiling object v0.23.0
[INFO] [stderr]     Checking eaglesong v0.1.0
[INFO] [stderr]    Compiling tentacle-secio v0.4.5
[INFO] [stderr]    Compiling wasm-bindgen-shared v0.2.73
[INFO] [stderr]     Checking path-clean v0.1.0
[INFO] [stderr]     Checking ckb-build-info v0.39.1
[INFO] [stderr]     Checking ckb-vm-definitions v0.19.3
[INFO] [stderr]     Checking ckb-db-schema v0.39.1
[INFO] [stderr]    Compiling ckb-script v0.39.1
[INFO] [stderr]    Compiling wasm-bindgen v0.2.73
[INFO] [stderr]     Checking ckb-spawn v0.39.1
[INFO] [stderr]    Compiling ckb-script v0.37.0
[INFO] [stderr]    Compiling cty v0.2.1
[INFO] [stderr]     Checking ckb-always-success-script v0.0.1
[INFO] [stderr]     Checking buddy-alloc v0.4.1
[INFO] [stderr]     Checking merkle-cbt v0.3.0
[INFO] [stderr]    Compiling crossbeam-utils v0.6.6
[INFO] [stderr]    Compiling libc v0.2.93
[INFO] [stderr]    Compiling heapsize v0.4.2
[INFO] [stderr]    Compiling anyhow v1.0.40
[INFO] [stderr]     Checking lru v0.6.5
[INFO] [stderr]     Checking getrandom v0.1.16
[INFO] [stderr]     Checking getrandom v0.2.2
[INFO] [stderr]     Checking rand_os v0.1.3
[INFO] [stderr]     Checking signal-hook-registry v1.3.0
[INFO] [stderr]     Checking mapr v0.8.0
[INFO] [stderr]    Compiling crossbeam-utils v0.8.3
[INFO] [stderr]    Compiling memoffset v0.6.3
[INFO] [stderr]     Checking ckb-channel v0.39.1
[INFO] [stderr]     Checking ckb-channel v0.37.0
[INFO] [stderr]     Checking flate2 v1.0.20
[INFO] [stderr]     Checking backtrace v0.3.56
[INFO] [stderr]     Checking rand_core v0.5.1
[INFO] [stderr]     Checking rand_core v0.6.2
[INFO] [stderr]     Checking rand v0.6.5
[INFO] [stderr]     Checking rayon-core v1.9.0
[INFO] [stderr]    Compiling crossbeam-channel v0.3.9
[INFO] [stderr]    Compiling crossbeam-epoch v0.9.3
[INFO] [stderr]    Compiling crossbeam-channel v0.5.1
[INFO] [stderr]    Compiling num_cpus v1.13.0
[INFO] [stderr]     Checking rand_chacha v0.3.0
[INFO] [stderr]     Checking rand_chacha v0.2.2
[INFO] [stderr]     Checking includedir v0.5.0
[INFO] [stderr]    Compiling crossbeam-deque v0.8.0
[INFO] [stderr]     Checking rayon v1.5.0
[INFO] [stderr]     Checking rand v0.7.3
[INFO] [stderr]     Checking rand v0.8.3
[INFO] [stderr]     Checking parking_lot_core v0.4.0
[INFO] [stderr]     Checking parking_lot v0.7.1
[INFO] [stderr]    Compiling addr2line v0.14.1
[INFO] [stderr]     Checking tempfile v3.2.0
[INFO] [stderr]     Checking ckb-util v0.39.1
[INFO] [stderr]    Compiling phf_generator v0.7.24
[INFO] [stderr]    Compiling phf_codegen v0.7.24
[INFO] [stderr]     Checking faketime v0.2.1
[INFO] [stderr]    Compiling includedir_codegen v0.5.0
[INFO] [stderr]    Compiling cc v1.0.41
[INFO] [stderr]    Compiling synstructure v0.12.4
[INFO] [stderr]    Compiling blake2b-rs v0.1.5
[INFO] [stderr]    Compiling openssl-sys v0.9.61
[INFO] [stderr]    Compiling secp256k1-sys v0.3.0
[INFO] [stderr]    Compiling ring v0.16.12
[INFO] [stderr]    Compiling ckb-librocksdb-sys v6.7.4
[INFO] [stderr]    Compiling ckb-vm v0.19.3
[INFO] [stderr]    Compiling secp256k1-sys v0.1.2
[INFO] [stderr]    Compiling blake2b-rs v0.2.0
[INFO] [stderr]    Compiling ckb-std v0.7.3
[INFO] [stderr]    Compiling ckb-x64-simulator v0.4.0
[INFO] [stderr]    Compiling openssl v0.10.33
[INFO] [stderr]    Compiling native-tls v0.2.7
[INFO] [stderr]    Compiling nft-payment v0.1.0 (/opt/rustwide/workdir/contracts/nft-payment)
[INFO] [stderr]     Checking ckb-hash v0.39.1
[INFO] [stderr]     Checking ckb-hash v0.37.0
[INFO] [stderr]    Compiling ckb-system-scripts v0.5.1
[INFO] [stderr]    Compiling serde_derive v1.0.125
[INFO] [stderr]    Compiling thiserror-impl v1.0.24
[INFO] [stderr]    Compiling numext-constructor v0.1.6
[INFO] [stderr]    Compiling derive_more v0.99.13
[INFO] [stderr]    Compiling failure_derive v0.1.8
[INFO] [stderr]    Compiling tokio-macros v0.2.6
[INFO] [stderr]    Compiling futures-macro v0.3.14
[INFO] [stderr] error: could not compile `openssl-sys`
[INFO] [stderr] 
[INFO] [stderr] Caused by:
[INFO] [stderr]   process didn't exit successfully: `rustc --crate-name openssl_sys /opt/rustwide/cargo-home/registry/src/github.com-1ecc6299db9ec823/openssl-sys-0.9.61/src/lib.rs --error-format=json --json=diagnostic-rendered-ansi --crate-type lib --emit=dep-info,metadata -C embed-bitcode=no -C debuginfo=2 -C metadata=8f98a5d3882f72cd -C extra-filename=-8f98a5d3882f72cd --out-dir /opt/rustwide/target/debug/deps -L dependency=/opt/rustwide/target/debug/deps --extern libc=/opt/rustwide/target/debug/deps/liblibc-be8412aa43da4ba1.rmeta --cap-lints allow --cfg const_fn --cfg 'osslconf="OPENSSL_NO_SSL3_METHOD"' --cfg ossl101 --cfg ossl102 --cfg ossl102f --cfg ossl102h --cfg ossl110 --cfg ossl110f --cfg ossl110g --cfg ossl110h --cfg ossl111 --cfg ossl111b --cfg ossl111c -l ssl -l crypto` (signal: 9, SIGKILL: kill)
[INFO] [stderr] warning: build failed, waiting for other jobs to finish...
[INFO] [stderr] The following warnings were emitted during compilation:
[INFO] [stderr] 
[INFO] [stderr] warning: c++: fatal error: Killed signal terminated program cc1plus
[INFO] [stderr] warning: compilation terminated.
[INFO] [stderr] warning: c++: fatal error: Killed signal terminated program cc1plus
[INFO] [stderr] warning: compilation terminated.
[INFO] [stderr] warning: c++: fatal error: Killed signal terminated program cc1plus
[INFO] [stderr] warning: compilation terminated.
[INFO] [stderr] warning: c++: fatal error: Killed signal terminated program cc1plus
[INFO] [stderr] warning: compilation terminated.
[INFO] [stderr] warning: c++: fatal error: Killed signal terminated program cc1plus
[INFO] [stderr] warning: compilation terminated.
[INFO] [stderr] warning: c++: fatal error: Killed signal terminated program cc1plus
[INFO] [stderr] warning: compilation terminated.
[INFO] [stderr] warning: c++: fatal error: Killed signal terminated program cc1plus
[INFO] [stderr] warning: compilation terminated.
[INFO] [stderr] warning: c++: fatal error: Killed signal terminated program cc1plus
[INFO] [stderr] warning: compilation terminated.
[INFO] [stderr] warning: c++: fatal error: Killed signal terminated program cc1plus
[INFO] [stderr] warning: compilation terminated.
[INFO] [stderr] warning: c++: fatal error: Killed signal terminated program cc1plus
[INFO] [stderr] warning: compilation terminated.
[INFO] [stderr] 
[INFO] [stderr] error: build failed
[INFO] running `Command { std: "docker" "inspect" "a14a4b5c3f7ad987cd4538a3afb78a97370343069ede11f967b7441a7939fb1f", kill_on_drop: false }`
[INFO] running `Command { std: "docker" "rm" "-f" "a14a4b5c3f7ad987cd4538a3afb78a97370343069ede11f967b7441a7939fb1f", kill_on_drop: false }`
[INFO] [stdout] a14a4b5c3f7ad987cd4538a3afb78a97370343069ede11f967b7441a7939fb1f
