[INFO] cloning repository https://github.com/ashpil/syzygy
[INFO] running `Command { std: "git" "-c" "credential.helper=" "-c" "credential.helper=/workspace/cargo-home/bin/git-credential-null" "clone" "--bare" "https://github.com/ashpil/syzygy" "/workspace/cache/git-repos/https%3A%2F%2Fgithub.com%2Fashpil%2Fsyzygy", kill_on_drop: false }`
[INFO] [stderr] Cloning into bare repository '/workspace/cache/git-repos/https%3A%2F%2Fgithub.com%2Fashpil%2Fsyzygy'...
[INFO] running `Command { std: "git" "rev-parse" "HEAD", kill_on_drop: false }`
[INFO] [stdout] 4656105607c62d37a8eaff382300c9ba84d28748
[INFO] documenting ashpil/syzygy against 1.54.0 for beta-1.55-rustdoc-1
[INFO] running `Command { std: "git" "clone" "/workspace/cache/git-repos/https%3A%2F%2Fgithub.com%2Fashpil%2Fsyzygy" "/workspace/builds/worker-7/source", kill_on_drop: false }`
[INFO] [stderr] Cloning into '/workspace/builds/worker-7/source'...
[INFO] [stderr] done.
[INFO] validating manifest of git repo https://github.com/ashpil/syzygy on toolchain 1.54.0
[INFO] running `Command { std: "/workspace/cargo-home/bin/cargo" "+1.54.0" "metadata" "--manifest-path" "Cargo.toml" "--no-deps", kill_on_drop: false }`
[INFO] started tweaking git repo https://github.com/ashpil/syzygy
[INFO] finished tweaking git repo https://github.com/ashpil/syzygy
[INFO] tweaked toml for git repo https://github.com/ashpil/syzygy written to /workspace/builds/worker-7/source/Cargo.toml
[INFO] crate git repo https://github.com/ashpil/syzygy already has a lockfile, it will not be regenerated
[INFO] running `Command { std: "/workspace/cargo-home/bin/cargo" "+1.54.0" "fetch" "--manifest-path" "Cargo.toml", kill_on_drop: false }`
[INFO] [stderr]     Blocking waiting for file lock on package cache
[INFO] [stderr]     Blocking waiting for file lock on package cache
[INFO] [stderr]  Downloading crates ...
[INFO] [stderr]   Downloaded rand_xoshiro v0.6.0
[INFO] [stderr]   Downloaded rand_distr v0.4.0
[INFO] running `Command { std: "docker" "create" "-v" "/var/lib/crater-agent-workspace/builds/worker-7/target:/opt/rustwide/target:rw,Z" "-v" "/var/lib/crater-agent-workspace/builds/worker-7/source:/opt/rustwide/workdir:ro,Z" "-v" "/var/lib/crater-agent-workspace/cargo-home:/opt/rustwide/cargo-home:ro,Z" "-v" "/var/lib/crater-agent-workspace/rustup-home:/opt/rustwide/rustup-home:ro,Z" "-e" "SOURCE_DIR=/opt/rustwide/workdir" "-e" "CARGO_TARGET_DIR=/opt/rustwide/target" "-e" "CARGO_HOME=/opt/rustwide/cargo-home" "-e" "RUSTUP_HOME=/opt/rustwide/rustup-home" "-w" "/opt/rustwide/workdir" "-m" "1610612736" "--user" "0:0" "--network" "none" "ghcr.io/rust-lang/crates-build-env/linux@sha256:34b6a614d2c27851fe6cbf88fbd1137609cefab8b10d0615aaeb6fd47975d74e" "/opt/rustwide/cargo-home/bin/cargo" "+1.54.0" "metadata" "--no-deps" "--format-version=1", kill_on_drop: false }`
[INFO] [stdout] 7b5b2c23b9b16d0f1a9f64137b0ac9f1d885c55b0f4e80efe8e3e50e94d87cd0
[INFO] [stderr] WARNING: Your kernel does not support swap limit capabilities or the cgroup is not mounted. Memory limited without swap.
[INFO] running `Command { std: "docker" "start" "-a" "7b5b2c23b9b16d0f1a9f64137b0ac9f1d885c55b0f4e80efe8e3e50e94d87cd0", kill_on_drop: false }`
[INFO] running `Command { std: "docker" "inspect" "7b5b2c23b9b16d0f1a9f64137b0ac9f1d885c55b0f4e80efe8e3e50e94d87cd0", kill_on_drop: false }`
[INFO] running `Command { std: "docker" "rm" "-f" "7b5b2c23b9b16d0f1a9f64137b0ac9f1d885c55b0f4e80efe8e3e50e94d87cd0", kill_on_drop: false }`
[INFO] [stdout] 7b5b2c23b9b16d0f1a9f64137b0ac9f1d885c55b0f4e80efe8e3e50e94d87cd0
[INFO] running `Command { std: "docker" "create" "-v" "/var/lib/crater-agent-workspace/builds/worker-7/target:/opt/rustwide/target:rw,Z" "-v" "/var/lib/crater-agent-workspace/builds/worker-7/source:/opt/rustwide/workdir:ro,Z" "-v" "/var/lib/crater-agent-workspace/cargo-home:/opt/rustwide/cargo-home:ro,Z" "-v" "/var/lib/crater-agent-workspace/rustup-home:/opt/rustwide/rustup-home:ro,Z" "-e" "SOURCE_DIR=/opt/rustwide/workdir" "-e" "CARGO_TARGET_DIR=/opt/rustwide/target" "-e" "CARGO_INCREMENTAL=0" "-e" "RUST_BACKTRACE=full" "-e" "RUSTDOCFLAGS=--cap-lints=warn" "-e" "CARGO_HOME=/opt/rustwide/cargo-home" "-e" "RUSTUP_HOME=/opt/rustwide/rustup-home" "-w" "/opt/rustwide/workdir" "-m" "1610612736" "--user" "0:0" "--network" "none" "ghcr.io/rust-lang/crates-build-env/linux@sha256:34b6a614d2c27851fe6cbf88fbd1137609cefab8b10d0615aaeb6fd47975d74e" "/opt/rustwide/cargo-home/bin/cargo" "+1.54.0" "doc" "--frozen" "--no-deps" "--document-private-items" "--message-format=json", kill_on_drop: false }`
[INFO] [stdout] fcca6dec9c15c93dfe5d4a6b9fee44e884c47add82bc33104847a7c9f1f18c56
[INFO] [stderr] WARNING: Your kernel does not support swap limit capabilities or the cgroup is not mounted. Memory limited without swap.
[INFO] running `Command { std: "docker" "start" "-a" "fcca6dec9c15c93dfe5d4a6b9fee44e884c47add82bc33104847a7c9f1f18c56", kill_on_drop: false }`
[INFO] [stderr]     Checking antsy v0.1.0 (/opt/rustwide/workdir/antsy)
[INFO] [stderr]  Documenting antsy v0.1.0 (/opt/rustwide/workdir/antsy)
[INFO] [stderr]     Checking png v0.16.8
[INFO] [stderr]     Checking rand_xoshiro v0.6.0
[INFO] [stderr]     Checking rayon-core v1.9.0
[INFO] [stderr]     Checking rand v0.8.1
[INFO] [stderr]     Checking rayon v1.5.0
[INFO] [stderr]     Checking rand_distr v0.4.0
[INFO] [stderr]     Checking glitz v0.1.0 (/opt/rustwide/workdir/glitz)
[INFO] [stderr]  Documenting glitz v0.1.0 (/opt/rustwide/workdir/glitz)
[INFO] [stderr]     Checking xenon v0.1.0 (/opt/rustwide/workdir/xenon)
[INFO] [stderr]  Documenting xenon v0.1.0 (/opt/rustwide/workdir/xenon)
[INFO] [stderr]  Documenting based v0.1.0 (/opt/rustwide/workdir/based)
[INFO] [stdout] error[E0554]: `#![feature]` may not be used on the stable release channel
[INFO] [stdout]  --> based/src/lib.rs:1:1
[INFO] [stdout]   |
[INFO] [stdout] 1 | #![feature(once_cell)]
[INFO] [stdout]   | ^^^^^^^^^^^^^^^^^^^^^^
[INFO] [stdout] 
[INFO] [stdout] 
[INFO] [stdout] error[E0554]: `#![feature]` may not be used on the stable release channel
[INFO] [stdout]  --> based/src/lib.rs:2:1
[INFO] [stdout]   |
[INFO] [stdout] 2 | #![feature(thread_local)]
[INFO] [stdout]   | ^^^^^^^^^^^^^^^^^^^^^^^^^
[INFO] [stdout] 
[INFO] [stdout] 
[INFO] [stdout] error[E0554]: `#![feature]` may not be used on the stable release channel
[INFO] [stdout]  --> based/src/lib.rs:3:1
[INFO] [stdout]   |
[INFO] [stdout] 3 | #![feature(maybe_uninit_ref)]
[INFO] [stdout]   | ^^^^^^^^^^^^^^^^^^^^^^^^^^^^^
[INFO] [stdout] 
[INFO] [stdout] 
[INFO] [stdout] error[E0554]: `#![feature]` may not be used on the stable release channel
[INFO] [stdout]  --> based/src/lib.rs:4:1
[INFO] [stdout]   |
[INFO] [stdout] 4 | #![feature(unsafe_cell_raw_get)]
[INFO] [stdout]   | ^^^^^^^^^^^^^^^^^^^^^^^^^^^^^^^^
[INFO] [stdout] 
[INFO] [stdout] 
[INFO] [stdout] error: Compilation failed, aborting rustdoc
[INFO] [stdout] 
[INFO] [stdout] 
[INFO] [stdout] error: aborting due to 5 previous errors
[INFO] [stdout] 
[INFO] [stdout] 
[INFO] [stdout] For more information about this error, try `rustc --explain E0554`.
[INFO] [stdout] 
[INFO] [stderr] error: could not document `based`
[INFO] [stderr] 
[INFO] [stderr] Caused by:
[INFO] [stderr]   process didn't exit successfully: `rustdoc --edition=2018 --crate-type lib --crate-name based based/src/lib.rs -o /opt/rustwide/target/doc --cfg 'feature="default"' --cfg 'feature="parallel"' --cfg 'feature="rayon"' --error-format=json --json=diagnostic-rendered-ansi --document-private-items -L dependency=/opt/rustwide/target/debug/deps --extern antsy=/opt/rustwide/target/debug/deps/libantsy-20223a91c1ed6c07.rmeta --extern glitz=/opt/rustwide/target/debug/deps/libglitz-c95c35d48bc795ce.rmeta --extern png=/opt/rustwide/target/debug/deps/libpng-b5e8bd39bbf44d46.rmeta --extern rand=/opt/rustwide/target/debug/deps/librand-57b4bdb6eab237f7.rmeta --extern rand_xoshiro=/opt/rustwide/target/debug/deps/librand_xoshiro-9b8d4ae5c8d3e5aa.rmeta --extern rayon=/opt/rustwide/target/debug/deps/librayon-c2bd8f37b5245eeb.rmeta --extern xenon=/opt/rustwide/target/debug/deps/libxenon-3ffe23345c7e9513.rmeta --cap-lints=warn --crate-version 0.1.0` (exit status: 1)
[INFO] [stderr] warning: build failed, waiting for other jobs to finish...
[INFO] [stderr] error: build failed
[INFO] running `Command { std: "docker" "inspect" "fcca6dec9c15c93dfe5d4a6b9fee44e884c47add82bc33104847a7c9f1f18c56", kill_on_drop: false }`
[INFO] running `Command { std: "docker" "rm" "-f" "fcca6dec9c15c93dfe5d4a6b9fee44e884c47add82bc33104847a7c9f1f18c56", kill_on_drop: false }`
[INFO] [stdout] fcca6dec9c15c93dfe5d4a6b9fee44e884c47add82bc33104847a7c9f1f18c56
