[INFO] cloning repository https://github.com/arundilipan/ludumdare
[INFO] running `Command { std: "git" "-c" "credential.helper=" "-c" "credential.helper=/workspace/cargo-home/bin/git-credential-null" "clone" "--bare" "https://github.com/arundilipan/ludumdare" "/workspace/cache/git-repos/https%3A%2F%2Fgithub.com%2Farundilipan%2Fludumdare", kill_on_drop: false }`
[INFO] [stderr] Cloning into bare repository '/workspace/cache/git-repos/https%3A%2F%2Fgithub.com%2Farundilipan%2Fludumdare'...
[INFO] running `Command { std: "git" "rev-parse" "HEAD", kill_on_drop: false }`
[INFO] [stdout] a10ac85784ffd90c74457fea00ec1bfe265de4ad
[INFO] documenting arundilipan/ludumdare against 1.54.0 for beta-1.55-rustdoc-1
[INFO] running `Command { std: "git" "clone" "/workspace/cache/git-repos/https%3A%2F%2Fgithub.com%2Farundilipan%2Fludumdare" "/workspace/builds/worker-2/source", kill_on_drop: false }`
[INFO] [stderr] Cloning into '/workspace/builds/worker-2/source'...
[INFO] [stderr] done.
[INFO] validating manifest of git repo https://github.com/arundilipan/ludumdare on toolchain 1.54.0
[INFO] running `Command { std: "/workspace/cargo-home/bin/cargo" "+1.54.0" "metadata" "--manifest-path" "Cargo.toml" "--no-deps", kill_on_drop: false }`
[INFO] started tweaking git repo https://github.com/arundilipan/ludumdare
[INFO] finished tweaking git repo https://github.com/arundilipan/ludumdare
[INFO] tweaked toml for git repo https://github.com/arundilipan/ludumdare written to /workspace/builds/worker-2/source/Cargo.toml
[INFO] crate git repo https://github.com/arundilipan/ludumdare already has a lockfile, it will not be regenerated
[INFO] running `Command { std: "/workspace/cargo-home/bin/cargo" "+1.54.0" "fetch" "--manifest-path" "Cargo.toml", kill_on_drop: false }`
[INFO] [stderr]     Updating crates.io index
[INFO] running `Command { std: "docker" "create" "-v" "/var/lib/crater-agent-workspace/builds/worker-2/target:/opt/rustwide/target:rw,Z" "-v" "/var/lib/crater-agent-workspace/builds/worker-2/source:/opt/rustwide/workdir:ro,Z" "-v" "/var/lib/crater-agent-workspace/cargo-home:/opt/rustwide/cargo-home:ro,Z" "-v" "/var/lib/crater-agent-workspace/rustup-home:/opt/rustwide/rustup-home:ro,Z" "-e" "SOURCE_DIR=/opt/rustwide/workdir" "-e" "CARGO_TARGET_DIR=/opt/rustwide/target" "-e" "CARGO_HOME=/opt/rustwide/cargo-home" "-e" "RUSTUP_HOME=/opt/rustwide/rustup-home" "-w" "/opt/rustwide/workdir" "-m" "1610612736" "--user" "0:0" "--network" "none" "ghcr.io/rust-lang/crates-build-env/linux@sha256:34b6a614d2c27851fe6cbf88fbd1137609cefab8b10d0615aaeb6fd47975d74e" "/opt/rustwide/cargo-home/bin/cargo" "+1.54.0" "metadata" "--no-deps" "--format-version=1", kill_on_drop: false }`
[INFO] [stdout] a4eb3d75a7bc3c429edaf3a7ba9a2ecef0e85b309e7dc3e18c5a5113581b47e5
[INFO] [stderr] WARNING: Your kernel does not support swap limit capabilities or the cgroup is not mounted. Memory limited without swap.
[INFO] running `Command { std: "docker" "start" "-a" "a4eb3d75a7bc3c429edaf3a7ba9a2ecef0e85b309e7dc3e18c5a5113581b47e5", kill_on_drop: false }`
[INFO] running `Command { std: "docker" "inspect" "a4eb3d75a7bc3c429edaf3a7ba9a2ecef0e85b309e7dc3e18c5a5113581b47e5", kill_on_drop: false }`
[INFO] running `Command { std: "docker" "rm" "-f" "a4eb3d75a7bc3c429edaf3a7ba9a2ecef0e85b309e7dc3e18c5a5113581b47e5", kill_on_drop: false }`
[INFO] [stdout] a4eb3d75a7bc3c429edaf3a7ba9a2ecef0e85b309e7dc3e18c5a5113581b47e5
[INFO] running `Command { std: "docker" "create" "-v" "/var/lib/crater-agent-workspace/builds/worker-2/target:/opt/rustwide/target:rw,Z" "-v" "/var/lib/crater-agent-workspace/builds/worker-2/source:/opt/rustwide/workdir:ro,Z" "-v" "/var/lib/crater-agent-workspace/cargo-home:/opt/rustwide/cargo-home:ro,Z" "-v" "/var/lib/crater-agent-workspace/rustup-home:/opt/rustwide/rustup-home:ro,Z" "-e" "SOURCE_DIR=/opt/rustwide/workdir" "-e" "CARGO_TARGET_DIR=/opt/rustwide/target" "-e" "CARGO_INCREMENTAL=0" "-e" "RUST_BACKTRACE=full" "-e" "RUSTDOCFLAGS=--cap-lints=warn" "-e" "CARGO_HOME=/opt/rustwide/cargo-home" "-e" "RUSTUP_HOME=/opt/rustwide/rustup-home" "-w" "/opt/rustwide/workdir" "-m" "1610612736" "--user" "0:0" "--network" "none" "ghcr.io/rust-lang/crates-build-env/linux@sha256:34b6a614d2c27851fe6cbf88fbd1137609cefab8b10d0615aaeb6fd47975d74e" "/opt/rustwide/cargo-home/bin/cargo" "+1.54.0" "doc" "--frozen" "--no-deps" "--document-private-items" "--message-format=json", kill_on_drop: false }`
[INFO] [stderr] WARNING: Your kernel does not support swap limit capabilities or the cgroup is not mounted. Memory limited without swap.
[INFO] [stdout] f1ed63c45ab944da6c56a3a630d7b3e064dbb4b0ee42afc1e4e3c0774050d88a
[INFO] running `Command { std: "docker" "start" "-a" "f1ed63c45ab944da6c56a3a630d7b3e064dbb4b0ee42afc1e4e3c0774050d88a", kill_on_drop: false }`
[INFO] [stderr]    Compiling matrixmultiply v0.1.14
[INFO] [stderr]    Compiling num-complex v0.2.0
[INFO] [stderr]     Checking claxon v0.3.1
[INFO] [stderr]     Checking any-cache v0.2.3
[INFO] [stderr]    Compiling log v0.4.3
[INFO] [stderr]    Compiling backtrace-sys v0.1.23
[INFO] [stderr]    Compiling sdl2-sys v0.31.0
[INFO] [stderr]    Compiling bzip2-sys v0.1.6
[INFO] [stderr]     Checking net2 v0.2.33
[INFO] [stderr]     Checking ogg v0.4.1
[INFO] [stderr]     Checking jpeg-decoder v0.1.15
[INFO] [stderr]     Checking filetime v0.1.15
[INFO] [stderr]    Compiling alsa-sys v0.1.2
[INFO] [stderr]     Checking app_dirs2 v2.0.3
[INFO] [stderr]     Checking rand v0.3.22
[INFO] [stderr]     Checking msdos_time v0.1.6
[INFO] [stderr]     Checking twox-hash v1.1.1
[INFO] [stderr]     Checking num-complex v0.1.43
[INFO] [stderr]     Checking approx v0.2.1
[INFO] [stderr]     Checking gfx_core v0.8.2
[INFO] [stderr]     Checking generic-array v0.8.3
[INFO] [stderr]     Checking toml v0.4.6
[INFO] [stderr]     Checking euclid v0.17.3
[INFO] [stderr]     Checking sid v0.5.2
[INFO] [stderr]     Checking num-rational v0.1.42
[INFO] [stderr]    Compiling gl_generator v0.9.0
[INFO] [stderr]     Checking cgmath v0.14.1
[INFO] [stderr]     Checking miow v0.1.5
[INFO] [stderr]     Checking lewton v0.5.2
[INFO] [stderr]     Checking rusttype v0.5.2
[INFO] [stderr]     Checking num v0.1.42
[INFO] [stderr]     Checking png v0.12.0
[INFO] [stderr]     Checking alga v0.5.4
[INFO] [stderr]     Checking mio v0.5.1
[INFO] [stderr]     Checking lyon_geom v0.10.1
[INFO] [stderr]     Checking cpal v0.8.2
[INFO] [stderr]     Checking image v0.19.0
[INFO] [stderr]     Checking notify v4.0.4
[INFO] [stderr]     Checking nalgebra v0.14.4
[INFO] [stderr]     Checking alga v0.6.0
[INFO] [stderr]     Checking backtrace v0.3.9
[INFO] [stderr]    Compiling gfx_gl v0.5.0
[INFO] [stderr]     Checking bzip2 v0.3.3
[INFO] [stderr]     Checking gfx v0.17.1
[INFO] [stderr]     Checking sdl2 v0.31.0
[INFO] [stderr]     Checking lyon_path v0.10.1
[INFO] [stderr]     Checking warmy v0.7.3
[INFO] [stderr]     Checking zip v0.3.3
[INFO] [stderr]     Checking nalgebra v0.15.3
[INFO] [stderr]     Checking lyon_tessellation v0.10.2
[INFO] [stderr]     Checking gfx_glyph v0.10.2
[INFO] [stderr]     Checking rodio v0.7.0
[INFO] [stdout] error[E0592]: duplicate definitions with name `new`
[INFO] [stdout]    --> /opt/rustwide/cargo-home/registry/src/github.com-1ecc6299db9ec823/nalgebra-0.14.4/src/core/construction.rs:510:13
[INFO] [stdout]     |
[INFO] [stdout] 510 |               pub fn new($($args: N),*) -> Self {
[INFO] [stdout]     |               ^^^^^^^^^^^^^^^^^^^^^^^^^^^^^^^^^ duplicate definitions for `new`
[INFO] [stdout] ...
[INFO] [stdout] 522 | / componentwise_constructors_impl!(
[INFO] [stdout] 523 | |     /*
[INFO] [stdout] 524 | |      * Square matrices 1 .. 6.
[INFO] [stdout] 525 | |      */
[INFO] [stdout] ...   |
[INFO] [stdout] 664 | |     U6, U1, x:(0,0), y:(1,0), z:(2,0), w:(3,0), a:(4,0), b:(5,0);
[INFO] [stdout] 665 | | );
[INFO] [stdout]     | |__- in this macro invocation
[INFO] [stdout]     | 
[INFO] [stdout]    ::: /opt/rustwide/cargo-home/registry/src/github.com-1ecc6299db9ec823/nalgebra-0.14.4/src/core/construction_slice_deprecated.rs:171:13
[INFO] [stdout]     |
[INFO] [stdout] 171 |               pub fn new(data: &'a [N], $($args: usize),*) -> Self {
[INFO] [stdout]     |               ---------------------------------------------------- other definition for `new`
[INFO] [stdout]     |
[INFO] [stdout]     = note: this error originates in the macro `componentwise_constructors_impl` (in Nightly builds, run with -Z macro-backtrace for more info)
[INFO] [stdout] 
[INFO] [stdout] 
[INFO] [stdout] error[E0592]: duplicate definitions with name `new`
[INFO] [stdout]    --> /opt/rustwide/cargo-home/registry/src/github.com-1ecc6299db9ec823/nalgebra-0.14.4/src/core/construction.rs:510:13
[INFO] [stdout]     |
[INFO] [stdout] 510 |               pub fn new($($args: N),*) -> Self {
[INFO] [stdout]     |               ^^^^^^^^^^^^^^^^^^^^^^^^^^^^^^^^^ duplicate definitions for `new`
[INFO] [stdout] ...
[INFO] [stdout] 522 | / componentwise_constructors_impl!(
[INFO] [stdout] 523 | |     /*
[INFO] [stdout] 524 | |      * Square matrices 1 .. 6.
[INFO] [stdout] 525 | |      */
[INFO] [stdout] ...   |
[INFO] [stdout] 664 | |     U6, U1, x:(0,0), y:(1,0), z:(2,0), w:(3,0), a:(4,0), b:(5,0);
[INFO] [stdout] 665 | | );
[INFO] [stdout]     | |__- in this macro invocation
[INFO] [stdout]     | 
[INFO] [stdout]    ::: /opt/rustwide/cargo-home/registry/src/github.com-1ecc6299db9ec823/nalgebra-0.14.4/src/core/construction_slice_deprecated.rs:232:13
[INFO] [stdout]     |
[INFO] [stdout] 232 |               pub fn new(data: &'a mut [N], $($args: usize),*) -> Self {
[INFO] [stdout]     |               -------------------------------------------------------- other definition for `new`
[INFO] [stdout]     |
[INFO] [stdout]     = note: this error originates in the macro `componentwise_constructors_impl` (in Nightly builds, run with -Z macro-backtrace for more info)
[INFO] [stdout] 
[INFO] [stdout] 
[INFO] [stdout] error: aborting due to 2 previous errors
[INFO] [stdout] 
[INFO] [stdout] 
[INFO] [stdout] For more information about this error, try `rustc --explain E0592`.
[INFO] [stdout] 
[INFO] [stderr] error: could not compile `nalgebra`
[INFO] [stderr] 
[INFO] [stderr] To learn more, run the command again with --verbose.
[INFO] [stderr] warning: build failed, waiting for other jobs to finish...
[INFO] [stdout] error[E0502]: cannot borrow `*self` as immutable because it is also borrowed as mutable
[INFO] [stdout]    --> /opt/rustwide/cargo-home/registry/src/github.com-1ecc6299db9ec823/nalgebra-0.15.3/src/base/cg.rs:292:44
[INFO] [stdout]     |
[INFO] [stdout] 292 |                 self[(j, i)] += shift[j] * self[(D::dim() - 1, i)];
[INFO] [stdout]     |                 ---------------------------^^^^-------------------
[INFO] [stdout]     |                 |                          |
[INFO] [stdout]     |                 |                          immutable borrow occurs here
[INFO] [stdout]     |                 mutable borrow occurs here
[INFO] [stdout]     |                 mutable borrow later used here
[INFO] [stdout] 
[INFO] [stdout] 
[INFO] [stdout] error: aborting due to previous error
[INFO] [stdout] 
[INFO] [stdout] 
[INFO] [stdout] For more information about this error, try `rustc --explain E0502`.
[INFO] [stdout] 
[INFO] [stderr] error: build failed
[INFO] running `Command { std: "docker" "inspect" "f1ed63c45ab944da6c56a3a630d7b3e064dbb4b0ee42afc1e4e3c0774050d88a", kill_on_drop: false }`
[INFO] running `Command { std: "docker" "rm" "-f" "f1ed63c45ab944da6c56a3a630d7b3e064dbb4b0ee42afc1e4e3c0774050d88a", kill_on_drop: false }`
[INFO] [stdout] f1ed63c45ab944da6c56a3a630d7b3e064dbb4b0ee42afc1e4e3c0774050d88a
