[INFO] cloning repository https://github.com/artifice-network/installer
[INFO] running `Command { std: "git" "-c" "credential.helper=" "-c" "credential.helper=/workspace/cargo-home/bin/git-credential-null" "clone" "--bare" "https://github.com/artifice-network/installer" "/workspace/cache/git-repos/https%3A%2F%2Fgithub.com%2Fartifice-network%2Finstaller", kill_on_drop: false }`
[INFO] [stderr] Cloning into bare repository '/workspace/cache/git-repos/https%3A%2F%2Fgithub.com%2Fartifice-network%2Finstaller'...
[INFO] running `Command { std: "git" "rev-parse" "HEAD", kill_on_drop: false }`
[INFO] [stdout] f81d2141e5c0e9224456a128320b0283f106e9f5
[INFO] documenting artifice-network/installer against beta-2021-08-01 for beta-1.55-rustdoc-1
[INFO] running `Command { std: "git" "clone" "/workspace/cache/git-repos/https%3A%2F%2Fgithub.com%2Fartifice-network%2Finstaller" "/workspace/builds/worker-1/source", kill_on_drop: false }`
[INFO] [stderr] Cloning into '/workspace/builds/worker-1/source'...
[INFO] [stderr] done.
[INFO] validating manifest of git repo https://github.com/artifice-network/installer on toolchain beta-2021-08-01
[INFO] running `Command { std: "/workspace/cargo-home/bin/cargo" "+beta-2021-08-01" "metadata" "--manifest-path" "Cargo.toml" "--no-deps", kill_on_drop: false }`
[INFO] started tweaking git repo https://github.com/artifice-network/installer
[INFO] finished tweaking git repo https://github.com/artifice-network/installer
[INFO] tweaked toml for git repo https://github.com/artifice-network/installer written to /workspace/builds/worker-1/source/Cargo.toml
[INFO] crate git repo https://github.com/artifice-network/installer already has a lockfile, it will not be regenerated
[INFO] running `Command { std: "/workspace/cargo-home/bin/cargo" "+beta-2021-08-01" "fetch" "--manifest-path" "Cargo.toml", kill_on_drop: false }`
[INFO] [stderr]  Downloading crates ...
[INFO] [stderr]   Downloaded cpuid-bool v0.1.0
[INFO] [stderr]   Downloaded sha2 v0.9.1
[INFO] [stderr]   Downloaded generic-array v0.14.3
[INFO] [stderr]   Downloaded libflate v1.0.2
[INFO] [stderr]   Downloaded ipc-channel v0.14.1
[INFO] [stderr]   Downloaded libssh2-sys v0.2.18
[INFO] [stderr]   Downloaded networking v0.1.2
[INFO] [stderr]   Downloaded manager v0.1.1
[INFO] running `Command { std: "docker" "create" "-v" "/var/lib/crater-agent-workspace/builds/worker-1/target:/opt/rustwide/target:rw,Z" "-v" "/var/lib/crater-agent-workspace/builds/worker-1/source:/opt/rustwide/workdir:ro,Z" "-v" "/var/lib/crater-agent-workspace/cargo-home:/opt/rustwide/cargo-home:ro,Z" "-v" "/var/lib/crater-agent-workspace/rustup-home:/opt/rustwide/rustup-home:ro,Z" "-e" "SOURCE_DIR=/opt/rustwide/workdir" "-e" "CARGO_TARGET_DIR=/opt/rustwide/target" "-e" "CARGO_HOME=/opt/rustwide/cargo-home" "-e" "RUSTUP_HOME=/opt/rustwide/rustup-home" "-w" "/opt/rustwide/workdir" "-m" "1610612736" "--user" "0:0" "--network" "none" "ghcr.io/rust-lang/crates-build-env/linux@sha256:34b6a614d2c27851fe6cbf88fbd1137609cefab8b10d0615aaeb6fd47975d74e" "/opt/rustwide/cargo-home/bin/cargo" "+beta-2021-08-01" "metadata" "--no-deps" "--format-version=1", kill_on_drop: false }`
[INFO] [stderr] WARNING: Your kernel does not support swap limit capabilities or the cgroup is not mounted. Memory limited without swap.
[INFO] [stdout] 09a0c9c0f7dabb352dcdbe4a45e23d95284dcf061ada0036e21602a5ba07efb5
[INFO] running `Command { std: "docker" "start" "-a" "09a0c9c0f7dabb352dcdbe4a45e23d95284dcf061ada0036e21602a5ba07efb5", kill_on_drop: false }`
[INFO] running `Command { std: "docker" "inspect" "09a0c9c0f7dabb352dcdbe4a45e23d95284dcf061ada0036e21602a5ba07efb5", kill_on_drop: false }`
[INFO] running `Command { std: "docker" "rm" "-f" "09a0c9c0f7dabb352dcdbe4a45e23d95284dcf061ada0036e21602a5ba07efb5", kill_on_drop: false }`
[INFO] [stdout] 09a0c9c0f7dabb352dcdbe4a45e23d95284dcf061ada0036e21602a5ba07efb5
[INFO] running `Command { std: "docker" "create" "-v" "/var/lib/crater-agent-workspace/builds/worker-1/target:/opt/rustwide/target:rw,Z" "-v" "/var/lib/crater-agent-workspace/builds/worker-1/source:/opt/rustwide/workdir:ro,Z" "-v" "/var/lib/crater-agent-workspace/cargo-home:/opt/rustwide/cargo-home:ro,Z" "-v" "/var/lib/crater-agent-workspace/rustup-home:/opt/rustwide/rustup-home:ro,Z" "-e" "SOURCE_DIR=/opt/rustwide/workdir" "-e" "CARGO_TARGET_DIR=/opt/rustwide/target" "-e" "CARGO_INCREMENTAL=0" "-e" "RUST_BACKTRACE=full" "-e" "RUSTDOCFLAGS=--cap-lints=warn" "-e" "CARGO_HOME=/opt/rustwide/cargo-home" "-e" "RUSTUP_HOME=/opt/rustwide/rustup-home" "-w" "/opt/rustwide/workdir" "-m" "1610612736" "--user" "0:0" "--network" "none" "ghcr.io/rust-lang/crates-build-env/linux@sha256:34b6a614d2c27851fe6cbf88fbd1137609cefab8b10d0615aaeb6fd47975d74e" "/opt/rustwide/cargo-home/bin/cargo" "+beta-2021-08-01" "doc" "--frozen" "--no-deps" "--document-private-items" "--message-format=json", kill_on_drop: false }`
[INFO] [stdout] c3c4a1cf34ca3eb23044d03b724e1dcea5fa42bbf17abf49ac1ac3791581eaea
[INFO] [stderr] WARNING: Your kernel does not support swap limit capabilities or the cgroup is not mounted. Memory limited without swap.
[INFO] running `Command { std: "docker" "start" "-a" "c3c4a1cf34ca3eb23044d03b724e1dcea5fa42bbf17abf49ac1ac3791581eaea", kill_on_drop: false }`
[INFO] [stderr]    Compiling serde v1.0.114
[INFO] [stderr]     Checking smallvec v1.4.1
[INFO] [stderr]     Checking cpuid-bool v0.1.0
[INFO] [stderr]     Checking libflate_lz77 v1.0.0
[INFO] [stderr]    Compiling num-integer v0.1.43
[INFO] [stderr]    Compiling num-bigint-dig v0.6.0
[INFO] [stderr]     Checking tokio v0.2.21
[INFO] [stderr]     Checking thread_local v1.0.1
[INFO] [stderr]    Compiling jobserver v0.1.21
[INFO] [stderr]     Checking crossbeam-utils v0.7.2
[INFO] [stderr]     Checking rand v0.3.23
[INFO] [stderr]     Checking dirs v3.0.1
[INFO] [stderr]    Compiling zeroize_derive v1.0.0
[INFO] [stderr]     Checking futures-util v0.3.5
[INFO] [stderr]     Checking uuid v0.8.1
[INFO] [stderr]     Checking sha2 v0.9.1
[INFO] [stderr]     Checking regex v1.3.9
[INFO] [stderr]     Checking libflate v1.0.2
[INFO] [stderr]     Checking rust-crypto v0.2.36
[INFO] [stderr]     Checking crossbeam-channel v0.4.2
[INFO] [stderr]    Compiling cc v1.0.58
[INFO] [stderr]     Checking num-iter v0.1.41
[INFO] [stderr]     Checking num-bigint v0.2.6
[INFO] [stderr]     Checking chrono v0.4.13
[INFO] [stderr]     Checking pem v0.8.1
[INFO] [stderr]    Compiling openssl-sys v0.9.58
[INFO] [stderr]    Compiling libz-sys v1.0.25
[INFO] [stderr]    Compiling libssh2-sys v0.2.18
[INFO] [stderr]    Compiling libgit2-sys v0.12.7+1.0.0
[INFO] [stderr]     Checking simple_asn1 v0.4.0
[INFO] [stderr]     Checking zeroize v1.1.0
[INFO] [stderr]     Checking futures-executor v0.3.5
[INFO] [stderr]     Checking futures v0.3.5
[INFO] [stderr]     Checking bincode v1.3.1
[INFO] [stderr]     Checking serde_json v1.0.56
[INFO] [stderr]     Checking ipc-channel v0.14.1
[INFO] [stderr]     Checking rsa v0.3.0
[INFO] [stderr]     Checking git2 v0.13.6
[INFO] [stderr]     Checking networking v0.1.2
[INFO] [stdout] error[E0554]: `#![feature]` may not be used on the beta release channel
[INFO] [stdout]   --> /opt/rustwide/cargo-home/registry/src/github.com-1ecc6299db9ec823/networking-0.1.2/src/lib.rs:66:1
[INFO] [stdout]    |
[INFO] [stdout] 66 | #![feature(maybe_uninit_ref)]
[INFO] [stdout]    | ^^^^^^^^^^^^^^^^^^^^^^^^^^^^^
[INFO] [stdout] 
[INFO] [stdout] 
[INFO] [stdout] error[E0554]: `#![feature]` may not be used on the beta release channel
[INFO] [stdout]   --> /opt/rustwide/cargo-home/registry/src/github.com-1ecc6299db9ec823/networking-0.1.2/src/lib.rs:67:1
[INFO] [stdout]    |
[INFO] [stdout] 67 | #![feature(ip)]
[INFO] [stdout]    | ^^^^^^^^^^^^^^^
[INFO] [stdout] 
[INFO] [stdout] 
[INFO] [stdout] error[E0599]: no method named `get_ref` found for reference `&MaybeUninit<Req>` in the current scope
[INFO] [stdout]    --> /opt/rustwide/cargo-home/registry/src/github.com-1ecc6299db9ec823/networking-0.1.2/src/query.rs:20:54
[INFO] [stdout]     |
[INFO] [stdout] 20  |             return Poll::Ready(unsafe { data.deref().get_ref().clone() });
[INFO] [stdout]     |                                                      ^^^^^^^ method not found in `&MaybeUninit<Req>`
[INFO] [stdout]     |
[INFO] [stdout] help: consider wrapping the receiver expression with the appropriate type
[INFO] [stdout]     |
[INFO] [stdout] 20  |             return Poll::Ready(unsafe { Pin::new(data.deref()).get_ref().clone() });
[INFO] [stdout]     |                                         ^^^^^^^^^            ^
[INFO] [stdout] help: consider wrapping the receiver expression with the appropriate type
[INFO] [stdout]     |
[INFO] [stdout] 20  |             return Poll::Ready(unsafe { Pin::new(&data.deref()).get_ref().clone() });
[INFO] [stdout]     |                                         ^^^^^^^^^^            ^
[INFO] [stdout] 
[INFO] [stdout] 
[INFO] [stdout] error[E0599]: no method named `get_mut` found for mutable reference `&mut MaybeUninit<Req>` in the current scope
[INFO] [stdout]    --> /opt/rustwide/cargo-home/registry/src/github.com-1ecc6299db9ec823/networking-0.1.2/src/query.rs:34:32
[INFO] [stdout]     |
[INFO] [stdout] 34  |             *gaurd.deref_mut().get_mut() = data;
[INFO] [stdout]     |                                ^^^^^^^ method not found in `&mut MaybeUninit<Req>`
[INFO] [stdout]     |
[INFO] [stdout] help: consider wrapping the receiver expression with the appropriate type
[INFO] [stdout]     |
[INFO] [stdout] 34  |             *Pin::new(gaurd.deref_mut()).get_mut() = data;
[INFO] [stdout]     |              ^^^^^^^^^                 ^
[INFO] [stdout] help: consider wrapping the receiver expression with the appropriate type
[INFO] [stdout]     |
[INFO] [stdout] 34  |             *Pin::new(&mut gaurd.deref_mut()).get_mut() = data;
[INFO] [stdout]     |              ^^^^^^^^^^^^^                  ^
[INFO] [stdout] 
[INFO] [stdout] 
[INFO] [stdout] error[E0599]: no method named `get_ref` found for reference `&std::sync::MutexGuard<'_, MaybeUninit<T>>` in the current scope
[INFO] [stdout]    --> /opt/rustwide/cargo-home/registry/src/github.com-1ecc6299db9ec823/networking-0.1.2/src/query.rs:53:43
[INFO] [stdout]     |
[INFO] [stdout] 53  |                 return Some(data.borrow().get_ref().clone());
[INFO] [stdout]     |                                           ^^^^^^^ method not found in `&std::sync::MutexGuard<'_, MaybeUninit<T>>`
[INFO] [stdout]     |
[INFO] [stdout] help: consider wrapping the receiver expression with the appropriate type
[INFO] [stdout]     |
[INFO] [stdout] 53  |                 return Some(Pin::new(data.borrow()).get_ref().clone());
[INFO] [stdout]     |                             ^^^^^^^^^             ^
[INFO] [stdout] help: consider wrapping the receiver expression with the appropriate type
[INFO] [stdout]     |
[INFO] [stdout] 53  |                 return Some(Pin::new(&data.borrow()).get_ref().clone());
[INFO] [stdout]     |                             ^^^^^^^^^^             ^
[INFO] [stdout] 
[INFO] [stdout] 
[INFO] [stdout] error[E0599]: no method named `get_ref` found for reference `&MaybeUninit<T>` in the current scope
[INFO] [stdout]    --> /opt/rustwide/cargo-home/registry/src/github.com-1ecc6299db9ec823/networking-0.1.2/src/query.rs:66:35
[INFO] [stdout]     |
[INFO] [stdout] 66  |                 Some(data.deref().get_ref().clone())
[INFO] [stdout]     |                                   ^^^^^^^ method not found in `&MaybeUninit<T>`
[INFO] [stdout]     |
[INFO] [stdout] help: consider wrapping the receiver expression with the appropriate type
[INFO] [stdout]     |
[INFO] [stdout] 66  |                 Some(Pin::new(data.deref()).get_ref().clone())
[INFO] [stdout]     |                      ^^^^^^^^^            ^
[INFO] [stdout] help: consider wrapping the receiver expression with the appropriate type
[INFO] [stdout]     |
[INFO] [stdout] 66  |                 Some(Pin::new(&data.deref()).get_ref().clone())
[INFO] [stdout]     |                      ^^^^^^^^^^            ^
[INFO] [stdout] 
[INFO] [stdout] 
[INFO] [stdout] error[E0599]: no method named `get_mut` found for mutable reference `&mut MaybeUninit<Rsp>` in the current scope
[INFO] [stdout]    --> /opt/rustwide/cargo-home/registry/src/github.com-1ecc6299db9ec823/networking-0.1.2/src/query.rs:91:32
[INFO] [stdout]     |
[INFO] [stdout] 91  |             *gaurd.deref_mut().get_mut() = data;
[INFO] [stdout]     |                                ^^^^^^^ method not found in `&mut MaybeUninit<Rsp>`
[INFO] [stdout]     |
[INFO] [stdout] help: consider wrapping the receiver expression with the appropriate type
[INFO] [stdout]     |
[INFO] [stdout] 91  |             *Pin::new(gaurd.deref_mut()).get_mut() = data;
[INFO] [stdout]     |              ^^^^^^^^^                 ^
[INFO] [stdout] help: consider wrapping the receiver expression with the appropriate type
[INFO] [stdout]     |
[INFO] [stdout] 91  |             *Pin::new(&mut gaurd.deref_mut()).get_mut() = data;
[INFO] [stdout]     |              ^^^^^^^^^^^^^                  ^
[INFO] [stdout] 
[INFO] [stdout] 
[INFO] [stdout] error[E0599]: no method named `get_ref` found for reference `&MaybeUninit<T>` in the current scope
[INFO] [stdout]    --> /opt/rustwide/cargo-home/registry/src/github.com-1ecc6299db9ec823/networking-0.1.2/src/query.rs:104:47
[INFO] [stdout]     |
[INFO] [stdout] 104 |             return Some(unsafe { data.deref().get_ref().clone() });
[INFO] [stdout]     |                                               ^^^^^^^ method not found in `&MaybeUninit<T>`
[INFO] [stdout]     |
[INFO] [stdout] help: consider wrapping the receiver expression with the appropriate type
[INFO] [stdout]     |
[INFO] [stdout] 104 |             return Some(unsafe { Pin::new(data.deref()).get_ref().clone() });
[INFO] [stdout]     |                                  ^^^^^^^^^            ^
[INFO] [stdout] help: consider wrapping the receiver expression with the appropriate type
[INFO] [stdout]     |
[INFO] [stdout] 104 |             return Some(unsafe { Pin::new(&data.deref()).get_ref().clone() });
[INFO] [stdout]     |                                  ^^^^^^^^^^            ^
[INFO] [stdout] 
[INFO] [stdout] 
[INFO] [stdout] error[E0599]: no method named `get_ref` found for reference `&MaybeUninit<T>` in the current scope
[INFO] [stdout]    --> /opt/rustwide/cargo-home/registry/src/github.com-1ecc6299db9ec823/networking-0.1.2/src/query.rs:116:35
[INFO] [stdout]     |
[INFO] [stdout] 116 |                 Some(data.deref().get_ref().clone())
[INFO] [stdout]     |                                   ^^^^^^^ method not found in `&MaybeUninit<T>`
[INFO] [stdout]     |
[INFO] [stdout] help: consider wrapping the receiver expression with the appropriate type
[INFO] [stdout]     |
[INFO] [stdout] 116 |                 Some(Pin::new(data.deref()).get_ref().clone())
[INFO] [stdout]     |                      ^^^^^^^^^            ^
[INFO] [stdout] help: consider wrapping the receiver expression with the appropriate type
[INFO] [stdout]     |
[INFO] [stdout] 116 |                 Some(Pin::new(&data.deref()).get_ref().clone())
[INFO] [stdout]     |                      ^^^^^^^^^^            ^
[INFO] [stdout] 
[INFO] [stdout] 
[INFO] [stdout] error[E0599]: no method named `get_ref` found for reference `&MaybeUninit<Rsp>` in the current scope
[INFO] [stdout]    --> /opt/rustwide/cargo-home/registry/src/github.com-1ecc6299db9ec823/networking-0.1.2/src/query.rs:138:54
[INFO] [stdout]     |
[INFO] [stdout] 138 |             return Poll::Ready(unsafe { data.deref().get_ref().clone() });
[INFO] [stdout]     |                                                      ^^^^^^^ method not found in `&MaybeUninit<Rsp>`
[INFO] [stdout]     |
[INFO] [stdout] help: consider wrapping the receiver expression with the appropriate type
[INFO] [stdout]     |
[INFO] [stdout] 138 |             return Poll::Ready(unsafe { Pin::new(data.deref()).get_ref().clone() });
[INFO] [stdout]     |                                         ^^^^^^^^^            ^
[INFO] [stdout] help: consider wrapping the receiver expression with the appropriate type
[INFO] [stdout]     |
[INFO] [stdout] 138 |             return Poll::Ready(unsafe { Pin::new(&data.deref()).get_ref().clone() });
[INFO] [stdout]     |                                         ^^^^^^^^^^            ^
[INFO] [stdout] 
[INFO] [stdout] 
[INFO] [stdout] error: aborting due to 10 previous errors
[INFO] [stdout] 
[INFO] [stdout] 
[INFO] [stdout] Some errors have detailed explanations: E0554, E0599.
[INFO] [stdout] 
[INFO] [stdout] For more information about an error, try `rustc --explain E0554`.
[INFO] [stdout] 
[INFO] [stderr] error: could not compile `networking` due to 11 previous errors
[INFO] [stderr] warning: build failed, waiting for other jobs to finish...
[INFO] [stderr] error: build failed
[INFO] running `Command { std: "docker" "inspect" "c3c4a1cf34ca3eb23044d03b724e1dcea5fa42bbf17abf49ac1ac3791581eaea", kill_on_drop: false }`
[INFO] running `Command { std: "docker" "rm" "-f" "c3c4a1cf34ca3eb23044d03b724e1dcea5fa42bbf17abf49ac1ac3791581eaea", kill_on_drop: false }`
[INFO] [stdout] c3c4a1cf34ca3eb23044d03b724e1dcea5fa42bbf17abf49ac1ac3791581eaea
