[INFO] cloning repository https://github.com/arrayJY/tiny-renderer
[INFO] running `Command { std: "git" "-c" "credential.helper=" "-c" "credential.helper=/workspace/cargo-home/bin/git-credential-null" "clone" "--bare" "https://github.com/arrayJY/tiny-renderer" "/workspace/cache/git-repos/https%3A%2F%2Fgithub.com%2FarrayJY%2Ftiny-renderer", kill_on_drop: false }`
[INFO] [stderr] Cloning into bare repository '/workspace/cache/git-repos/https%3A%2F%2Fgithub.com%2FarrayJY%2Ftiny-renderer'...
[INFO] running `Command { std: "git" "rev-parse" "HEAD", kill_on_drop: false }`
[INFO] [stdout] d20ce2d0f96f7af17d79d841d8f9d4619765b3e5
[INFO] documenting arrayJY/tiny-renderer against beta-2021-08-01 for beta-1.55-rustdoc-1
[INFO] running `Command { std: "git" "clone" "/workspace/cache/git-repos/https%3A%2F%2Fgithub.com%2FarrayJY%2Ftiny-renderer" "/workspace/builds/worker-5/source", kill_on_drop: false }`
[INFO] [stderr] Cloning into '/workspace/builds/worker-5/source'...
[INFO] [stderr] done.
[INFO] validating manifest of git repo https://github.com/arrayJY/tiny-renderer on toolchain beta-2021-08-01
[INFO] running `Command { std: "/workspace/cargo-home/bin/cargo" "+beta-2021-08-01" "metadata" "--manifest-path" "Cargo.toml" "--no-deps", kill_on_drop: false }`
[INFO] started tweaking git repo https://github.com/arrayJY/tiny-renderer
[INFO] finished tweaking git repo https://github.com/arrayJY/tiny-renderer
[INFO] tweaked toml for git repo https://github.com/arrayJY/tiny-renderer written to /workspace/builds/worker-5/source/Cargo.toml
[INFO] crate git repo https://github.com/arrayJY/tiny-renderer already has a lockfile, it will not be regenerated
[INFO] running `Command { std: "/workspace/cargo-home/bin/cargo" "+beta-2021-08-01" "fetch" "--manifest-path" "Cargo.toml", kill_on_drop: false }`
[INFO] [stderr]  Downloading crates ...
[INFO] [stderr]   Downloaded generator v0.6.24
[INFO] [stderr]   Downloaded crossbeam-epoch v0.9.2
[INFO] [stderr]   Downloaded loom v0.4.0
[INFO] [stderr]   Downloaded crossbeam-utils v0.8.2
[INFO] [stderr]   Downloaded tobj v2.0.4
[INFO] running `Command { std: "docker" "create" "-v" "/var/lib/crater-agent-workspace/builds/worker-5/target:/opt/rustwide/target:rw,Z" "-v" "/var/lib/crater-agent-workspace/builds/worker-5/source:/opt/rustwide/workdir:ro,Z" "-v" "/var/lib/crater-agent-workspace/cargo-home:/opt/rustwide/cargo-home:ro,Z" "-v" "/var/lib/crater-agent-workspace/rustup-home:/opt/rustwide/rustup-home:ro,Z" "-e" "SOURCE_DIR=/opt/rustwide/workdir" "-e" "CARGO_TARGET_DIR=/opt/rustwide/target" "-e" "CARGO_HOME=/opt/rustwide/cargo-home" "-e" "RUSTUP_HOME=/opt/rustwide/rustup-home" "-w" "/opt/rustwide/workdir" "-m" "1610612736" "--user" "0:0" "--network" "none" "ghcr.io/rust-lang/crates-build-env/linux@sha256:34b6a614d2c27851fe6cbf88fbd1137609cefab8b10d0615aaeb6fd47975d74e" "/opt/rustwide/cargo-home/bin/cargo" "+beta-2021-08-01" "metadata" "--no-deps" "--format-version=1", kill_on_drop: false }`
[INFO] [stderr] WARNING: Your kernel does not support swap limit capabilities or the cgroup is not mounted. Memory limited without swap.
[INFO] [stdout] da116ed95f3a5bfce76b5b6ce765bb40d5823f42da69e6649cb15698b49f1178
[INFO] running `Command { std: "docker" "start" "-a" "da116ed95f3a5bfce76b5b6ce765bb40d5823f42da69e6649cb15698b49f1178", kill_on_drop: false }`
[INFO] running `Command { std: "docker" "inspect" "da116ed95f3a5bfce76b5b6ce765bb40d5823f42da69e6649cb15698b49f1178", kill_on_drop: false }`
[INFO] running `Command { std: "docker" "rm" "-f" "da116ed95f3a5bfce76b5b6ce765bb40d5823f42da69e6649cb15698b49f1178", kill_on_drop: false }`
[INFO] [stdout] da116ed95f3a5bfce76b5b6ce765bb40d5823f42da69e6649cb15698b49f1178
[INFO] running `Command { std: "docker" "create" "-v" "/var/lib/crater-agent-workspace/builds/worker-5/target:/opt/rustwide/target:rw,Z" "-v" "/var/lib/crater-agent-workspace/builds/worker-5/source:/opt/rustwide/workdir:ro,Z" "-v" "/var/lib/crater-agent-workspace/cargo-home:/opt/rustwide/cargo-home:ro,Z" "-v" "/var/lib/crater-agent-workspace/rustup-home:/opt/rustwide/rustup-home:ro,Z" "-e" "SOURCE_DIR=/opt/rustwide/workdir" "-e" "CARGO_TARGET_DIR=/opt/rustwide/target" "-e" "CARGO_INCREMENTAL=0" "-e" "RUST_BACKTRACE=full" "-e" "RUSTDOCFLAGS=--cap-lints=warn" "-e" "CARGO_HOME=/opt/rustwide/cargo-home" "-e" "RUSTUP_HOME=/opt/rustwide/rustup-home" "-w" "/opt/rustwide/workdir" "-m" "1610612736" "--user" "0:0" "--network" "none" "ghcr.io/rust-lang/crates-build-env/linux@sha256:34b6a614d2c27851fe6cbf88fbd1137609cefab8b10d0615aaeb6fd47975d74e" "/opt/rustwide/cargo-home/bin/cargo" "+beta-2021-08-01" "doc" "--frozen" "--no-deps" "--document-private-items" "--message-format=json", kill_on_drop: false }`
[INFO] [stdout] 83a8a0087b53159b61ab4a7962021aedc731b0326031c5081d407293b6e78827
[INFO] [stderr] WARNING: Your kernel does not support swap limit capabilities or the cgroup is not mounted. Memory limited without swap.
[INFO] running `Command { std: "docker" "start" "-a" "83a8a0087b53159b61ab4a7962021aedc731b0326031c5081d407293b6e78827", kill_on_drop: false }`
[INFO] [stderr]    Compiling libc v0.2.82
[INFO] [stderr]    Compiling log v0.4.13
[INFO] [stderr]    Compiling winapi v0.3.9
[INFO] [stderr]     Checking tobj v2.0.4
[INFO] [stderr]    Compiling wayland-sys v0.28.3
[INFO] [stderr]    Compiling wayland-client v0.28.3
[INFO] [stderr]    Compiling wayland-protocols v0.28.3
[INFO] [stderr]     Checking xcursor v0.3.3
[INFO] [stderr]     Checking nix v0.18.0
[INFO] [stderr]     Checking num_cpus v1.13.0
[INFO] [stderr]     Checking iovec v0.1.4
[INFO] [stderr]     Checking net2 v0.2.37
[INFO] [stderr]     Checking memmap2 v0.1.0
[INFO] [stderr]     Checking parking_lot_core v0.8.2
[INFO] [stderr]     Checking x11-dl v2.18.5
[INFO] [stderr]     Checking raw-window-handle v0.3.3
[INFO] [stderr]     Checking rayon-core v1.9.0
[INFO] [stderr]     Checking mio v0.6.23
[INFO] [stderr]     Checking parking_lot v0.11.1
[INFO] [stderr]     Checking rayon v1.5.0
[INFO] [stderr]     Checking mio-extras v2.0.6
[INFO] [stderr]     Checking jpeg-decoder v0.1.22
[INFO] [stderr]     Checking wayland-commons v0.28.3
[INFO] [stderr]     Checking calloop v0.6.5
[INFO] [stderr]     Checking tiff v0.6.1
[INFO] [stderr]     Checking image v0.23.13
[INFO] [stderr]     Checking wayland-cursor v0.28.3
[INFO] [stderr]     Checking smithay-client-toolkit v0.12.2
[INFO] [stderr]     Checking winit v0.24.0
[INFO] [stderr]  Documenting tiny-renderer v0.1.0 (/opt/rustwide/workdir)
[INFO] [stdout] error[E0433]: failed to resolve: could not find `shared` in `winapi`
[INFO] [stdout]  --> src/window/platform.rs:5:5
[INFO] [stdout]   |
[INFO] [stdout] 5 |     shared::{
[INFO] [stdout]   |     ^^^^^^ could not find `shared` in `winapi`
[INFO] [stdout] 
[INFO] [stdout] 
[INFO] [stdout] error[E0433]: failed to resolve: could not find `um` in `winapi`
[INFO] [stdout]  --> src/window/platform.rs:9:5
[INFO] [stdout]   |
[INFO] [stdout] 9 |     um::{
[INFO] [stdout]   |     ^^ could not find `um` in `winapi`
[INFO] [stdout] 
[INFO] [stdout] 
[INFO] [stdout] error[E0432]: unresolved import `raw_window_handle::windows`
[INFO] [stdout]  --> src/window/platform.rs:1:24
[INFO] [stdout]   |
[INFO] [stdout] 1 | use raw_window_handle::windows::WindowsHandle;
[INFO] [stdout]   |                        ^^^^^^^ could not find `windows` in `raw_window_handle`
[INFO] [stdout] 
[INFO] [stdout] 
[INFO] [stdout] error[E0412]: cannot find type `HWND` in this scope
[INFO] [stdout]   --> src/window/platform.rs:41:11
[INFO] [stdout]    |
[INFO] [stdout] 41 |     hwnd: HWND,
[INFO] [stdout]    |           ^^^^ not found in this scope
[INFO] [stdout] 
[INFO] [stdout] 
[INFO] [stdout] error[E0412]: cannot find type `HDC` in this scope
[INFO] [stdout]   --> src/window/platform.rs:42:16
[INFO] [stdout]    |
[INFO] [stdout] 42 |     memory_dc: HDC,
[INFO] [stdout]    |                ^^^ not found in this scope
[INFO] [stdout] 
[INFO] [stdout] 
[INFO] [stdout] error: Compilation failed, aborting rustdoc
[INFO] [stdout] 
[INFO] [stdout] 
[INFO] [stdout] error: aborting due to 6 previous errors
[INFO] [stdout] 
[INFO] [stdout] 
[INFO] [stdout] Some errors have detailed explanations: E0412, E0432, E0433.
[INFO] [stdout] 
[INFO] [stdout] For more information about an error, try `rustc --explain E0412`.
[INFO] [stdout] 
[INFO] [stderr] error: could not document `tiny-renderer`
[INFO] [stderr] 
[INFO] [stderr] Caused by:
[INFO] [stderr]   process didn't exit successfully: `rustdoc --edition=2018 --crate-type lib --crate-name tiny_renderer src/lib.rs -o /opt/rustwide/target/doc --error-format=json --json=diagnostic-rendered-ansi --document-private-items -L dependency=/opt/rustwide/target/debug/deps --extern generic_array=/opt/rustwide/target/debug/deps/libgeneric_array-533152fcddb0efec.rmeta --extern image=/opt/rustwide/target/debug/deps/libimage-cd8dfc059797572c.rmeta --extern raw_window_handle=/opt/rustwide/target/debug/deps/libraw_window_handle-f90c8a2d5239ee7d.rmeta --extern tobj=/opt/rustwide/target/debug/deps/libtobj-62f1e0f35a2d1e0e.rmeta --extern typenum=/opt/rustwide/target/debug/deps/libtypenum-6009646dbd8d76a8.rmeta --extern winapi=/opt/rustwide/target/debug/deps/libwinapi-ebaf15afc9f5de40.rmeta --extern winit=/opt/rustwide/target/debug/deps/libwinit-a0649346b23bcd26.rmeta --cap-lints=warn --crate-version 0.1.0` (exit status: 1)
[INFO] running `Command { std: "docker" "inspect" "83a8a0087b53159b61ab4a7962021aedc731b0326031c5081d407293b6e78827", kill_on_drop: false }`
[INFO] running `Command { std: "docker" "rm" "-f" "83a8a0087b53159b61ab4a7962021aedc731b0326031c5081d407293b6e78827", kill_on_drop: false }`
[INFO] [stdout] 83a8a0087b53159b61ab4a7962021aedc731b0326031c5081d407293b6e78827
