[INFO] cloning repository https://github.com/arjandepooter/advent-of-code-2020
[INFO] running `Command { std: "git" "-c" "credential.helper=" "-c" "credential.helper=/workspace/cargo-home/bin/git-credential-null" "clone" "--bare" "https://github.com/arjandepooter/advent-of-code-2020" "/workspace/cache/git-repos/https%3A%2F%2Fgithub.com%2Farjandepooter%2Fadvent-of-code-2020", kill_on_drop: false }`
[INFO] [stderr] Cloning into bare repository '/workspace/cache/git-repos/https%3A%2F%2Fgithub.com%2Farjandepooter%2Fadvent-of-code-2020'...
[INFO] running `Command { std: "git" "rev-parse" "HEAD", kill_on_drop: false }`
[INFO] [stdout] 3552fe9a0868c94fd4c447f50fa071fb5859a262
[INFO] documenting arjandepooter/advent-of-code-2020 against beta-2021-08-01 for beta-1.55-rustdoc-1
[INFO] running `Command { std: "git" "clone" "/workspace/cache/git-repos/https%3A%2F%2Fgithub.com%2Farjandepooter%2Fadvent-of-code-2020" "/workspace/builds/worker-0/source", kill_on_drop: false }`
[INFO] [stderr] Cloning into '/workspace/builds/worker-0/source'...
[INFO] [stderr] done.
[INFO] validating manifest of git repo https://github.com/arjandepooter/advent-of-code-2020 on toolchain beta-2021-08-01
[INFO] running `Command { std: "/workspace/cargo-home/bin/cargo" "+beta-2021-08-01" "metadata" "--manifest-path" "Cargo.toml" "--no-deps", kill_on_drop: false }`
[INFO] removed /workspace/builds/worker-0/source/rust-toolchain
[INFO] started tweaking git repo https://github.com/arjandepooter/advent-of-code-2020
[INFO] finished tweaking git repo https://github.com/arjandepooter/advent-of-code-2020
[INFO] tweaked toml for git repo https://github.com/arjandepooter/advent-of-code-2020 written to /workspace/builds/worker-0/source/Cargo.toml
[INFO] crate git repo https://github.com/arjandepooter/advent-of-code-2020 already has a lockfile, it will not be regenerated
[INFO] running `Command { std: "/workspace/cargo-home/bin/cargo" "+beta-2021-08-01" "fetch" "--manifest-path" "Cargo.toml", kill_on_drop: false }`
[INFO] running `Command { std: "docker" "create" "-v" "/var/lib/crater-agent-workspace/builds/worker-0/target:/opt/rustwide/target:rw,Z" "-v" "/var/lib/crater-agent-workspace/builds/worker-0/source:/opt/rustwide/workdir:ro,Z" "-v" "/var/lib/crater-agent-workspace/cargo-home:/opt/rustwide/cargo-home:ro,Z" "-v" "/var/lib/crater-agent-workspace/rustup-home:/opt/rustwide/rustup-home:ro,Z" "-e" "SOURCE_DIR=/opt/rustwide/workdir" "-e" "CARGO_TARGET_DIR=/opt/rustwide/target" "-e" "CARGO_HOME=/opt/rustwide/cargo-home" "-e" "RUSTUP_HOME=/opt/rustwide/rustup-home" "-w" "/opt/rustwide/workdir" "-m" "1610612736" "--user" "0:0" "--network" "none" "ghcr.io/rust-lang/crates-build-env/linux@sha256:34b6a614d2c27851fe6cbf88fbd1137609cefab8b10d0615aaeb6fd47975d74e" "/opt/rustwide/cargo-home/bin/cargo" "+beta-2021-08-01" "metadata" "--no-deps" "--format-version=1", kill_on_drop: false }`
[INFO] [stderr] WARNING: Your kernel does not support swap limit capabilities or the cgroup is not mounted. Memory limited without swap.
[INFO] [stdout] 6900dad25baba8109f3f79d66b73b1578a463420555557592bb8dfb1775d2d9d
[INFO] running `Command { std: "docker" "start" "-a" "6900dad25baba8109f3f79d66b73b1578a463420555557592bb8dfb1775d2d9d", kill_on_drop: false }`
[INFO] running `Command { std: "docker" "inspect" "6900dad25baba8109f3f79d66b73b1578a463420555557592bb8dfb1775d2d9d", kill_on_drop: false }`
[INFO] running `Command { std: "docker" "rm" "-f" "6900dad25baba8109f3f79d66b73b1578a463420555557592bb8dfb1775d2d9d", kill_on_drop: false }`
[INFO] [stdout] 6900dad25baba8109f3f79d66b73b1578a463420555557592bb8dfb1775d2d9d
[INFO] running `Command { std: "docker" "create" "-v" "/var/lib/crater-agent-workspace/builds/worker-0/target:/opt/rustwide/target:rw,Z" "-v" "/var/lib/crater-agent-workspace/builds/worker-0/source:/opt/rustwide/workdir:ro,Z" "-v" "/var/lib/crater-agent-workspace/cargo-home:/opt/rustwide/cargo-home:ro,Z" "-v" "/var/lib/crater-agent-workspace/rustup-home:/opt/rustwide/rustup-home:ro,Z" "-e" "SOURCE_DIR=/opt/rustwide/workdir" "-e" "CARGO_TARGET_DIR=/opt/rustwide/target" "-e" "CARGO_INCREMENTAL=0" "-e" "RUST_BACKTRACE=full" "-e" "RUSTDOCFLAGS=--cap-lints=warn" "-e" "CARGO_HOME=/opt/rustwide/cargo-home" "-e" "RUSTUP_HOME=/opt/rustwide/rustup-home" "-w" "/opt/rustwide/workdir" "-m" "1610612736" "--user" "0:0" "--network" "none" "ghcr.io/rust-lang/crates-build-env/linux@sha256:34b6a614d2c27851fe6cbf88fbd1137609cefab8b10d0615aaeb6fd47975d74e" "/opt/rustwide/cargo-home/bin/cargo" "+beta-2021-08-01" "doc" "--frozen" "--no-deps" "--document-private-items" "--message-format=json", kill_on_drop: false }`
[INFO] [stdout] a105936da372cf063a7450861bcd2dcae1920bfd6a64da496db02d276bc2b2c7
[INFO] [stderr] WARNING: Your kernel does not support swap limit capabilities or the cgroup is not mounted. Memory limited without swap.
[INFO] running `Command { std: "docker" "start" "-a" "a105936da372cf063a7450861bcd2dcae1920bfd6a64da496db02d276bc2b2c7", kill_on_drop: false }`
[INFO] [stderr]  Documenting day05 v0.1.0 (/opt/rustwide/workdir/day05)
[INFO] [stderr]  Documenting day02 v0.1.0 (/opt/rustwide/workdir/day02)
[INFO] [stderr]  Documenting day01 v0.1.0 (/opt/rustwide/workdir/day01)
[INFO] [stderr]  Documenting day03 v0.1.0 (/opt/rustwide/workdir/day03)
[INFO] [stderr]  Documenting day04 v0.1.0 (/opt/rustwide/workdir/day04)
[INFO] [stderr]     Checking shared v0.1.0 (/opt/rustwide/workdir/shared)
[INFO] [stderr]  Documenting shared v0.1.0 (/opt/rustwide/workdir/shared)
[INFO] [stdout] error[E0554]: `#![feature]` may not be used on the beta release channel
[INFO] [stdout]  --> day02/src/main.rs:1:1
[INFO] [stdout]   |
[INFO] [stdout] 1 | #![feature(str_split_once)]
[INFO] [stdout]   | ^^^^^^^^^^^^^^^^^^^^^^^^^^^
[INFO] [stdout] 
[INFO] [stdout] 
[INFO] [stdout] error: Compilation failed, aborting rustdoc
[INFO] [stdout] 
[INFO] [stdout] 
[INFO] [stdout] error: aborting due to 2 previous errors
[INFO] [stdout] 
[INFO] [stdout] 
[INFO] [stdout] For more information about this error, try `rustc --explain E0554`.
[INFO] [stdout] 
[INFO] [stderr] error: could not document `day02`
[INFO] [stderr] 
[INFO] [stderr] Caused by:
[INFO] [stderr]   process didn't exit successfully: `rustdoc --edition=2018 --crate-type bin --crate-name day02 day02/src/main.rs -o /opt/rustwide/target/doc --error-format=json --json=diagnostic-rendered-ansi --document-private-items -L dependency=/opt/rustwide/target/debug/deps --cap-lints=warn --crate-version 0.1.0` (exit status: 1)
[INFO] [stderr] warning: build failed, waiting for other jobs to finish...
[INFO] [stdout] error[E0437]: type `Ok` is not a member of trait `Try`
[INFO] [stdout]   --> shared/src/foldresult.rs:19:5
[INFO] [stdout]    |
[INFO] [stdout] 19 |     type Ok = T;
[INFO] [stdout]    |     ^^^^^^^^^^^^ not a member of trait `Try`
[INFO] [stdout] 
[INFO] [stdout] 
[INFO] [stdout] error[E0437]: type `Error` is not a member of trait `Try`
[INFO] [stdout]   --> shared/src/foldresult.rs:21:5
[INFO] [stdout]    |
[INFO] [stdout] 21 |     type Error = T;
[INFO] [stdout]    |     ^^^^^^^^^^^^^^^ not a member of trait `Try`
[INFO] [stdout] 
[INFO] [stdout] 
[INFO] [stdout] error[E0407]: method `into_result` is not a member of trait `Try`
[INFO] [stdout]   --> shared/src/foldresult.rs:23:5
[INFO] [stdout]    |
[INFO] [stdout] 23 | /     fn into_result(self) -> Result<Self::Ok, Self::Error> {
[INFO] [stdout] 24 | |         match self {
[INFO] [stdout] 25 | |             FoldResult::Continue(v) => Ok(v),
[INFO] [stdout] 26 | |             FoldResult::Stop(v) => Err(v),
[INFO] [stdout] 27 | |         }
[INFO] [stdout] 28 | |     }
[INFO] [stdout]    | |_____^ not a member of trait `Try`
[INFO] [stdout] 
[INFO] [stdout] 
[INFO] [stdout] error[E0407]: method `from_error` is not a member of trait `Try`
[INFO] [stdout]   --> shared/src/foldresult.rs:30:5
[INFO] [stdout]    |
[INFO] [stdout] 30 | /     fn from_error(v: Self::Error) -> Self {
[INFO] [stdout] 31 | |         FoldResult::Stop(v)
[INFO] [stdout] 32 | |     }
[INFO] [stdout]    | |_____^ not a member of trait `Try`
[INFO] [stdout] 
[INFO] [stdout] 
[INFO] [stdout] error[E0407]: method `from_ok` is not a member of trait `Try`
[INFO] [stdout]   --> shared/src/foldresult.rs:34:5
[INFO] [stdout]    |
[INFO] [stdout] 34 | /     fn from_ok(v: Self::Ok) -> Self {
[INFO] [stdout] 35 | |         FoldResult::Continue(v)
[INFO] [stdout] 36 | |     }
[INFO] [stdout]    | |_____^ not a member of trait `Try`
[INFO] [stdout] 
[INFO] [stdout] 
[INFO] [stdout] error[E0554]: `#![feature]` may not be used on the beta release channel
[INFO] [stdout]  --> shared/src/lib.rs:1:1
[INFO] [stdout]   |
[INFO] [stdout] 1 | #![feature(try_trait)]
[INFO] [stdout]   | ^^^^^^^^^^^^^^^^^^^^^^
[INFO] [stdout] 
[INFO] [stdout] 
[INFO] [stdout] error[E0658]: use of unstable library feature 'try_trait_v2'
[INFO] [stdout]  --> shared/src/foldresult.rs:1:5
[INFO] [stdout]   |
[INFO] [stdout] 1 | use std::ops::Try;
[INFO] [stdout]   |     ^^^^^^^^^^^^^
[INFO] [stdout]   |
[INFO] [stdout]   = note: see issue #84277 <https://github.com/rust-lang/rust/issues/84277> for more information
[INFO] [stdout] 
[INFO] [stdout] 
[INFO] [stdout] error[E0658]: use of unstable library feature 'try_trait_v2'
[INFO] [stdout]   --> shared/src/foldresult.rs:18:9
[INFO] [stdout]    |
[INFO] [stdout] 18 | impl<T> Try for FoldResult<T> {
[INFO] [stdout]    |         ^^^
[INFO] [stdout]    |
[INFO] [stdout]    = note: see issue #84277 <https://github.com/rust-lang/rust/issues/84277> for more information
[INFO] [stdout] 
[INFO] [stdout] 
[INFO] [stdout] error[E0220]: associated type `Ok` not found for `Self`
[INFO] [stdout]   --> shared/src/foldresult.rs:23:42
[INFO] [stdout]    |
[INFO] [stdout] 23 |     fn into_result(self) -> Result<Self::Ok, Self::Error> {
[INFO] [stdout]    |                                          ^^ associated type `Ok` not found
[INFO] [stdout] 
[INFO] [stdout] 
[INFO] [stdout] error[E0220]: associated type `Error` not found for `Self`
[INFO] [stdout]   --> shared/src/foldresult.rs:23:52
[INFO] [stdout]    |
[INFO] [stdout] 23 |     fn into_result(self) -> Result<Self::Ok, Self::Error> {
[INFO] [stdout]    |                                                    ^^^^^ associated type `Error` not found
[INFO] [stdout] 
[INFO] [stdout] 
[INFO] [stdout] error[E0220]: associated type `Error` not found for `Self`
[INFO] [stdout]   --> shared/src/foldresult.rs:30:28
[INFO] [stdout]    |
[INFO] [stdout] 30 |     fn from_error(v: Self::Error) -> Self {
[INFO] [stdout]    |                            ^^^^^ associated type `Error` not found
[INFO] [stdout] 
[INFO] [stdout] 
[INFO] [stdout] error[E0220]: associated type `Ok` not found for `Self`
[INFO] [stdout]   --> shared/src/foldresult.rs:34:25
[INFO] [stdout]    |
[INFO] [stdout] 34 |     fn from_ok(v: Self::Ok) -> Self {
[INFO] [stdout]    |                         ^^ associated type `Ok` not found
[INFO] [stdout] 
[INFO] [stdout] 
[INFO] [stdout] error: aborting due to 12 previous errors
[INFO] [stdout] 
[INFO] [stdout] 
[INFO] [stdout] Some errors have detailed explanations: E0220, E0407, E0437, E0554, E0658.
[INFO] [stdout] 
[INFO] [stdout] For more information about an error, try `rustc --explain E0220`.
[INFO] [stdout] 
[INFO] [stdout] error[E0554]: `#![feature]` may not be used on the beta release channel
[INFO] [stdout]  --> day04/src/main.rs:1:1
[INFO] [stdout]   |
[INFO] [stdout] 1 | #![feature(str_split_once)]
[INFO] [stdout]   | ^^^^^^^^^^^^^^^^^^^^^^^^^^^
[INFO] [stdout] 
[INFO] [stdout] 
[INFO] [stdout] error: Compilation failed, aborting rustdoc
[INFO] [stdout] 
[INFO] [stdout] 
[INFO] [stdout] error[E0554]: `#![feature]` may not be used on the beta release channel
[INFO] [stdout]  --> day01/src/main.rs:1:1
[INFO] [stdout]   |
[INFO] [stdout] 1 | #![feature(test)]
[INFO] [stdout]   | ^^^^^^^^^^^^^^^^^
[INFO] [stdout] 
[INFO] [stdout] 
[INFO] [stdout] error: Compilation failed, aborting rustdoc
[INFO] [stdout] 
[INFO] [stdout] 
[INFO] [stdout] error: aborting due to 2 previous errors
[INFO] [stdout] 
[INFO] [stdout] 
[INFO] [stdout] error: aborting due to 2 previous errors
[INFO] [stdout] 
[INFO] [stdout] 
[INFO] [stdout] For more information about this error, try `rustc --explain E0554`.
[INFO] [stdout] 
[INFO] [stdout] For more information about this error, try `rustc --explain E0554`.
[INFO] [stdout] 
[INFO] [stdout] error[E0437]: type `Ok` is not a member of trait `Try`
[INFO] [stdout]   --> shared/src/foldresult.rs:19:5
[INFO] [stdout]    |
[INFO] [stdout] 19 |     type Ok = T;
[INFO] [stdout]    |     ^^^^^^^^^^^^ not a member of trait `Try`
[INFO] [stdout] 
[INFO] [stdout] 
[INFO] [stdout] error[E0437]: type `Error` is not a member of trait `Try`
[INFO] [stdout]   --> shared/src/foldresult.rs:21:5
[INFO] [stdout]    |
[INFO] [stdout] 21 |     type Error = T;
[INFO] [stdout]    |     ^^^^^^^^^^^^^^^ not a member of trait `Try`
[INFO] [stdout] 
[INFO] [stdout] 
[INFO] [stdout] error[E0407]: method `into_result` is not a member of trait `Try`
[INFO] [stdout]   --> shared/src/foldresult.rs:23:5
[INFO] [stdout]    |
[INFO] [stdout] 23 | /     fn into_result(self) -> Result<Self::Ok, Self::Error> {
[INFO] [stdout] 24 | |         match self {
[INFO] [stdout] 25 | |             FoldResult::Continue(v) => Ok(v),
[INFO] [stdout] 26 | |             FoldResult::Stop(v) => Err(v),
[INFO] [stdout] 27 | |         }
[INFO] [stdout] 28 | |     }
[INFO] [stdout]    | |_____^ not a member of trait `Try`
[INFO] [stdout] 
[INFO] [stdout] 
[INFO] [stdout] error[E0407]: method `from_error` is not a member of trait `Try`
[INFO] [stdout]   --> shared/src/foldresult.rs:30:5
[INFO] [stdout]    |
[INFO] [stdout] 30 | /     fn from_error(v: Self::Error) -> Self {
[INFO] [stdout] 31 | |         FoldResult::Stop(v)
[INFO] [stdout] 32 | |     }
[INFO] [stdout]    | |_____^ not a member of trait `Try`
[INFO] [stdout] 
[INFO] [stdout] 
[INFO] [stdout] error[E0407]: method `from_ok` is not a member of trait `Try`
[INFO] [stdout]   --> shared/src/foldresult.rs:34:5
[INFO] [stdout]    |
[INFO] [stdout] 34 | /     fn from_ok(v: Self::Ok) -> Self {
[INFO] [stdout] 35 | |         FoldResult::Continue(v)
[INFO] [stdout] 36 | |     }
[INFO] [stdout]    | |_____^ not a member of trait `Try`
[INFO] [stdout] 
[INFO] [stdout] 
[INFO] [stdout] error[E0554]: `#![feature]` may not be used on the beta release channel
[INFO] [stdout]  --> shared/src/lib.rs:1:1
[INFO] [stdout]   |
[INFO] [stdout] 1 | #![feature(try_trait)]
[INFO] [stdout]   | ^^^^^^^^^^^^^^^^^^^^^^
[INFO] [stdout] 
[INFO] [stdout] 
[INFO] [stdout] error: Compilation failed, aborting rustdoc
[INFO] [stdout] 
[INFO] [stdout] 
[INFO] [stdout] error: aborting due to 7 previous errors
[INFO] [stdout] 
[INFO] [stdout] 
[INFO] [stdout] Some errors have detailed explanations: E0407, E0437, E0554.
[INFO] [stdout] 
[INFO] [stdout] For more information about an error, try `rustc --explain E0407`.
[INFO] [stdout] 
[INFO] [stderr] error: build failed
[INFO] running `Command { std: "docker" "inspect" "a105936da372cf063a7450861bcd2dcae1920bfd6a64da496db02d276bc2b2c7", kill_on_drop: false }`
[INFO] running `Command { std: "docker" "rm" "-f" "a105936da372cf063a7450861bcd2dcae1920bfd6a64da496db02d276bc2b2c7", kill_on_drop: false }`
[INFO] [stdout] a105936da372cf063a7450861bcd2dcae1920bfd6a64da496db02d276bc2b2c7
