[INFO] cloning repository https://github.com/andrewdsmith/ed_x52pro
[INFO] running `Command { std: "git" "-c" "credential.helper=" "-c" "credential.helper=/workspace/cargo-home/bin/git-credential-null" "clone" "--bare" "https://github.com/andrewdsmith/ed_x52pro" "/workspace/cache/git-repos/https%3A%2F%2Fgithub.com%2Fandrewdsmith%2Fed_x52pro", kill_on_drop: false }`
[INFO] [stderr] Cloning into bare repository '/workspace/cache/git-repos/https%3A%2F%2Fgithub.com%2Fandrewdsmith%2Fed_x52pro'...
[INFO] running `Command { std: "git" "rev-parse" "HEAD", kill_on_drop: false }`
[INFO] [stdout] 89d697759e9b2dba225594f5b69fc126678d9954
[INFO] documenting andrewdsmith/ed_x52pro against 1.54.0 for beta-1.55-rustdoc-1
[INFO] running `Command { std: "git" "clone" "/workspace/cache/git-repos/https%3A%2F%2Fgithub.com%2Fandrewdsmith%2Fed_x52pro" "/workspace/builds/worker-9/source", kill_on_drop: false }`
[INFO] [stderr] Cloning into '/workspace/builds/worker-9/source'...
[INFO] [stderr] done.
[INFO] validating manifest of git repo https://github.com/andrewdsmith/ed_x52pro on toolchain 1.54.0
[INFO] running `Command { std: "/workspace/cargo-home/bin/cargo" "+1.54.0" "metadata" "--manifest-path" "Cargo.toml" "--no-deps", kill_on_drop: false }`
[INFO] started tweaking git repo https://github.com/andrewdsmith/ed_x52pro
[INFO] finished tweaking git repo https://github.com/andrewdsmith/ed_x52pro
[INFO] tweaked toml for git repo https://github.com/andrewdsmith/ed_x52pro written to /workspace/builds/worker-9/source/Cargo.toml
[INFO] crate git repo https://github.com/andrewdsmith/ed_x52pro already has a lockfile, it will not be regenerated
[INFO] running `Command { std: "/workspace/cargo-home/bin/cargo" "+1.54.0" "fetch" "--manifest-path" "Cargo.toml", kill_on_drop: false }`
[INFO] [stderr]     Blocking waiting for file lock on package cache
[INFO] running `Command { std: "docker" "create" "-v" "/var/lib/crater-agent-workspace/builds/worker-9/target:/opt/rustwide/target:rw,Z" "-v" "/var/lib/crater-agent-workspace/builds/worker-9/source:/opt/rustwide/workdir:ro,Z" "-v" "/var/lib/crater-agent-workspace/cargo-home:/opt/rustwide/cargo-home:ro,Z" "-v" "/var/lib/crater-agent-workspace/rustup-home:/opt/rustwide/rustup-home:ro,Z" "-e" "SOURCE_DIR=/opt/rustwide/workdir" "-e" "CARGO_TARGET_DIR=/opt/rustwide/target" "-e" "CARGO_HOME=/opt/rustwide/cargo-home" "-e" "RUSTUP_HOME=/opt/rustwide/rustup-home" "-w" "/opt/rustwide/workdir" "-m" "1610612736" "--user" "0:0" "--network" "none" "ghcr.io/rust-lang/crates-build-env/linux@sha256:34b6a614d2c27851fe6cbf88fbd1137609cefab8b10d0615aaeb6fd47975d74e" "/opt/rustwide/cargo-home/bin/cargo" "+1.54.0" "metadata" "--no-deps" "--format-version=1", kill_on_drop: false }`
[INFO] [stdout] 3aefa1346fdc5b92c648989f504f96b819129268ffe7b97cda7332459ab84e39
[INFO] [stderr] WARNING: Your kernel does not support swap limit capabilities or the cgroup is not mounted. Memory limited without swap.
[INFO] running `Command { std: "docker" "start" "-a" "3aefa1346fdc5b92c648989f504f96b819129268ffe7b97cda7332459ab84e39", kill_on_drop: false }`
[INFO] running `Command { std: "docker" "inspect" "3aefa1346fdc5b92c648989f504f96b819129268ffe7b97cda7332459ab84e39", kill_on_drop: false }`
[INFO] running `Command { std: "docker" "rm" "-f" "3aefa1346fdc5b92c648989f504f96b819129268ffe7b97cda7332459ab84e39", kill_on_drop: false }`
[INFO] [stdout] 3aefa1346fdc5b92c648989f504f96b819129268ffe7b97cda7332459ab84e39
[INFO] running `Command { std: "docker" "create" "-v" "/var/lib/crater-agent-workspace/builds/worker-9/target:/opt/rustwide/target:rw,Z" "-v" "/var/lib/crater-agent-workspace/builds/worker-9/source:/opt/rustwide/workdir:ro,Z" "-v" "/var/lib/crater-agent-workspace/cargo-home:/opt/rustwide/cargo-home:ro,Z" "-v" "/var/lib/crater-agent-workspace/rustup-home:/opt/rustwide/rustup-home:ro,Z" "-e" "SOURCE_DIR=/opt/rustwide/workdir" "-e" "CARGO_TARGET_DIR=/opt/rustwide/target" "-e" "CARGO_INCREMENTAL=0" "-e" "RUST_BACKTRACE=full" "-e" "RUSTDOCFLAGS=--cap-lints=warn" "-e" "CARGO_HOME=/opt/rustwide/cargo-home" "-e" "RUSTUP_HOME=/opt/rustwide/rustup-home" "-w" "/opt/rustwide/workdir" "-m" "1610612736" "--user" "0:0" "--network" "none" "ghcr.io/rust-lang/crates-build-env/linux@sha256:34b6a614d2c27851fe6cbf88fbd1137609cefab8b10d0615aaeb6fd47975d74e" "/opt/rustwide/cargo-home/bin/cargo" "+1.54.0" "doc" "--frozen" "--no-deps" "--document-private-items" "--message-format=json", kill_on_drop: false }`
[INFO] [stdout] 369f1ce007c71f65243d6319f764d68d1e78e1393b11398224a90388f719708c
[INFO] [stderr] WARNING: Your kernel does not support swap limit capabilities or the cgroup is not mounted. Memory limited without swap.
[INFO] running `Command { std: "docker" "start" "-a" "369f1ce007c71f65243d6319f764d68d1e78e1393b11398224a90388f719708c", kill_on_drop: false }`
[INFO] [stderr]    Compiling syn v1.0.68
[INFO] [stderr]     Checking regex-syntax v0.6.23
[INFO] [stderr]    Compiling winapi v0.3.9
[INFO] [stderr]    Compiling embed-resource v1.6.2
[INFO] [stderr]     Checking iovec v0.1.4
[INFO] [stderr]     Checking net2 v0.2.37
[INFO] [stderr]     Checking inotify-sys v0.1.5
[INFO] [stderr]     Checking filetime v0.2.14
[INFO] [stderr]     Checking dirs-sys v0.3.5
[INFO] [stderr]     Checking atty v0.2.14
[INFO] [stderr]     Checking ctrlc v3.1.8
[INFO] [stderr]     Checking inotify v0.7.1
[INFO] [stderr]     Checking dirs v3.0.1
[INFO] [stderr]     Checking mio v0.6.23
[INFO] [stderr]    Compiling edxlc v1.7.0 (/opt/rustwide/workdir)
[INFO] [stderr]     Checking mio-extras v2.0.6
[INFO] [stderr]     Checking regex v1.4.6
[INFO] [stderr]     Checking notify v4.0.15
[INFO] [stderr]     Checking hotwatch v0.4.5
[INFO] [stderr]     Checking env_logger v0.8.3
[INFO] [stderr]    Compiling serde_derive v1.0.125
[INFO] [stderr]    Compiling thiserror-impl v1.0.24
[INFO] [stderr]     Checking thiserror v1.0.24
[INFO] [stderr]     Checking serde v1.0.125
[INFO] [stderr]     Checking serde_json v1.0.64
[INFO] [stderr]     Checking serde-xml-rs v0.4.1
[INFO] [stderr]     Checking toml v0.5.8
[INFO] [stderr]  Documenting edxlc v1.7.0 (/opt/rustwide/workdir)
[INFO] [stdout] error[E0433]: failed to resolve: could not find `windows` in `os`
[INFO] [stdout]  --> src/x52pro/direct_output.rs:6:14
[INFO] [stdout]   |
[INFO] [stdout] 6 | use std::os::windows::ffi::OsStrExt;
[INFO] [stdout]   |              ^^^^^^^ could not find `windows` in `os`
[INFO] [stdout] 
[INFO] [stdout] 
[INFO] [stdout] error[E0432]: unresolved import `libloading::os::windows`
[INFO] [stdout]  --> src/x52pro/direct_output.rs:2:22
[INFO] [stdout]   |
[INFO] [stdout] 2 | use libloading::{os::windows::Symbol, Library};
[INFO] [stdout]   |                      ^^^^^^^ could not find `windows` in `os`
[INFO] [stdout] 
[INFO] [stdout] 
[INFO] [stdout] error[E0433]: failed to resolve: could not find `shared` in `winapi`
[INFO] [stdout]  --> src/x52pro/direct_output.rs:8:13
[INFO] [stdout]   |
[INFO] [stdout] 8 | use winapi::shared::minwindef::DWORD;
[INFO] [stdout]   |             ^^^^^^ could not find `shared` in `winapi`
[INFO] [stdout] 
[INFO] [stdout] 
[INFO] [stdout] error[E0433]: failed to resolve: could not find `um` in `winapi`
[INFO] [stdout]  --> src/x52pro/direct_output.rs:9:13
[INFO] [stdout]   |
[INFO] [stdout] 9 | use winapi::um::winnt::HRESULT;
[INFO] [stdout]   |             ^^ could not find `um` in `winapi`
[INFO] [stdout] 
[INFO] [stdout] 
[INFO] [stdout] error[E0432]: unresolved import `winapi::ctypes`
[INFO] [stdout]  --> src/x52pro/direct_output.rs:7:13
[INFO] [stdout]   |
[INFO] [stdout] 7 | use winapi::ctypes::wchar_t;
[INFO] [stdout]   |             ^^^^^^ could not find `ctypes` in `winapi`
[INFO] [stdout] 
[INFO] [stdout] 
[INFO] [stdout] error[E0412]: cannot find type `HRESULT` in this scope
[INFO] [stdout]   --> src/x52pro/direct_output.rs:13:76
[INFO] [stdout]    |
[INFO] [stdout] 13 | type InitializeFn = unsafe extern "C" fn(wszPluginName: *const wchar_t) -> HRESULT;
[INFO] [stdout]    |                                                                            ^^^^^^^ not found in this scope
[INFO] [stdout] 
[INFO] [stdout] 
[INFO] [stdout] error[E0412]: cannot find type `HRESULT` in this scope
[INFO] [stdout]   --> src/x52pro/direct_output.rs:15:83
[INFO] [stdout]    |
[INFO] [stdout] 15 |     unsafe extern "C" fn(pfnCb: EnumerateCallbackFn, pCtxt: &mut DirectOutput) -> HRESULT;
[INFO] [stdout]    |                                                                                   ^^^^^^^ not found in this scope
[INFO] [stdout] 
[INFO] [stdout] 
[INFO] [stdout] error[E0412]: cannot find type `DWORD` in this scope
[INFO] [stdout]   --> src/x52pro/direct_output.rs:19:13
[INFO] [stdout]    |
[INFO] [stdout] 19 |     dwPage: DWORD,
[INFO] [stdout]    |             ^^^^^ not found in this scope
[INFO] [stdout] 
[INFO] [stdout] 
[INFO] [stdout] error[E0412]: cannot find type `DWORD` in this scope
[INFO] [stdout]   --> src/x52pro/direct_output.rs:21:14
[INFO] [stdout]    |
[INFO] [stdout] 21 |     dwFlags: DWORD,
[INFO] [stdout]    |              ^^^^^ not found in this scope
[INFO] [stdout] 
[INFO] [stdout] 
[INFO] [stdout] error[E0412]: cannot find type `HRESULT` in this scope
[INFO] [stdout]   --> src/x52pro/direct_output.rs:22:6
[INFO] [stdout]    |
[INFO] [stdout] 22 | ) -> HRESULT;
[INFO] [stdout]    |      ^^^^^^^ not found in this scope
[INFO] [stdout] 
[INFO] [stdout] 
[INFO] [stdout] error[E0412]: cannot find type `DWORD` in this scope
[INFO] [stdout]   --> src/x52pro/direct_output.rs:25:13
[INFO] [stdout]    |
[INFO] [stdout] 25 |     dwPage: DWORD,
[INFO] [stdout]    |             ^^^^^ not found in this scope
[INFO] [stdout] 
[INFO] [stdout] 
[INFO] [stdout] error[E0412]: cannot find type `DWORD` in this scope
[INFO] [stdout]   --> src/x52pro/direct_output.rs:26:14
[INFO] [stdout]    |
[INFO] [stdout] 26 |     dwIndex: DWORD,
[INFO] [stdout]    |              ^^^^^ not found in this scope
[INFO] [stdout] 
[INFO] [stdout] 
[INFO] [stdout] error[E0412]: cannot find type `DWORD` in this scope
[INFO] [stdout]   --> src/x52pro/direct_output.rs:27:14
[INFO] [stdout]    |
[INFO] [stdout] 27 |     dwValue: DWORD,
[INFO] [stdout]    |              ^^^^^ not found in this scope
[INFO] [stdout] 
[INFO] [stdout] 
[INFO] [stdout] error[E0412]: cannot find type `HRESULT` in this scope
[INFO] [stdout]   --> src/x52pro/direct_output.rs:28:6
[INFO] [stdout]    |
[INFO] [stdout] 28 | ) -> HRESULT;
[INFO] [stdout]    |      ^^^^^^^ not found in this scope
[INFO] [stdout] 
[INFO] [stdout] 
[INFO] [stdout] error[E0412]: cannot find type `DWORD` in this scope
[INFO] [stdout]   --> src/x52pro/direct_output.rs:30:27
[INFO] [stdout]    |
[INFO] [stdout] 30 | const FLAG_SET_AS_ACTIVE: DWORD = 1;
[INFO] [stdout]    |                           ^^^^^ not found in this scope
[INFO] [stdout] 
[INFO] [stdout] 
[INFO] [stdout] error[E0412]: cannot find type `DWORD` in this scope
[INFO] [stdout]   --> src/x52pro/direct_output.rs:33:16
[INFO] [stdout]    |
[INFO] [stdout] 33 | const PAGE_ID: DWORD = 1;
[INFO] [stdout]    |                ^^^^^ not found in this scope
[INFO] [stdout] 
[INFO] [stdout] 
[INFO] [stdout] error: Compilation failed, aborting rustdoc
[INFO] [stdout] 
[INFO] [stdout] 
[INFO] [stdout] error: aborting due to 17 previous errors
[INFO] [stdout] 
[INFO] [stdout] 
[INFO] [stdout] Some errors have detailed explanations: E0412, E0432, E0433.
[INFO] [stdout] 
[INFO] [stdout] For more information about an error, try `rustc --explain E0412`.
[INFO] [stdout] 
[INFO] [stderr] error: could not document `edxlc`
[INFO] [stderr] 
[INFO] [stderr] Caused by:
[INFO] [stderr]   process didn't exit successfully: `rustdoc --edition=2018 --crate-type lib --crate-name edxlc src/lib.rs -o /opt/rustwide/target/doc --error-format=json --json=diagnostic-rendered-ansi --document-private-items -L dependency=/opt/rustwide/target/debug/deps --extern ctrlc=/opt/rustwide/target/debug/deps/libctrlc-ea8764242394d67e.rmeta --extern dirs=/opt/rustwide/target/debug/deps/libdirs-22fd61e81de9fdb5.rmeta --extern env_logger=/opt/rustwide/target/debug/deps/libenv_logger-3b0847650f052cc2.rmeta --extern glob=/opt/rustwide/target/debug/deps/libglob-dd005bda8a71734d.rmeta --extern hotwatch=/opt/rustwide/target/debug/deps/libhotwatch-a0d2389af284fd14.rmeta --extern libc=/opt/rustwide/target/debug/deps/liblibc-500188284b44a1cb.rmeta --extern libloading=/opt/rustwide/target/debug/deps/liblibloading-8bdd049c282f2060.rmeta --extern log=/opt/rustwide/target/debug/deps/liblog-f8abb66ffc16068c.rmeta --extern serde=/opt/rustwide/target/debug/deps/libserde-b459a9af83b60bdc.rmeta --extern serde_xml_rs=/opt/rustwide/target/debug/deps/libserde_xml_rs-b43a0614e20a986e.rmeta --extern serde_json=/opt/rustwide/target/debug/deps/libserde_json-a9c65ceddccfa94e.rmeta --extern toml=/opt/rustwide/target/debug/deps/libtoml-57b108e24caba95e.rmeta --extern winapi=/opt/rustwide/target/debug/deps/libwinapi-2ac5617f4400b60d.rmeta --cap-lints=warn --crate-version 1.7.0` (exit status: 1)
[INFO] running `Command { std: "docker" "inspect" "369f1ce007c71f65243d6319f764d68d1e78e1393b11398224a90388f719708c", kill_on_drop: false }`
[INFO] running `Command { std: "docker" "rm" "-f" "369f1ce007c71f65243d6319f764d68d1e78e1393b11398224a90388f719708c", kill_on_drop: false }`
[INFO] [stdout] 369f1ce007c71f65243d6319f764d68d1e78e1393b11398224a90388f719708c
