[INFO] cloning repository https://github.com/ambergroup-io/tests
[INFO] running `Command { std: "git" "-c" "credential.helper=" "-c" "credential.helper=/workspace/cargo-home/bin/git-credential-null" "clone" "--bare" "https://github.com/ambergroup-io/tests" "/workspace/cache/git-repos/https%3A%2F%2Fgithub.com%2Fambergroup-io%2Ftests", kill_on_drop: false }`
[INFO] [stderr] Cloning into bare repository '/workspace/cache/git-repos/https%3A%2F%2Fgithub.com%2Fambergroup-io%2Ftests'...
[INFO] running `Command { std: "git" "rev-parse" "HEAD", kill_on_drop: false }`
[INFO] [stdout] e2481c4baff0392148ba00e0369a3bbd42ea2265
[INFO] documenting ambergroup-io/tests against beta-2021-08-01 for beta-1.55-rustdoc-1
[INFO] running `Command { std: "git" "clone" "/workspace/cache/git-repos/https%3A%2F%2Fgithub.com%2Fambergroup-io%2Ftests" "/workspace/builds/worker-1/source", kill_on_drop: false }`
[INFO] [stderr] Cloning into '/workspace/builds/worker-1/source'...
[INFO] [stderr] done.
[INFO] validating manifest of git repo https://github.com/ambergroup-io/tests on toolchain beta-2021-08-01
[INFO] running `Command { std: "/workspace/cargo-home/bin/cargo" "+beta-2021-08-01" "metadata" "--manifest-path" "Cargo.toml" "--no-deps", kill_on_drop: false }`
[INFO] started tweaking git repo https://github.com/ambergroup-io/tests
[INFO] finished tweaking git repo https://github.com/ambergroup-io/tests
[INFO] tweaked toml for git repo https://github.com/ambergroup-io/tests written to /workspace/builds/worker-1/source/Cargo.toml
[INFO] crate git repo https://github.com/ambergroup-io/tests already has a lockfile, it will not be regenerated
[INFO] running `Command { std: "/workspace/cargo-home/bin/cargo" "+beta-2021-08-01" "fetch" "--manifest-path" "Cargo.toml", kill_on_drop: false }`
[INFO] [stderr]  Downloading crates ...
[INFO] [stderr]   Downloaded jsonrpc-core v14.2.0
[INFO] [stderr]   Downloaded ckb-app-config v0.37.0
[INFO] [stderr]   Downloaded tentacle-secio v0.4.0
[INFO] [stderr]   Downloaded uname v0.1.1
[INFO] [stderr]   Downloaded sentry-types v0.11.0
[INFO] [stderr]   Downloaded faster-hex v0.3.1
[INFO] [stderr]   Downloaded ckb-vm-definitions v0.19.3
[INFO] [stderr]   Downloaded ckb-testtool v0.2.2
[INFO] [stderr]   Downloaded ckb-always-success-script v0.0.1
[INFO] [stderr]   Downloaded mapr v0.8.0
[INFO] [stderr]   Downloaded ckb-reward-calculator v0.37.0
[INFO] [stderr]   Downloaded debugid v0.4.0
[INFO] [stderr]   Downloaded plain v0.2.3
[INFO] [stderr]   Downloaded eaglesong v0.1.0
[INFO] [stderr]   Downloaded blake2b-rs v0.1.5
[INFO] [stderr]   Downloaded numext-fixed-uint-core v0.1.6
[INFO] [stderr]   Downloaded ckb-fixed-hash v0.37.0
[INFO] [stderr]   Downloaded ckb-error v0.37.0
[INFO] [stderr]   Downloaded ckb-occupied-capacity v0.37.0
[INFO] [stderr]   Downloaded thread_local v1.1.0
[INFO] [stderr]   Downloaded ckb-util v0.37.0
[INFO] [stderr]   Downloaded ckb-types v0.37.0
[INFO] [stderr]   Downloaded ckb-script v0.37.0
[INFO] [stderr]   Downloaded ckb-fee-estimator v0.37.0
[INFO] [stderr]   Downloaded serde_plain v0.3.0
[INFO] [stderr]   Downloaded tentacle-multiaddr v0.1.0
[INFO] [stderr]   Downloaded ckb-rocksdb v0.14.1
[INFO] [stderr]   Downloaded enum-display-derive v0.1.0
[INFO] [stderr]   Downloaded ckb-rational v0.37.0
[INFO] [stderr]   Downloaded ckb-vm v0.19.3
[INFO] [stderr]   Downloaded ckb-channel v0.37.0
[INFO] [stderr]   Downloaded ckb-hash v0.37.0
[INFO] [stderr]   Downloaded goblin v0.2.3
[INFO] [stderr]   Downloaded molecule v0.6.0
[INFO] [stderr]   Downloaded faketime v0.2.1
[INFO] [stderr]   Downloaded lru v0.6.3
[INFO] [stderr]   Downloaded async-compression v0.3.7
[INFO] [stderr]   Downloaded paste v1.0.4
[INFO] [stderr]   Downloaded path-clean v0.1.0
[INFO] [stderr]   Downloaded sentry v0.17.0
[INFO] [stderr]   Downloaded ckb-db v0.37.0
[INFO] [stderr]   Downloaded ckb-traits v0.37.0
[INFO] [stderr]   Downloaded numext-fixed-uint v0.1.6
[INFO] [stderr]   Downloaded ckb-store v0.37.0
[INFO] [stderr]   Downloaded numext-constructor v0.1.6
[INFO] [stderr]   Downloaded ckb-fixed-hash-core v0.37.0
[INFO] [stderr]   Downloaded ckb-fixed-hash-macros v0.37.0
[INFO] [stderr]   Downloaded ckb-occupied-capacity-core v0.37.0
[INFO] [stderr]   Downloaded ckb-occupied-capacity-macros v0.37.0
[INFO] [stderr]   Downloaded merkle-cbt v0.3.0
[INFO] [stderr]   Downloaded numext-fixed-uint-hack v0.1.6
[INFO] [stderr]   Downloaded faster-hex v0.4.1
[INFO] [stderr]   Downloaded ring v0.16.12
[INFO] [stderr]   Downloaded simple-jsonrpc-client v0.1.0
[INFO] [stderr]   Downloaded ckb-verification v0.37.0
[INFO] [stderr]   Downloaded ckb-tool v0.2.2
[INFO] [stderr]   Downloaded ckb-async-runtime v0.37.0
[INFO] [stderr]   Downloaded ckb-dao v0.37.0
[INFO] [stderr]   Downloaded scroll_derive v0.10.4
[INFO] [stderr]   Downloaded ckb-build-info v0.37.0
[INFO] [stderr]   Downloaded ckb-crypto v0.37.0
[INFO] [stderr]   Downloaded ckb-dao-utils v0.37.0
[INFO] [stderr]   Downloaded ckb-chain-spec v0.37.0
[INFO] [stderr]   Downloaded ckb-jsonrpc-types v0.37.0
[INFO] [stderr]   Downloaded ckb-logger-config v0.37.0
[INFO] [stderr]   Downloaded ckb-metrics-config v0.37.0
[INFO] [stderr]   Downloaded ckb-pow v0.37.0
[INFO] [stderr]   Downloaded includedir v0.5.0
[INFO] [stderr]   Downloaded includedir_codegen v0.5.0
[INFO] [stderr]   Downloaded ckb-system-scripts v0.5.1
[INFO] [stderr]   Downloaded ckb-resource v0.37.0
[INFO] [stderr]   Downloaded ckb-librocksdb-sys v6.7.4
[INFO] [stderr]   Downloaded ckb-logger v0.37.0
[INFO] running `Command { std: "docker" "create" "-v" "/var/lib/crater-agent-workspace/builds/worker-1/target:/opt/rustwide/target:rw,Z" "-v" "/var/lib/crater-agent-workspace/builds/worker-1/source:/opt/rustwide/workdir:ro,Z" "-v" "/var/lib/crater-agent-workspace/cargo-home:/opt/rustwide/cargo-home:ro,Z" "-v" "/var/lib/crater-agent-workspace/rustup-home:/opt/rustwide/rustup-home:ro,Z" "-e" "SOURCE_DIR=/opt/rustwide/workdir" "-e" "CARGO_TARGET_DIR=/opt/rustwide/target" "-e" "CARGO_HOME=/opt/rustwide/cargo-home" "-e" "RUSTUP_HOME=/opt/rustwide/rustup-home" "-w" "/opt/rustwide/workdir" "-m" "1610612736" "--user" "0:0" "--network" "none" "ghcr.io/rust-lang/crates-build-env/linux@sha256:34b6a614d2c27851fe6cbf88fbd1137609cefab8b10d0615aaeb6fd47975d74e" "/opt/rustwide/cargo-home/bin/cargo" "+beta-2021-08-01" "metadata" "--no-deps" "--format-version=1", kill_on_drop: false }`
[INFO] [stderr] WARNING: Your kernel does not support swap limit capabilities or the cgroup is not mounted. Memory limited without swap.
[INFO] [stdout] 70e692d686fc2fd686934291badc2b7b7909c54ced1c39a670827738670e3221
[INFO] running `Command { std: "docker" "start" "-a" "70e692d686fc2fd686934291badc2b7b7909c54ced1c39a670827738670e3221", kill_on_drop: false }`
[INFO] running `Command { std: "docker" "inspect" "70e692d686fc2fd686934291badc2b7b7909c54ced1c39a670827738670e3221", kill_on_drop: false }`
[INFO] running `Command { std: "docker" "rm" "-f" "70e692d686fc2fd686934291badc2b7b7909c54ced1c39a670827738670e3221", kill_on_drop: false }`
[INFO] [stdout] 70e692d686fc2fd686934291badc2b7b7909c54ced1c39a670827738670e3221
[INFO] running `Command { std: "docker" "create" "-v" "/var/lib/crater-agent-workspace/builds/worker-1/target:/opt/rustwide/target:rw,Z" "-v" "/var/lib/crater-agent-workspace/builds/worker-1/source:/opt/rustwide/workdir:ro,Z" "-v" "/var/lib/crater-agent-workspace/cargo-home:/opt/rustwide/cargo-home:ro,Z" "-v" "/var/lib/crater-agent-workspace/rustup-home:/opt/rustwide/rustup-home:ro,Z" "-e" "SOURCE_DIR=/opt/rustwide/workdir" "-e" "CARGO_TARGET_DIR=/opt/rustwide/target" "-e" "CARGO_INCREMENTAL=0" "-e" "RUST_BACKTRACE=full" "-e" "RUSTDOCFLAGS=--cap-lints=warn" "-e" "CARGO_HOME=/opt/rustwide/cargo-home" "-e" "RUSTUP_HOME=/opt/rustwide/rustup-home" "-w" "/opt/rustwide/workdir" "-m" "1610612736" "--user" "0:0" "--network" "none" "ghcr.io/rust-lang/crates-build-env/linux@sha256:34b6a614d2c27851fe6cbf88fbd1137609cefab8b10d0615aaeb6fd47975d74e" "/opt/rustwide/cargo-home/bin/cargo" "+beta-2021-08-01" "doc" "--frozen" "--no-deps" "--document-private-items" "--message-format=json", kill_on_drop: false }`
[INFO] [stdout] 1bfebb99f9ad73943c37d4eccc191f408f713269385c075061078b783325ab55
[INFO] [stderr] WARNING: Your kernel does not support swap limit capabilities or the cgroup is not mounted. Memory limited without swap.
[INFO] running `Command { std: "docker" "start" "-a" "1bfebb99f9ad73943c37d4eccc191f408f713269385c075061078b783325ab55", kill_on_drop: false }`
[INFO] [stderr]    Compiling serde v1.0.119
[INFO] [stderr]    Compiling adler v0.2.3
[INFO] [stderr]     Checking futures v0.1.30
[INFO] [stderr]    Compiling gimli v0.23.0
[INFO] [stderr]    Compiling rustc-demangle v0.1.18
[INFO] [stderr]    Compiling object v0.22.0
[INFO] [stderr]     Checking futures-sink v0.3.12
[INFO] [stderr]    Compiling getrandom v0.2.1
[INFO] [stderr]     Checking futures-io v0.3.12
[INFO] [stderr]    Compiling once_cell v1.5.2
[INFO] [stderr]     Checking dtoa v0.4.7
[INFO] [stderr]    Compiling tentacle-secio v0.4.0
[INFO] [stderr]     Checking ckb-build-info v0.37.0
[INFO] [stderr]    Compiling ckb-script v0.37.0
[INFO] [stderr]    Compiling paste v1.0.4
[INFO] [stderr]     Checking base64 v0.10.1
[INFO] [stderr]    Compiling error-chain v0.12.4
[INFO] [stderr]    Compiling walkdir v2.3.1
[INFO] [stderr]    Compiling libc v0.2.82
[INFO] [stderr]     Checking futures-channel v0.3.12
[INFO] [stderr]     Checking lru v0.6.3
[INFO] [stderr]     Checking rand_os v0.1.3
[INFO] [stderr]     Checking time v0.1.43
[INFO] [stderr]     Checking hostname v0.1.5
[INFO] [stderr]     Checking uname v0.1.1
[INFO] [stderr]     Checking mapr v0.8.0
[INFO] [stderr]     Checking quote v1.0.8
[INFO] [stderr]    Compiling crossbeam-utils v0.8.1
[INFO] [stderr]    Compiling memoffset v0.6.1
[INFO] [stderr]    Compiling miniz_oxide v0.4.3
[INFO] [stderr]     Checking ckb-logger v0.37.0
[INFO] [stderr]     Checking want v0.3.0
[INFO] [stderr]     Checking indexmap v1.6.1
[INFO] [stderr]     Checking ckb-channel v0.37.0
[INFO] [stderr]    Compiling im v12.3.4
[INFO] [stderr]    Compiling sentry v0.17.0
[INFO] [stderr]    Compiling enum-display-derive v0.1.0
[INFO] [stderr]     Checking sized-chunks v0.1.3
[INFO] [stderr]     Checking bytes v0.4.12
[INFO] [stderr]     Checking clap v2.33.3
[INFO] [stderr]    Compiling num_cpus v1.13.0
[INFO] [stderr]    Compiling getrandom v0.1.16
[INFO] [stderr]     Checking rand v0.6.5
[INFO] [stderr]     Checking block-buffer v0.7.3
[INFO] [stderr]    Compiling crossbeam-epoch v0.9.1
[INFO] [stderr]    Compiling crossbeam-channel v0.5.0
[INFO] [stderr]    Compiling synstructure v0.12.4
[INFO] [stderr]    Compiling numext-constructor v0.1.6
[INFO] [stderr]    Compiling futures-macro v0.3.12
[INFO] [stderr]    Compiling scroll_derive v0.10.4
[INFO] [stderr]     Checking includedir v0.5.0
[INFO] [stderr]     Checking parking_lot_core v0.6.2
[INFO] [stderr]     Checking env_logger v0.6.2
[INFO] [stderr]     Checking cookie v0.12.0
[INFO] [stderr]     Checking http v0.1.21
[INFO] [stderr]     Checking string v0.2.1
[INFO] [stderr]    Compiling rand_core v0.5.1
[INFO] [stderr]    Compiling thiserror v1.0.23
[INFO] [stderr]     Checking tokio-executor v0.1.10
[INFO] [stderr]     Checking tokio-io v0.1.13
[INFO] [stderr]     Checking tokio-sync v0.1.8
[INFO] [stderr]     Checking tokio-buf v0.1.1
[INFO] [stderr]     Checking want v0.2.0
[INFO] [stderr]     Checking futures-cpupool v0.1.8
[INFO] [stderr]    Compiling flate2 v1.0.19
[INFO] [stderr]     Checking sha2 v0.8.2
[INFO] [stderr]     Checking rayon-core v1.9.0
[INFO] [stderr]     Checking rand_core v0.6.1
[INFO] [stderr]    Compiling crossbeam-deque v0.8.0
[INFO] [stderr]     Checking publicsuffix v1.5.4
[INFO] [stderr]     Checking parking_lot v0.9.0
[INFO] [stderr]    Compiling rand_chacha v0.2.2
[INFO] [stderr]     Checking parking_lot_core v0.4.0
[INFO] [stderr]     Checking tokio-current-thread v0.1.7
[INFO] [stderr]     Checking tokio-timer v0.2.13
[INFO] [stderr]     Checking tokio-threadpool v0.1.18
[INFO] [stderr]    Compiling addr2line v0.14.1
[INFO] [stderr]     Checking rand_chacha v0.3.0
[INFO] [stderr]    Compiling phf_generator v0.7.24
[INFO] [stderr]    Compiling failure_derive v0.1.8
[INFO] [stderr]     Checking tokio-reactor v0.1.12
[INFO] [stderr]     Checking rayon v1.5.0
[INFO] [stderr]     Checking parking_lot v0.7.1
[INFO] [stderr]    Compiling rand v0.7.3
[INFO] [stderr]     Checking scroll v0.10.2
[INFO] [stderr]    Compiling backtrace v0.3.55
[INFO] [stderr]     Checking rand v0.8.2
[INFO] [stderr]    Compiling phf_codegen v0.7.24
[INFO] [stderr]     Checking futures-util v0.3.12
[INFO] [stderr]     Checking http-body v0.1.0
[INFO] [stderr]     Checking h2 v0.1.26
[INFO] [stderr]     Checking tokio-tcp v0.1.4
[INFO] [stderr]     Checking ckb-util v0.37.0
[INFO] [stderr]     Checking goblin v0.2.3
[INFO] [stderr]    Compiling includedir_codegen v0.5.0
[INFO] [stderr]     Checking tokio v0.1.22
[INFO] [stderr]     Checking tempfile v3.2.0
[INFO] [stderr]     Checking faketime v0.2.1
[INFO] [stderr]    Compiling failure v0.1.8
[INFO] [stderr]     Checking bytes v0.5.6
[INFO] [stderr]     Checking ckb-fixed-hash-core v0.37.0
[INFO] [stderr]     Checking ckb-occupied-capacity-core v0.37.0
[INFO] [stderr]     Checking serde_json v1.0.61
[INFO] [stderr]     Checking uuid v0.7.4
[INFO] [stderr]     Checking url_serde v0.2.0
[INFO] [stderr]     Checking toml v0.5.8
[INFO] [stderr]     Checking serde_urlencoded v0.5.5
[INFO] [stderr]     Checking chrono v0.4.19
[INFO] [stderr]     Checking serde_plain v0.3.0
[INFO] [stderr]     Checking ckb-metrics-config v0.37.0
[INFO] [stderr]     Checking ckb-logger-config v0.37.0
[INFO] [stderr]     Checking serde_urlencoded v0.7.0
[INFO] [stderr]     Checking hyper v0.12.35
[INFO] [stderr]     Checking debugid v0.4.0
[INFO] [stderr]     Checking molecule v0.6.0
[INFO] [stderr]     Checking tokio v0.2.24
[INFO] [stderr]     Checking tentacle-multiaddr v0.1.0
[INFO] [stderr]     Checking http-body v0.3.1
[INFO] [stderr]     Checking async-compression v0.3.7
[INFO] [stderr]    Compiling cc v1.0.41
[INFO] [stderr]    Compiling ckb-occupied-capacity-macros v0.37.0
[INFO] [stderr]    Compiling ckb-fixed-hash-macros v0.37.0
[INFO] [stderr]     Checking futures-executor v0.3.12
[INFO] [stderr]     Checking jsonrpc-core v14.2.0
[INFO] [stderr]     Checking cookie_store v0.7.0
[INFO] [stderr]     Checking sentry-types v0.11.0
[INFO] [stderr]     Checking futures v0.3.12
[INFO] [stderr]    Compiling blake2b-rs v0.1.5
[INFO] [stderr]    Compiling openssl-sys v0.9.60
[INFO] [stderr]    Compiling secp256k1-sys v0.1.2
[INFO] [stderr]    Compiling ring v0.16.12
[INFO] [stderr]    Compiling ckb-librocksdb-sys v6.7.4
[INFO] [stderr]    Compiling ckb-vm v0.19.3
[INFO] [stderr]     Checking ckb-occupied-capacity v0.37.0
[INFO] [stderr]     Checking ckb-error v0.37.0
[INFO] [stderr]     Checking ckb-fixed-hash v0.37.0
[INFO] [stderr]     Checking ckb-hash v0.37.0
[INFO] [stderr]    Compiling numext-fixed-uint-core v0.1.6
[INFO] [stderr]     Checking tokio-util v0.3.1
[INFO] [stderr]     Checking ckb-async-runtime v0.37.0
[INFO] [stderr]    Compiling openssl v0.10.32
[INFO] [stderr]    Compiling native-tls v0.2.7
[INFO] [stderr]    Compiling ckb-system-scripts v0.5.1
[INFO] [stderr]     Checking secp256k1 v0.17.2
[INFO] [stderr] error: could not compile `sentry-types`
[INFO] [stderr] 
[INFO] [stderr] Caused by:
[INFO] [stderr]   process didn't exit successfully: `rustc --crate-name sentry_types --edition=2018 /opt/rustwide/cargo-home/registry/src/github.com-1ecc6299db9ec823/sentry-types-0.11.0/src/lib.rs --error-format=json --json=diagnostic-rendered-ansi --crate-type lib --emit=dep-info,metadata -C embed-bitcode=no -C debuginfo=2 --cfg 'feature="default"' --cfg 'feature="with_protocol"' -C metadata=72f2d2aab429b9d8 -C extra-filename=-72f2d2aab429b9d8 --out-dir /opt/rustwide/target/debug/deps -L dependency=/opt/rustwide/target/debug/deps --extern chrono=/opt/rustwide/target/debug/deps/libchrono-b3d8d2af5ce63b90.rmeta --extern debugid=/opt/rustwide/target/debug/deps/libdebugid-29d025755bd22918.rmeta --extern failure=/opt/rustwide/target/debug/deps/libfailure-9939990a8240fe8e.rmeta --extern serde=/opt/rustwide/target/debug/deps/libserde-c1c5194d578dd0ae.rmeta --extern serde_json=/opt/rustwide/target/debug/deps/libserde_json-f2f652e45ff229fe.rmeta --extern url=/opt/rustwide/target/debug/deps/liburl-3ec78df5a2737678.rmeta --extern url_serde=/opt/rustwide/target/debug/deps/liburl_serde-c35b2f76a0e06a16.rmeta --extern uuid=/opt/rustwide/target/debug/deps/libuuid-81e741c96a83f454.rmeta --cap-lints allow` (signal: 9, SIGKILL: kill)
[INFO] [stderr] warning: build failed, waiting for other jobs to finish...
[INFO] [stderr] The following warnings were emitted during compilation:
[INFO] [stderr] 
[INFO] [stderr] warning: c++: fatal error: Killed signal terminated program cc1plus
[INFO] [stderr] warning: compilation terminated.
[INFO] [stderr] warning: c++: fatal error: Killed signal terminated program cc1plus
[INFO] [stderr] warning: compilation terminated.
[INFO] [stderr] warning: c++: fatal error: Killed signal terminated program cc1plus
[INFO] [stderr] warning: compilation terminated.
[INFO] [stderr] warning: c++: fatal error: Killed signal terminated program cc1plus
[INFO] [stderr] warning: compilation terminated.
[INFO] [stderr] warning: c++: fatal error: Killed signal terminated program cc1plus
[INFO] [stderr] warning: compilation terminated.
[INFO] [stderr] warning: c++: fatal error: Killed signal terminated program cc1plus
[INFO] [stderr] warning: compilation terminated.
[INFO] [stderr] warning: c++: fatal error: Killed signal terminated program cc1plus
[INFO] [stderr] warning: compilation terminated.
[INFO] [stderr] warning: c++: fatal error: Killed signal terminated program cc1plus
[INFO] [stderr] warning: compilation terminated.
[INFO] [stderr] warning: c++: fatal error: Killed signal terminated program cc1plus
[INFO] [stderr] warning: compilation terminated.
[INFO] [stderr] 
[INFO] [stderr] error: build failed
[INFO] running `Command { std: "docker" "inspect" "1bfebb99f9ad73943c37d4eccc191f408f713269385c075061078b783325ab55", kill_on_drop: false }`
[INFO] running `Command { std: "docker" "rm" "-f" "1bfebb99f9ad73943c37d4eccc191f408f713269385c075061078b783325ab55", kill_on_drop: false }`
[INFO] [stdout] 1bfebb99f9ad73943c37d4eccc191f408f713269385c075061078b783325ab55
