[INFO] cloning repository https://github.com/alucryd/permafrust
[INFO] running `Command { std: "git" "-c" "credential.helper=" "-c" "credential.helper=/workspace/cargo-home/bin/git-credential-null" "clone" "--bare" "https://github.com/alucryd/permafrust" "/workspace/cache/git-repos/https%3A%2F%2Fgithub.com%2Falucryd%2Fpermafrust", kill_on_drop: false }`
[INFO] [stderr] Cloning into bare repository '/workspace/cache/git-repos/https%3A%2F%2Fgithub.com%2Falucryd%2Fpermafrust'...
[INFO] running `Command { std: "git" "rev-parse" "HEAD", kill_on_drop: false }`
[INFO] [stdout] 06a0dac14bc3f90869a4fe8e6525fea32fc40027
[INFO] documenting alucryd/permafrust against 1.54.0 for beta-1.55-rustdoc-1
[INFO] running `Command { std: "git" "clone" "/workspace/cache/git-repos/https%3A%2F%2Fgithub.com%2Falucryd%2Fpermafrust" "/workspace/builds/worker-6/source", kill_on_drop: false }`
[INFO] [stderr] Cloning into '/workspace/builds/worker-6/source'...
[INFO] [stderr] done.
[INFO] validating manifest of git repo https://github.com/alucryd/permafrust on toolchain 1.54.0
[INFO] running `Command { std: "/workspace/cargo-home/bin/cargo" "+1.54.0" "metadata" "--manifest-path" "Cargo.toml" "--no-deps", kill_on_drop: false }`
[INFO] started tweaking git repo https://github.com/alucryd/permafrust
[INFO] finished tweaking git repo https://github.com/alucryd/permafrust
[INFO] tweaked toml for git repo https://github.com/alucryd/permafrust written to /workspace/builds/worker-6/source/Cargo.toml
[INFO] crate git repo https://github.com/alucryd/permafrust already has a lockfile, it will not be regenerated
[INFO] running `Command { std: "/workspace/cargo-home/bin/cargo" "+1.54.0" "fetch" "--manifest-path" "Cargo.toml", kill_on_drop: false }`
[INFO] [stderr]     Blocking waiting for file lock on package cache
[INFO] running `Command { std: "docker" "create" "-v" "/var/lib/crater-agent-workspace/builds/worker-6/target:/opt/rustwide/target:rw,Z" "-v" "/var/lib/crater-agent-workspace/builds/worker-6/source:/opt/rustwide/workdir:ro,Z" "-v" "/var/lib/crater-agent-workspace/cargo-home:/opt/rustwide/cargo-home:ro,Z" "-v" "/var/lib/crater-agent-workspace/rustup-home:/opt/rustwide/rustup-home:ro,Z" "-e" "SOURCE_DIR=/opt/rustwide/workdir" "-e" "CARGO_TARGET_DIR=/opt/rustwide/target" "-e" "CARGO_HOME=/opt/rustwide/cargo-home" "-e" "RUSTUP_HOME=/opt/rustwide/rustup-home" "-w" "/opt/rustwide/workdir" "-m" "1610612736" "--user" "0:0" "--network" "none" "ghcr.io/rust-lang/crates-build-env/linux@sha256:34b6a614d2c27851fe6cbf88fbd1137609cefab8b10d0615aaeb6fd47975d74e" "/opt/rustwide/cargo-home/bin/cargo" "+1.54.0" "metadata" "--no-deps" "--format-version=1", kill_on_drop: false }`
[INFO] [stdout] 119c22936491c37ffb813278c54eb0857271609cd4602ae6cde2aa8246804976
[INFO] [stderr] WARNING: Your kernel does not support swap limit capabilities or the cgroup is not mounted. Memory limited without swap.
[INFO] running `Command { std: "docker" "start" "-a" "119c22936491c37ffb813278c54eb0857271609cd4602ae6cde2aa8246804976", kill_on_drop: false }`
[INFO] running `Command { std: "docker" "inspect" "119c22936491c37ffb813278c54eb0857271609cd4602ae6cde2aa8246804976", kill_on_drop: false }`
[INFO] running `Command { std: "docker" "rm" "-f" "119c22936491c37ffb813278c54eb0857271609cd4602ae6cde2aa8246804976", kill_on_drop: false }`
[INFO] [stdout] 119c22936491c37ffb813278c54eb0857271609cd4602ae6cde2aa8246804976
[INFO] running `Command { std: "docker" "create" "-v" "/var/lib/crater-agent-workspace/builds/worker-6/target:/opt/rustwide/target:rw,Z" "-v" "/var/lib/crater-agent-workspace/builds/worker-6/source:/opt/rustwide/workdir:ro,Z" "-v" "/var/lib/crater-agent-workspace/cargo-home:/opt/rustwide/cargo-home:ro,Z" "-v" "/var/lib/crater-agent-workspace/rustup-home:/opt/rustwide/rustup-home:ro,Z" "-e" "SOURCE_DIR=/opt/rustwide/workdir" "-e" "CARGO_TARGET_DIR=/opt/rustwide/target" "-e" "CARGO_INCREMENTAL=0" "-e" "RUST_BACKTRACE=full" "-e" "RUSTDOCFLAGS=--cap-lints=warn" "-e" "CARGO_HOME=/opt/rustwide/cargo-home" "-e" "RUSTUP_HOME=/opt/rustwide/rustup-home" "-w" "/opt/rustwide/workdir" "-m" "1610612736" "--user" "0:0" "--network" "none" "ghcr.io/rust-lang/crates-build-env/linux@sha256:34b6a614d2c27851fe6cbf88fbd1137609cefab8b10d0615aaeb6fd47975d74e" "/opt/rustwide/cargo-home/bin/cargo" "+1.54.0" "doc" "--frozen" "--no-deps" "--document-private-items" "--message-format=json", kill_on_drop: false }`
[INFO] [stderr] WARNING: Your kernel does not support swap limit capabilities or the cgroup is not mounted. Memory limited without swap.
[INFO] [stdout] 632dd4b5bcc5f7ca67bde8292550b5fd1191123660d2150098248ef69ee64ca5
[INFO] running `Command { std: "docker" "start" "-a" "632dd4b5bcc5f7ca67bde8292550b5fd1191123660d2150098248ef69ee64ca5", kill_on_drop: false }`
[INFO] [stderr]    Compiling log v0.4.14
[INFO] [stderr]     Checking sval v1.0.0-alpha.5
[INFO] [stderr]    Compiling cache-padded v1.1.1
[INFO] [stderr]    Compiling fastrand v1.4.1
[INFO] [stderr]    Compiling waker-fn v1.1.0
[INFO] [stderr]    Compiling parking v2.0.0
[INFO] [stderr]    Compiling async-task v4.0.3
[INFO] [stderr]    Compiling atomic-waker v1.0.0
[INFO] [stderr]    Compiling futures-sink v0.3.15
[INFO] [stderr]    Compiling http-types v2.11.1
[INFO] [stderr]     Checking route-recognizer v0.2.0
[INFO] [stderr]    Compiling value-bag v1.0.0-alpha.7
[INFO] [stderr]    Compiling blake3 v0.3.8
[INFO] [stderr]     Checking simple-mutex v1.1.5
[INFO] [stderr]    Compiling async-lock v2.4.0
[INFO] [stderr]    Compiling concurrent-queue v1.2.2
[INFO] [stderr]     Checking socket2 v0.4.0
[INFO] [stderr]     Checking getrandom v0.1.16
[INFO] [stderr]     Checking dirs-sys v0.3.6
[INFO] [stderr]    Compiling getrandom v0.2.3
[INFO] [stderr]    Compiling signal-hook-registry v1.4.0
[INFO] [stderr]    Compiling num_cpus v1.13.0
[INFO] [stderr]    Compiling time v0.1.44
[INFO] [stderr]    Compiling parking_lot_core v0.8.3
[INFO] [stderr]     Checking futures-lite v1.12.0
[INFO] [stderr]    Compiling futures-channel v0.3.15
[INFO] [stderr]    Compiling openssl-sys v0.9.65
[INFO] [stderr]     Checking dashmap v4.0.2
[INFO] [stderr]     Checking async-dup v1.2.2
[INFO] [stderr]     Checking signal-hook v0.3.9
[INFO] [stderr]     Checking dirs v3.0.2
[INFO] [stderr]     Checking crypto-mac v0.8.0
[INFO] [stderr]    Compiling async-channel v1.6.1
[INFO] [stderr]     Checking byte-pool v0.2.3
[INFO] [stderr]     Checking openssl v0.10.35
[INFO] [stderr]     Checking hashbrown v0.11.2
[INFO] [stderr]    Compiling ahash v0.7.4
[INFO] [stderr]    Compiling rand_core v0.6.3
[INFO] [stderr]     Checking rand_core v0.5.1
[INFO] [stderr]    Compiling ctor v0.1.20
[INFO] [stderr]    Compiling thiserror-impl v1.0.26
[INFO] [stderr]    Compiling async-attributes v1.1.2
[INFO] [stderr]    Compiling pin-project-internal v1.0.7
[INFO] [stderr]     Checking sha-1 v0.9.6
[INFO] [stderr]     Checking hmac v0.8.1
[INFO] [stderr]    Compiling parking_lot v0.11.1
[INFO] [stderr]    Compiling hmac v0.10.1
[INFO] [stderr]     Checking serde v1.0.126
[INFO] [stderr]    Compiling futures-util v0.3.15
[INFO] [stderr]    Compiling rand_chacha v0.3.1
[INFO] [stderr]     Checking rand_chacha v0.2.2
[INFO] [stderr]     Checking async-executor v1.4.1
[INFO] [stderr]     Checking blocking v1.0.2
[INFO] [stderr]     Checking time v0.2.27
[INFO] [stderr]     Checking indexmap v1.7.0
[INFO] [stderr]     Checking hashlink v0.7.0
[INFO] [stderr]    Compiling rand v0.8.4
[INFO] [stderr]     Checking rand v0.7.3
[INFO] [stderr]     Checking cookie v0.14.4
[INFO] [stderr]     Checking thiserror v1.0.26
[INFO] [stderr]     Checking polling v2.1.0
[INFO] [stderr]     Checking kv-log-macro v1.0.7
[INFO] [stderr]     Checking native-tls v0.2.7
[INFO] [stderr]     Checking async-io v1.6.0
[INFO] [stderr]     Checking pin-project v1.0.7
[INFO] [stderr]     Checking async-global-executor v2.0.2
[INFO] [stderr]     Checking async-process v1.1.0
[INFO] [stderr]     Checking async-std v1.9.0
[INFO] [stderr]     Checking serde_json v1.0.64
[INFO] [stderr]     Checking url v2.2.2
[INFO] [stderr]     Checking serde_qs v0.7.2
[INFO] [stderr]     Checking serde_urlencoded v0.7.0
[INFO] [stderr]     Checking chrono v0.4.19
[INFO] [stderr]     Checking either v1.6.1
[INFO] [stderr]     Checking bincode v1.3.3
[INFO] [stderr]     Checking uuid v0.8.2
[INFO] [stderr]    Compiling futures-executor v0.3.15
[INFO] [stderr]     Checking rayon v1.5.1
[INFO] [stderr]    Compiling futures v0.3.15
[INFO] [stderr]     Checking femme v2.1.1
[INFO] [stderr]     Checking async-native-tls v0.3.3
[INFO] [stderr]     Checking async-session v2.0.1
[INFO] [stderr]     Checking sqlx-rt v0.5.5
[INFO] [stderr]     Checking sqlx-core v0.5.5
[INFO] [stderr]     Checking async-h1 v2.3.2
[INFO] [stderr]     Checking http-client v6.4.1
[INFO] [stderr]     Checking async-sse v4.1.0
[INFO] [stderr]     Checking tide v0.16.0
[INFO] [stderr]    Compiling sqlx-macros v0.5.5
[INFO] [stderr]     Checking sqlx v0.5.5
[INFO] [stderr]     Checking tide-sqlx v0.6.1
[INFO] [stderr]  Documenting permafrust v0.1.0 (/opt/rustwide/workdir)
[INFO] [stdout] error: error communicating with the server: Cannot assign requested address (os error 99)
[INFO] [stdout]   --> src/database.rs:24:5
[INFO] [stdout]    |
[INFO] [stdout] 24 | /     sqlx::query!(
[INFO] [stdout] 25 | |         "
[INFO] [stdout] 26 | |         INSERT INTO root_directories (id, path, depth)
[INFO] [stdout] 27 | |         VALUES ($1, $2, $3)
[INFO] [stdout] ...  |
[INFO] [stdout] 31 | |         depth,
[INFO] [stdout] 32 | |     )
[INFO] [stdout]    | |_____^
[INFO] [stdout]    |
[INFO] [stdout]    = note: this error originates in the macro `$crate::sqlx_macros::expand_query` (in Nightly builds, run with -Z macro-backtrace for more info)
[INFO] [stdout] 
[INFO] [stdout] 
[INFO] [stdout] error: error communicating with the server: Cannot assign requested address (os error 99)
[INFO] [stdout]   --> src/database.rs:39:5
[INFO] [stdout]    |
[INFO] [stdout] 39 | /     sqlx::query_as!(
[INFO] [stdout] 40 | |         RootDirectory,
[INFO] [stdout] 41 | |         "
[INFO] [stdout] 42 | |         SELECT *
[INFO] [stdout] ...  |
[INFO] [stdout] 45 | |         ",
[INFO] [stdout] 46 | |     )
[INFO] [stdout]    | |_____^
[INFO] [stdout]    |
[INFO] [stdout]    = note: this error originates in the macro `$crate::sqlx_macros::expand_query` (in Nightly builds, run with -Z macro-backtrace for more info)
[INFO] [stdout] 
[INFO] [stdout] 
[INFO] [stdout] error: error communicating with the server: Cannot assign requested address (os error 99)
[INFO] [stdout]   --> src/database.rs:56:5
[INFO] [stdout]    |
[INFO] [stdout] 56 | /     sqlx::query_as!(
[INFO] [stdout] 57 | |         RootDirectory,
[INFO] [stdout] 58 | |         "
[INFO] [stdout] 59 | |         SELECT *
[INFO] [stdout] ...  |
[INFO] [stdout] 63 | |         path,
[INFO] [stdout] 64 | |     )
[INFO] [stdout]    | |_____^
[INFO] [stdout]    |
[INFO] [stdout]    = note: this error originates in the macro `$crate::sqlx_macros::expand_query` (in Nightly builds, run with -Z macro-backtrace for more info)
[INFO] [stdout] 
[INFO] [stdout] 
[INFO] [stdout] error: error communicating with the server: Cannot assign requested address (os error 99)
[INFO] [stdout]   --> src/database.rs:74:5
[INFO] [stdout]    |
[INFO] [stdout] 74 | /     sqlx::query!(
[INFO] [stdout] 75 | |         "
[INFO] [stdout] 76 | |         DELETE FROM root_directories
[INFO] [stdout] 77 | |         WHERE id = $1
[INFO] [stdout] 78 | |         ",
[INFO] [stdout] 79 | |         id,
[INFO] [stdout] 80 | |     )
[INFO] [stdout]    | |_____^
[INFO] [stdout]    |
[INFO] [stdout]    = note: this error originates in the macro `$crate::sqlx_macros::expand_query` (in Nightly builds, run with -Z macro-backtrace for more info)
[INFO] [stdout] 
[INFO] [stdout] 
[INFO] [stdout] error: error communicating with the server: Cannot assign requested address (os error 99)
[INFO] [stdout]    --> src/database.rs:96:5
[INFO] [stdout]     |
[INFO] [stdout] 96  | /     sqlx::query!(
[INFO] [stdout] 97  | |         "
[INFO] [stdout] 98  | |         INSERT INTO directories (id, path, modified_date, root_directory_id)
[INFO] [stdout] 99  | |         VALUES ($1, $2, $3, $4)
[INFO] [stdout] ...   |
[INFO] [stdout] 104 | |         root_directory_id,
[INFO] [stdout] 105 | |     )
[INFO] [stdout]     | |_____^
[INFO] [stdout]     |
[INFO] [stdout]     = note: this error originates in the macro `$crate::sqlx_macros::expand_query` (in Nightly builds, run with -Z macro-backtrace for more info)
[INFO] [stdout] 
[INFO] [stdout] 
[INFO] [stdout] error: error communicating with the server: Cannot assign requested address (os error 99)
[INFO] [stdout]    --> src/database.rs:113:5
[INFO] [stdout]     |
[INFO] [stdout] 113 | /     sqlx::query!(
[INFO] [stdout] 114 | |         "
[INFO] [stdout] 115 | |         UPDATE directories
[INFO] [stdout] 116 | |         SET modified_date = $2
[INFO] [stdout] ...   |
[INFO] [stdout] 120 | |         modified_date,
[INFO] [stdout] 121 | |     )
[INFO] [stdout]     | |_____^
[INFO] [stdout]     |
[INFO] [stdout]     = note: this error originates in the macro `$crate::sqlx_macros::expand_query` (in Nightly builds, run with -Z macro-backtrace for more info)
[INFO] [stdout] 
[INFO] [stdout] 
[INFO] [stdout] error: error communicating with the server: Cannot assign requested address (os error 99)
[INFO] [stdout]    --> src/database.rs:128:5
[INFO] [stdout]     |
[INFO] [stdout] 128 | /     sqlx::query_as!(
[INFO] [stdout] 129 | |         Directory,
[INFO] [stdout] 130 | |         "
[INFO] [stdout] 131 | |         SELECT *
[INFO] [stdout] ...   |
[INFO] [stdout] 134 | |         ",
[INFO] [stdout] 135 | |     )
[INFO] [stdout]     | |_____^
[INFO] [stdout]     |
[INFO] [stdout]     = note: this error originates in the macro `$crate::sqlx_macros::expand_query` (in Nightly builds, run with -Z macro-backtrace for more info)
[INFO] [stdout] 
[INFO] [stdout] 
[INFO] [stdout] error: error communicating with the server: Cannot assign requested address (os error 99)
[INFO] [stdout]    --> src/database.rs:142:5
[INFO] [stdout]     |
[INFO] [stdout] 142 | /     sqlx::query_as!(
[INFO] [stdout] 143 | |         Directory,
[INFO] [stdout] 144 | |         "
[INFO] [stdout] 145 | |         SELECT *
[INFO] [stdout] ...   |
[INFO] [stdout] 149 | |         id,
[INFO] [stdout] 150 | |     )
[INFO] [stdout]     | |_____^
[INFO] [stdout]     |
[INFO] [stdout]     = note: this error originates in the macro `$crate::sqlx_macros::expand_query` (in Nightly builds, run with -Z macro-backtrace for more info)
[INFO] [stdout] 
[INFO] [stdout] 
[INFO] [stdout] error: error communicating with the server: Cannot assign requested address (os error 99)
[INFO] [stdout]    --> src/database.rs:157:5
[INFO] [stdout]     |
[INFO] [stdout] 157 | /     sqlx::query_as!(
[INFO] [stdout] 158 | |         Directory,
[INFO] [stdout] 159 | |         "
[INFO] [stdout] 160 | |         SELECT *
[INFO] [stdout] ...   |
[INFO] [stdout] 164 | |         path,
[INFO] [stdout] 165 | |     )
[INFO] [stdout]     | |_____^
[INFO] [stdout]     |
[INFO] [stdout]     = note: this error originates in the macro `$crate::sqlx_macros::expand_query` (in Nightly builds, run with -Z macro-backtrace for more info)
[INFO] [stdout] 
[INFO] [stdout] 
[INFO] [stdout] error: error communicating with the server: Cannot assign requested address (os error 99)
[INFO] [stdout]    --> src/database.rs:172:5
[INFO] [stdout]     |
[INFO] [stdout] 172 | /     sqlx::query!(
[INFO] [stdout] 173 | |         "
[INFO] [stdout] 174 | |         DELETE FROM directories
[INFO] [stdout] 175 | |         WHERE id = $1
[INFO] [stdout] 176 | |         ",
[INFO] [stdout] 177 | |         id,
[INFO] [stdout] 178 | |     )
[INFO] [stdout]     | |_____^
[INFO] [stdout]     |
[INFO] [stdout]     = note: this error originates in the macro `$crate::sqlx_macros::expand_query` (in Nightly builds, run with -Z macro-backtrace for more info)
[INFO] [stdout] 
[INFO] [stdout] 
[INFO] [stdout] error: error communicating with the server: Cannot assign requested address (os error 99)
[INFO] [stdout]    --> src/database.rs:191:5
[INFO] [stdout]     |
[INFO] [stdout] 191 | /     sqlx::query!(
[INFO] [stdout] 192 | |         "
[INFO] [stdout] 193 | |         INSERT INTO archives (id, name, repo_id, created_date, directory_id)
[INFO] [stdout] 194 | |         VALUES ($1, $2, $3, $4, $5)
[INFO] [stdout] ...   |
[INFO] [stdout] 200 | |         directory_id,
[INFO] [stdout] 201 | |     )
[INFO] [stdout]     | |_____^
[INFO] [stdout]     |
[INFO] [stdout]     = note: this error originates in the macro `$crate::sqlx_macros::expand_query` (in Nightly builds, run with -Z macro-backtrace for more info)
[INFO] [stdout] 
[INFO] [stdout] 
[INFO] [stdout] error: error communicating with the server: Cannot assign requested address (os error 99)
[INFO] [stdout]    --> src/database.rs:208:5
[INFO] [stdout]     |
[INFO] [stdout] 208 | /     sqlx::query!(
[INFO] [stdout] 209 | |         "
[INFO] [stdout] 210 | |         UPDATE archives
[INFO] [stdout] 211 | |         SET created_date = $2
[INFO] [stdout] ...   |
[INFO] [stdout] 215 | |         created_date,
[INFO] [stdout] 216 | |     )
[INFO] [stdout]     | |_____^
[INFO] [stdout]     |
[INFO] [stdout]     = note: this error originates in the macro `$crate::sqlx_macros::expand_query` (in Nightly builds, run with -Z macro-backtrace for more info)
[INFO] [stdout] 
[INFO] [stdout] 
[INFO] [stdout] error: error communicating with the server: Cannot assign requested address (os error 99)
[INFO] [stdout]    --> src/database.rs:223:5
[INFO] [stdout]     |
[INFO] [stdout] 223 | /     sqlx::query_as!(
[INFO] [stdout] 224 | |         Archive,
[INFO] [stdout] 225 | |         "
[INFO] [stdout] 226 | |         SELECT *
[INFO] [stdout] ...   |
[INFO] [stdout] 230 | |         id,
[INFO] [stdout] 231 | |     )
[INFO] [stdout]     | |_____^
[INFO] [stdout]     |
[INFO] [stdout]     = note: this error originates in the macro `$crate::sqlx_macros::expand_query` (in Nightly builds, run with -Z macro-backtrace for more info)
[INFO] [stdout] 
[INFO] [stdout] 
[INFO] [stdout] error: error communicating with the server: Cannot assign requested address (os error 99)
[INFO] [stdout]    --> src/database.rs:241:5
[INFO] [stdout]     |
[INFO] [stdout] 241 | /     sqlx::query_as!(
[INFO] [stdout] 242 | |         Archive,
[INFO] [stdout] 243 | |         "
[INFO] [stdout] 244 | |         SELECT *
[INFO] [stdout] ...   |
[INFO] [stdout] 248 | |         directory_id,
[INFO] [stdout] 249 | |     )
[INFO] [stdout]     | |_____^
[INFO] [stdout]     |
[INFO] [stdout]     = note: this error originates in the macro `$crate::sqlx_macros::expand_query` (in Nightly builds, run with -Z macro-backtrace for more info)
[INFO] [stdout] 
[INFO] [stdout] 
[INFO] [stdout] error: error communicating with the server: Cannot assign requested address (os error 99)
[INFO] [stdout]    --> src/database.rs:259:5
[INFO] [stdout]     |
[INFO] [stdout] 259 | /     sqlx::query!(
[INFO] [stdout] 260 | |         "
[INFO] [stdout] 261 | |         DELETE FROM archives
[INFO] [stdout] 262 | |         WHERE id = $1
[INFO] [stdout] 263 | |         ",
[INFO] [stdout] 264 | |         id,
[INFO] [stdout] 265 | |     )
[INFO] [stdout]     | |_____^
[INFO] [stdout]     |
[INFO] [stdout]     = note: this error originates in the macro `$crate::sqlx_macros::expand_query` (in Nightly builds, run with -Z macro-backtrace for more info)
[INFO] [stdout] 
[INFO] [stdout] 
[INFO] [stdout] error: Compilation failed, aborting rustdoc
[INFO] [stdout] 
[INFO] [stdout] 
[INFO] [stdout] error: aborting due to 16 previous errors
[INFO] [stdout] 
[INFO] [stdout] 
[INFO] [stderr] error: could not document `permafrust`
[INFO] [stderr] 
[INFO] [stderr] Caused by:
[INFO] [stderr]   process didn't exit successfully: `rustdoc --edition=2018 --crate-type bin --crate-name permafrust src/main.rs -o /opt/rustwide/target/doc --error-format=json --json=diagnostic-rendered-ansi --document-private-items -L dependency=/opt/rustwide/target/debug/deps --extern async_std=/opt/rustwide/target/debug/deps/libasync_std-6053d23e24f5acad.rmeta --extern chrono=/opt/rustwide/target/debug/deps/libchrono-008032c66ccec9e3.rmeta --extern clap=/opt/rustwide/target/debug/deps/libclap-8b68c4630cde21c1.rmeta --extern dotenv=/opt/rustwide/target/debug/deps/libdotenv-fac2af56d99fafd7.rmeta --extern http_types=/opt/rustwide/target/debug/deps/libhttp_types-5cd513fc2326dbc2.rmeta --extern lazy_static=/opt/rustwide/target/debug/deps/liblazy_static-acd7d23482fe8b54.rmeta --extern rayon=/opt/rustwide/target/debug/deps/librayon-a29814eeb159afcc.rmeta --extern regex=/opt/rustwide/target/debug/deps/libregex-268c382c725a0948.rmeta --extern serde=/opt/rustwide/target/debug/deps/libserde-d274eb19af752a8f.rmeta --extern serde_json=/opt/rustwide/target/debug/deps/libserde_json-357f6ce293f9b539.rmeta --extern sqlx=/opt/rustwide/target/debug/deps/libsqlx-34ff9d2aac13a6d0.rmeta --extern tide=/opt/rustwide/target/debug/deps/libtide-95933ca36963493e.rmeta --extern tide_sqlx=/opt/rustwide/target/debug/deps/libtide_sqlx-0df93df32339fdbf.rmeta --extern uuid=/opt/rustwide/target/debug/deps/libuuid-3fb9d161059835bd.rmeta --extern walkdir=/opt/rustwide/target/debug/deps/libwalkdir-c0fe0581f7b315ac.rmeta --cap-lints=warn --crate-version 0.1.0` (exit status: 1)
[INFO] running `Command { std: "docker" "inspect" "632dd4b5bcc5f7ca67bde8292550b5fd1191123660d2150098248ef69ee64ca5", kill_on_drop: false }`
[INFO] running `Command { std: "docker" "rm" "-f" "632dd4b5bcc5f7ca67bde8292550b5fd1191123660d2150098248ef69ee64ca5", kill_on_drop: false }`
[INFO] [stdout] 632dd4b5bcc5f7ca67bde8292550b5fd1191123660d2150098248ef69ee64ca5
