[INFO] cloning repository https://github.com/allan-simon/cloudwatch-bot
[INFO] running `Command { std: "git" "-c" "credential.helper=" "-c" "credential.helper=/workspace/cargo-home/bin/git-credential-null" "clone" "--bare" "https://github.com/allan-simon/cloudwatch-bot" "/workspace/cache/git-repos/https%3A%2F%2Fgithub.com%2Fallan-simon%2Fcloudwatch-bot", kill_on_drop: false }`
[INFO] [stderr] Cloning into bare repository '/workspace/cache/git-repos/https%3A%2F%2Fgithub.com%2Fallan-simon%2Fcloudwatch-bot'...
[INFO] running `Command { std: "git" "rev-parse" "HEAD", kill_on_drop: false }`
[INFO] [stdout] c261c1995c2cafb433fa508b9ed0c51fc76815fc
[INFO] documenting allan-simon/cloudwatch-bot against beta-2021-08-01 for beta-1.55-rustdoc-1
[INFO] running `Command { std: "git" "clone" "/workspace/cache/git-repos/https%3A%2F%2Fgithub.com%2Fallan-simon%2Fcloudwatch-bot" "/workspace/builds/worker-14/source", kill_on_drop: false }`
[INFO] [stderr] Cloning into '/workspace/builds/worker-14/source'...
[INFO] [stderr] done.
[INFO] validating manifest of git repo https://github.com/allan-simon/cloudwatch-bot on toolchain beta-2021-08-01
[INFO] running `Command { std: "/workspace/cargo-home/bin/cargo" "+beta-2021-08-01" "metadata" "--manifest-path" "Cargo.toml" "--no-deps", kill_on_drop: false }`
[INFO] removed /workspace/builds/worker-14/source/rust-toolchain
[INFO] started tweaking git repo https://github.com/allan-simon/cloudwatch-bot
[INFO] finished tweaking git repo https://github.com/allan-simon/cloudwatch-bot
[INFO] tweaked toml for git repo https://github.com/allan-simon/cloudwatch-bot written to /workspace/builds/worker-14/source/Cargo.toml
[INFO] crate git repo https://github.com/allan-simon/cloudwatch-bot already has a lockfile, it will not be regenerated
[INFO] running `Command { std: "/workspace/cargo-home/bin/cargo" "+beta-2021-08-01" "fetch" "--manifest-path" "Cargo.toml", kill_on_drop: false }`
[INFO] [stderr]     Blocking waiting for file lock on package cache
[INFO] [stderr]     Blocking waiting for file lock on package cache
[INFO] running `Command { std: "docker" "create" "-v" "/var/lib/crater-agent-workspace/builds/worker-14/target:/opt/rustwide/target:rw,Z" "-v" "/var/lib/crater-agent-workspace/builds/worker-14/source:/opt/rustwide/workdir:ro,Z" "-v" "/var/lib/crater-agent-workspace/cargo-home:/opt/rustwide/cargo-home:ro,Z" "-v" "/var/lib/crater-agent-workspace/rustup-home:/opt/rustwide/rustup-home:ro,Z" "-e" "SOURCE_DIR=/opt/rustwide/workdir" "-e" "CARGO_TARGET_DIR=/opt/rustwide/target" "-e" "CARGO_HOME=/opt/rustwide/cargo-home" "-e" "RUSTUP_HOME=/opt/rustwide/rustup-home" "-w" "/opt/rustwide/workdir" "-m" "1610612736" "--user" "0:0" "--network" "none" "ghcr.io/rust-lang/crates-build-env/linux@sha256:34b6a614d2c27851fe6cbf88fbd1137609cefab8b10d0615aaeb6fd47975d74e" "/opt/rustwide/cargo-home/bin/cargo" "+beta-2021-08-01" "metadata" "--no-deps" "--format-version=1", kill_on_drop: false }`
[INFO] [stdout] 00821dd6389f1871f46177a18b1b24ba95dbf06f8879683d95bac741b6344b5c
[INFO] running `Command { std: "docker" "start" "-a" "00821dd6389f1871f46177a18b1b24ba95dbf06f8879683d95bac741b6344b5c", kill_on_drop: false }`
[INFO] running `Command { std: "docker" "inspect" "00821dd6389f1871f46177a18b1b24ba95dbf06f8879683d95bac741b6344b5c", kill_on_drop: false }`
[INFO] running `Command { std: "docker" "rm" "-f" "00821dd6389f1871f46177a18b1b24ba95dbf06f8879683d95bac741b6344b5c", kill_on_drop: false }`
[INFO] [stdout] 00821dd6389f1871f46177a18b1b24ba95dbf06f8879683d95bac741b6344b5c
[INFO] running `Command { std: "docker" "create" "-v" "/var/lib/crater-agent-workspace/builds/worker-14/target:/opt/rustwide/target:rw,Z" "-v" "/var/lib/crater-agent-workspace/builds/worker-14/source:/opt/rustwide/workdir:ro,Z" "-v" "/var/lib/crater-agent-workspace/cargo-home:/opt/rustwide/cargo-home:ro,Z" "-v" "/var/lib/crater-agent-workspace/rustup-home:/opt/rustwide/rustup-home:ro,Z" "-e" "SOURCE_DIR=/opt/rustwide/workdir" "-e" "CARGO_TARGET_DIR=/opt/rustwide/target" "-e" "CARGO_INCREMENTAL=0" "-e" "RUST_BACKTRACE=full" "-e" "RUSTDOCFLAGS=--cap-lints=warn" "-e" "CARGO_HOME=/opt/rustwide/cargo-home" "-e" "RUSTUP_HOME=/opt/rustwide/rustup-home" "-w" "/opt/rustwide/workdir" "-m" "1610612736" "--user" "0:0" "--network" "none" "ghcr.io/rust-lang/crates-build-env/linux@sha256:34b6a614d2c27851fe6cbf88fbd1137609cefab8b10d0615aaeb6fd47975d74e" "/opt/rustwide/cargo-home/bin/cargo" "+beta-2021-08-01" "doc" "--frozen" "--no-deps" "--document-private-items" "--message-format=json", kill_on_drop: false }`
[INFO] [stdout] b9cd3194e612c6fa09854a93b0f79763a33d169c22fa949be0bd6c1999509cf6
[INFO] running `Command { std: "docker" "start" "-a" "b9cd3194e612c6fa09854a93b0f79763a33d169c22fa949be0bd6c1999509cf6", kill_on_drop: false }`
[INFO] [stderr]     Blocking waiting for file lock on package cache
[INFO] [stderr]     Checking libc v0.2.24
[INFO] [stderr]    Compiling version_check v0.1.2
[INFO] [stderr]     Checking byteorder v1.0.0
[INFO] [stderr]     Checking log v0.3.8
[INFO] [stderr]    Compiling gcc v0.3.51
[INFO] [stderr]    Compiling pkg-config v0.3.9
[INFO] [stderr]     Checking futures v0.1.14
[INFO] [stderr]    Compiling matches v0.1.6
[INFO] [stderr]    Compiling semver v0.1.20
[INFO] [stderr]     Checking cfg-if v0.1.2
[INFO] [stderr]    Compiling ansi_term v0.9.0
[INFO] [stderr]     Checking lazycell v0.4.0
[INFO] [stderr]     Checking slab v0.3.0
[INFO] [stderr]    Compiling unicode-normalization v0.1.5
[INFO] [stderr]     Checking percent-encoding v1.0.0
[INFO] [stderr]     Checking scoped-tls v0.1.0
[INFO] [stderr]    Compiling openssl v0.9.14
[INFO] [stderr]     Checking bitflags v0.9.1
[INFO] [stderr]     Checking foreign-types v0.2.0
[INFO] [stderr]     Checking httparse v1.2.3
[INFO] [stderr]     Checking lazy_static v0.2.8
[INFO] [stderr]     Checking language-tags v0.2.2
[INFO] [stderr]    Compiling unicode-xid v0.0.4
[INFO] [stderr]    Compiling typeable v0.1.2
[INFO] [stderr]    Compiling traitobject v0.1.0
[INFO] [stderr]    Compiling quote v0.3.15
[INFO] [stderr]     Checking take v0.1.0
[INFO] [stderr]    Compiling term v0.4.6
[INFO] [stderr]     Checking smallvec v0.2.1
[INFO] [stderr]    Compiling state v0.2.2
[INFO] [stderr]    Compiling toml v0.2.1
[INFO] [stderr]     Checking itoa v0.3.1
[INFO] [stderr]     Checking dtoa v0.4.1
[INFO] [stderr]     Checking serde v1.0.9
[INFO] [stderr]     Checking num-traits v0.1.39
[INFO] [stderr]    Compiling unicode-bidi v0.3.4
[INFO] [stdout] error[E0557]: feature has been removed
[INFO] [stdout]  --> /opt/rustwide/cargo-home/registry/src/github.com-1ecc6299db9ec823/state-0.2.2/src/lib.rs:1:12
[INFO] [stdout]   |
[INFO] [stdout] 1 | #![feature(const_fn)]
[INFO] [stdout]   |            ^^^^^^^^ feature has been removed
[INFO] [stdout]   |
[INFO] [stdout]   = note: split into finer-grained feature gates
[INFO] [stdout] 
[INFO] [stdout] 
[INFO] [stdout] error[E0554]: `#![feature]` may not be used on the beta release channel
[INFO] [stdout]  --> /opt/rustwide/cargo-home/registry/src/github.com-1ecc6299db9ec823/state-0.2.2/src/lib.rs:1:1
[INFO] [stdout]   |
[INFO] [stdout] 1 | #![feature(const_fn)]
[INFO] [stdout]   | ^^^^^^^^^^^^^^^^^^^^^
[INFO] [stdout] 
[INFO] [stdout] 
[INFO] [stdout] error[E0557]: feature has been removed
[INFO] [stdout]  --> /opt/rustwide/cargo-home/registry/src/github.com-1ecc6299db9ec823/state-0.2.2/src/lib.rs:1:12
[INFO] [stdout]   |
[INFO] [stdout] 1 | #![feature(const_fn)]
[INFO] [stdout]   |            ^^^^^^^^ feature has been removed
[INFO] [stdout]   |
[INFO] [stdout]   = note: split into finer-grained feature gates
[INFO] [stdout] 
[INFO] [stdout] 
[INFO] [stdout] error[E0554]: `#![feature]` may not be used on the beta release channel
[INFO] [stdout]  --> /opt/rustwide/cargo-home/registry/src/github.com-1ecc6299db9ec823/state-0.2.2/src/lib.rs:1:1
[INFO] [stdout]   |
[INFO] [stdout] 1 | #![feature(const_fn)]
[INFO] [stdout]   | ^^^^^^^^^^^^^^^^^^^^^
[INFO] [stdout] 
[INFO] [stdout] 
[INFO] [stderr]    Compiling rustc_version v0.1.7
[INFO] [stderr]    Compiling time v0.1.37
[INFO] [stderr]    Compiling num_cpus v1.6.2
[INFO] [stderr]    Compiling memchr v1.0.1
[INFO] [stdout] error: aborting due to 2 previous errors
[INFO] [stdout] 
[INFO] [stdout] 
[INFO] [stdout] Some errors have detailed explanations: E0554, E0557.
[INFO] [stdout] 
[INFO] [stdout] For more information about an error, try `rustc --explain E0554`.
[INFO] [stdout] 
[INFO] [stdout] error: aborting due to 2 previous errors
[INFO] [stdout] 
[INFO] [stdout] 
[INFO] [stdout] Some errors have detailed explanations: E0554, E0557.
[INFO] [stdout] 
[INFO] [stdout] For more information about an error, try `rustc --explain E0554`.
[INFO] [stdout] 
[INFO] [stderr] error: could not compile `state` due to 3 previous errors
[INFO] [stderr] warning: build failed, waiting for other jobs to finish...
[INFO] [stderr] error: build failed
[INFO] running `Command { std: "docker" "inspect" "b9cd3194e612c6fa09854a93b0f79763a33d169c22fa949be0bd6c1999509cf6", kill_on_drop: false }`
[INFO] running `Command { std: "docker" "rm" "-f" "b9cd3194e612c6fa09854a93b0f79763a33d169c22fa949be0bd6c1999509cf6", kill_on_drop: false }`
[INFO] [stdout] b9cd3194e612c6fa09854a93b0f79763a33d169c22fa949be0bd6c1999509cf6
