[INFO] cloning repository https://github.com/alexcrichton/rustjob
[INFO] running `Command { std: "git" "-c" "credential.helper=" "-c" "credential.helper=/workspace/cargo-home/bin/git-credential-null" "clone" "--bare" "https://github.com/alexcrichton/rustjob" "/workspace/cache/git-repos/https%3A%2F%2Fgithub.com%2Falexcrichton%2Frustjob", kill_on_drop: false }`
[INFO] [stderr] Cloning into bare repository '/workspace/cache/git-repos/https%3A%2F%2Fgithub.com%2Falexcrichton%2Frustjob'...
[INFO] running `Command { std: "git" "rev-parse" "HEAD", kill_on_drop: false }`
[INFO] [stdout] 07d2601c8bf63d06584b2c4e248fd2c65c18d224
[INFO] documenting alexcrichton/rustjob against beta-2021-08-01 for beta-1.55-rustdoc-1
[INFO] running `Command { std: "git" "clone" "/workspace/cache/git-repos/https%3A%2F%2Fgithub.com%2Falexcrichton%2Frustjob" "/workspace/builds/worker-75/source", kill_on_drop: false }`
[INFO] [stderr] Cloning into '/workspace/builds/worker-75/source'...
[INFO] [stderr] done.
[INFO] validating manifest of git repo https://github.com/alexcrichton/rustjob on toolchain beta-2021-08-01
[INFO] running `Command { std: "/workspace/cargo-home/bin/cargo" "+beta-2021-08-01" "metadata" "--manifest-path" "Cargo.toml" "--no-deps", kill_on_drop: false }`
[INFO] started tweaking git repo https://github.com/alexcrichton/rustjob
[INFO] finished tweaking git repo https://github.com/alexcrichton/rustjob
[INFO] tweaked toml for git repo https://github.com/alexcrichton/rustjob written to /workspace/builds/worker-75/source/Cargo.toml
[INFO] crate git repo https://github.com/alexcrichton/rustjob already has a lockfile, it will not be regenerated
[INFO] running `Command { std: "/workspace/cargo-home/bin/cargo" "+beta-2021-08-01" "fetch" "--manifest-path" "Cargo.toml", kill_on_drop: false }`
[INFO] [stderr]     Blocking waiting for file lock on package cache
[INFO] [stderr]     Blocking waiting for file lock on package cache
[INFO] [stderr]  Downloading crates ...
[INFO] [stderr]   Downloaded psapi-sys v0.1.0
[INFO] running `Command { std: "docker" "create" "-v" "/var/lib/crater-agent-workspace/builds/worker-75/target:/opt/rustwide/target:rw,Z" "-v" "/var/lib/crater-agent-workspace/builds/worker-75/source:/opt/rustwide/workdir:ro,Z" "-v" "/var/lib/crater-agent-workspace/cargo-home:/opt/rustwide/cargo-home:ro,Z" "-v" "/var/lib/crater-agent-workspace/rustup-home:/opt/rustwide/rustup-home:ro,Z" "-e" "SOURCE_DIR=/opt/rustwide/workdir" "-e" "CARGO_TARGET_DIR=/opt/rustwide/target" "-e" "CARGO_HOME=/opt/rustwide/cargo-home" "-e" "RUSTUP_HOME=/opt/rustwide/rustup-home" "-w" "/opt/rustwide/workdir" "-m" "1610612736" "--user" "0:0" "--network" "none" "ghcr.io/rust-lang/crates-build-env/linux@sha256:34b6a614d2c27851fe6cbf88fbd1137609cefab8b10d0615aaeb6fd47975d74e" "/opt/rustwide/cargo-home/bin/cargo" "+beta-2021-08-01" "metadata" "--no-deps" "--format-version=1", kill_on_drop: false }`
[INFO] [stdout] 11c650d5cd9cbb398d6ba576004aef5b7e4a2b140a40bbf376a6b7aac348ad3c
[INFO] running `Command { std: "docker" "start" "-a" "11c650d5cd9cbb398d6ba576004aef5b7e4a2b140a40bbf376a6b7aac348ad3c", kill_on_drop: false }`
[INFO] running `Command { std: "docker" "inspect" "11c650d5cd9cbb398d6ba576004aef5b7e4a2b140a40bbf376a6b7aac348ad3c", kill_on_drop: false }`
[INFO] running `Command { std: "docker" "rm" "-f" "11c650d5cd9cbb398d6ba576004aef5b7e4a2b140a40bbf376a6b7aac348ad3c", kill_on_drop: false }`
[INFO] [stdout] 11c650d5cd9cbb398d6ba576004aef5b7e4a2b140a40bbf376a6b7aac348ad3c
[INFO] running `Command { std: "docker" "create" "-v" "/var/lib/crater-agent-workspace/builds/worker-75/target:/opt/rustwide/target:rw,Z" "-v" "/var/lib/crater-agent-workspace/builds/worker-75/source:/opt/rustwide/workdir:ro,Z" "-v" "/var/lib/crater-agent-workspace/cargo-home:/opt/rustwide/cargo-home:ro,Z" "-v" "/var/lib/crater-agent-workspace/rustup-home:/opt/rustwide/rustup-home:ro,Z" "-e" "SOURCE_DIR=/opt/rustwide/workdir" "-e" "CARGO_TARGET_DIR=/opt/rustwide/target" "-e" "CARGO_INCREMENTAL=0" "-e" "RUST_BACKTRACE=full" "-e" "RUSTDOCFLAGS=--cap-lints=warn" "-e" "CARGO_HOME=/opt/rustwide/cargo-home" "-e" "RUSTUP_HOME=/opt/rustwide/rustup-home" "-w" "/opt/rustwide/workdir" "-m" "1610612736" "--user" "0:0" "--network" "none" "ghcr.io/rust-lang/crates-build-env/linux@sha256:34b6a614d2c27851fe6cbf88fbd1137609cefab8b10d0615aaeb6fd47975d74e" "/opt/rustwide/cargo-home/bin/cargo" "+beta-2021-08-01" "doc" "--frozen" "--no-deps" "--document-private-items" "--message-format=json", kill_on_drop: false }`
[INFO] [stdout] a1b39687e5f7774ad3ab353023c1c36e5bace821cbc74e54b94c2dd014ee6018
[INFO] running `Command { std: "docker" "start" "-a" "a1b39687e5f7774ad3ab353023c1c36e5bace821cbc74e54b94c2dd014ee6018", kill_on_drop: false }`
[INFO] [stderr]     Blocking waiting for file lock on package cache
[INFO] [stderr]    Compiling winapi-build v0.1.1
[INFO] [stderr]     Checking winapi v0.2.6
[INFO] [stderr]    Compiling psapi-sys v0.1.0
[INFO] [stderr]    Compiling kernel32-sys v0.2.2
[INFO] [stderr]  Documenting rustjob v0.1.0 (/opt/rustwide/workdir)
[INFO] [stdout] error[E0433]: failed to resolve: could not find `windows` in `os`
[INFO] [stdout]   --> src/main.rs:31:14
[INFO] [stdout]    |
[INFO] [stdout] 31 | use std::os::windows::prelude::*;
[INFO] [stdout]    |              ^^^^^^^ could not find `windows` in `os`
[INFO] [stdout] 
[INFO] [stdout] 
[INFO] [stdout] error[E0412]: cannot find type `HANDLE` in crate `winapi`
[INFO] [stdout]   --> src/main.rs:79:23
[INFO] [stdout]    |
[INFO] [stdout] 79 | struct Handle(winapi::HANDLE);
[INFO] [stdout]    |                       ^^^^^^ not found in `winapi`
[INFO] [stdout] 
[INFO] [stdout] 
[INFO] [stdout] error[E0412]: cannot find type `JOBOBJECT_BASIC_PROCESS_ID_LIST` in this scope
[INFO] [stdout]    --> src/main.rs:134:17
[INFO] [stdout]     |
[INFO] [stdout] 134 |         header: JOBOBJECT_BASIC_PROCESS_ID_LIST,
[INFO] [stdout]     |                 ^^^^^^^^^^^^^^^^^^^^^^^^^^^^^^^ not found in this scope
[INFO] [stdout] 
[INFO] [stdout] 
[INFO] [stdout] error[E0412]: cannot find type `ULONG_PTR` in this scope
[INFO] [stdout]    --> src/main.rs:135:16
[INFO] [stdout]     |
[INFO] [stdout] 135 |         list: [ULONG_PTR; 1024],
[INFO] [stdout]     |                ^^^^^^^^^ not found in this scope
[INFO] [stdout] 
[INFO] [stdout] 
[INFO] [stdout] error: Compilation failed, aborting rustdoc
[INFO] [stdout] 
[INFO] [stdout] 
[INFO] [stderr] error: could not document `rustjob`
[INFO] [stdout] error: aborting due to 5 previous errors
[INFO] [stdout] 
[INFO] [stdout] 
[INFO] [stderr] 
[INFO] [stdout] Some errors have detailed explanations: E0412, E0433.
[INFO] [stdout] 
[INFO] [stderr] Caused by:
[INFO] [stdout] For more information about an error, try `rustc --explain E0412`.
[INFO] [stdout] 
[INFO] [stderr]   process didn't exit successfully: `rustdoc --crate-type bin --crate-name rustjob src/main.rs -o /opt/rustwide/target/doc --error-format=json --json=diagnostic-rendered-ansi --document-private-items -L dependency=/opt/rustwide/target/debug/deps --extern kernel32=/opt/rustwide/target/debug/deps/libkernel32-4f54dd83f4d8191a.rmeta --extern psapi=/opt/rustwide/target/debug/deps/libpsapi-84b42b90195c8de0.rmeta --extern winapi=/opt/rustwide/target/debug/deps/libwinapi-6c09730767dd50be.rmeta --cap-lints=warn --crate-version 0.1.0` (exit status: 1)
[INFO] running `Command { std: "docker" "inspect" "a1b39687e5f7774ad3ab353023c1c36e5bace821cbc74e54b94c2dd014ee6018", kill_on_drop: false }`
[INFO] running `Command { std: "docker" "rm" "-f" "a1b39687e5f7774ad3ab353023c1c36e5bace821cbc74e54b94c2dd014ee6018", kill_on_drop: false }`
[INFO] [stdout] a1b39687e5f7774ad3ab353023c1c36e5bace821cbc74e54b94c2dd014ee6018
