[INFO] cloning repository https://github.com/ahmelsayed/rr
[INFO] running `Command { std: "git" "-c" "credential.helper=" "-c" "credential.helper=/workspace/cargo-home/bin/git-credential-null" "clone" "--bare" "https://github.com/ahmelsayed/rr" "/workspace/cache/git-repos/https%3A%2F%2Fgithub.com%2Fahmelsayed%2Frr", kill_on_drop: false }`
[INFO] [stderr] Cloning into bare repository '/workspace/cache/git-repos/https%3A%2F%2Fgithub.com%2Fahmelsayed%2Frr'...
[INFO] running `Command { std: "git" "rev-parse" "HEAD", kill_on_drop: false }`
[INFO] [stdout] 3b9891b6bdad29438c1901d209e1a976d679c98e
[INFO] documenting ahmelsayed/rr against beta-2021-08-01 for beta-1.55-rustdoc-1
[INFO] running `Command { std: "git" "clone" "/workspace/cache/git-repos/https%3A%2F%2Fgithub.com%2Fahmelsayed%2Frr" "/workspace/builds/worker-0/source", kill_on_drop: false }`
[INFO] [stderr] Cloning into '/workspace/builds/worker-0/source'...
[INFO] [stderr] done.
[INFO] validating manifest of git repo https://github.com/ahmelsayed/rr on toolchain beta-2021-08-01
[INFO] running `Command { std: "/workspace/cargo-home/bin/cargo" "+beta-2021-08-01" "metadata" "--manifest-path" "Cargo.toml" "--no-deps", kill_on_drop: false }`
[INFO] started tweaking git repo https://github.com/ahmelsayed/rr
[INFO] finished tweaking git repo https://github.com/ahmelsayed/rr
[INFO] tweaked toml for git repo https://github.com/ahmelsayed/rr written to /workspace/builds/worker-0/source/Cargo.toml
[INFO] crate git repo https://github.com/ahmelsayed/rr already has a lockfile, it will not be regenerated
[INFO] running `Command { std: "/workspace/cargo-home/bin/cargo" "+beta-2021-08-01" "fetch" "--manifest-path" "Cargo.toml", kill_on_drop: false }`
[INFO] running `Command { std: "docker" "create" "-v" "/var/lib/crater-agent-workspace/builds/worker-0/target:/opt/rustwide/target:rw,Z" "-v" "/var/lib/crater-agent-workspace/builds/worker-0/source:/opt/rustwide/workdir:ro,Z" "-v" "/var/lib/crater-agent-workspace/cargo-home:/opt/rustwide/cargo-home:ro,Z" "-v" "/var/lib/crater-agent-workspace/rustup-home:/opt/rustwide/rustup-home:ro,Z" "-e" "SOURCE_DIR=/opt/rustwide/workdir" "-e" "CARGO_TARGET_DIR=/opt/rustwide/target" "-e" "CARGO_HOME=/opt/rustwide/cargo-home" "-e" "RUSTUP_HOME=/opt/rustwide/rustup-home" "-w" "/opt/rustwide/workdir" "-m" "1610612736" "--user" "0:0" "--network" "none" "ghcr.io/rust-lang/crates-build-env/linux@sha256:34b6a614d2c27851fe6cbf88fbd1137609cefab8b10d0615aaeb6fd47975d74e" "/opt/rustwide/cargo-home/bin/cargo" "+beta-2021-08-01" "metadata" "--no-deps" "--format-version=1", kill_on_drop: false }`
[INFO] [stdout] 51296b77af1c82c8474c7bd29aec5ade01511371971b80fe86a8ceff7afef107
[INFO] running `Command { std: "docker" "start" "-a" "51296b77af1c82c8474c7bd29aec5ade01511371971b80fe86a8ceff7afef107", kill_on_drop: false }`
[INFO] running `Command { std: "docker" "inspect" "51296b77af1c82c8474c7bd29aec5ade01511371971b80fe86a8ceff7afef107", kill_on_drop: false }`
[INFO] running `Command { std: "docker" "rm" "-f" "51296b77af1c82c8474c7bd29aec5ade01511371971b80fe86a8ceff7afef107", kill_on_drop: false }`
[INFO] [stdout] 51296b77af1c82c8474c7bd29aec5ade01511371971b80fe86a8ceff7afef107
[INFO] running `Command { std: "docker" "create" "-v" "/var/lib/crater-agent-workspace/builds/worker-0/target:/opt/rustwide/target:rw,Z" "-v" "/var/lib/crater-agent-workspace/builds/worker-0/source:/opt/rustwide/workdir:ro,Z" "-v" "/var/lib/crater-agent-workspace/cargo-home:/opt/rustwide/cargo-home:ro,Z" "-v" "/var/lib/crater-agent-workspace/rustup-home:/opt/rustwide/rustup-home:ro,Z" "-e" "SOURCE_DIR=/opt/rustwide/workdir" "-e" "CARGO_TARGET_DIR=/opt/rustwide/target" "-e" "CARGO_INCREMENTAL=0" "-e" "RUST_BACKTRACE=full" "-e" "RUSTDOCFLAGS=--cap-lints=warn" "-e" "CARGO_HOME=/opt/rustwide/cargo-home" "-e" "RUSTUP_HOME=/opt/rustwide/rustup-home" "-w" "/opt/rustwide/workdir" "-m" "1610612736" "--user" "0:0" "--network" "none" "ghcr.io/rust-lang/crates-build-env/linux@sha256:34b6a614d2c27851fe6cbf88fbd1137609cefab8b10d0615aaeb6fd47975d74e" "/opt/rustwide/cargo-home/bin/cargo" "+beta-2021-08-01" "doc" "--frozen" "--no-deps" "--document-private-items" "--message-format=json", kill_on_drop: false }`
[INFO] [stdout] 785b5f2d026d0e25786acbc1f18497d4e8a5627332a78e5428562c047273772f
[INFO] running `Command { std: "docker" "start" "-a" "785b5f2d026d0e25786acbc1f18497d4e8a5627332a78e5428562c047273772f", kill_on_drop: false }`
[INFO] [stderr]  Documenting rr v0.0.1 (/opt/rustwide/workdir)
[INFO] [stdout] error[E0432]: unresolved import `std::ascii::OwnedAsciiExt`
[INFO] [stdout]  --> src/parser.rs:1:5
[INFO] [stdout]   |
[INFO] [stdout] 1 | use std::ascii::OwnedAsciiExt;
[INFO] [stdout]   |     ^^^^^^^^^^^^^^^^^^^^^^^^^ no `OwnedAsciiExt` in `ascii`
[INFO] [stdout] 
[INFO] [stdout] 
[INFO] [stdout] error[E0658]: box expression syntax is experimental; you can call `Box::new` instead
[INFO] [stdout]   --> src/parser.rs:21:18
[INFO] [stdout]    |
[INFO] [stdout] 21 |             key: box None,
[INFO] [stdout]    |                  ^^^^^^^^
[INFO] [stdout]    |
[INFO] [stdout]    = note: see issue #49733 <https://github.com/rust-lang/rust/issues/49733> for more information
[INFO] [stdout] 
[INFO] [stdout] 
[INFO] [stderr] error: could not document `rr`
[INFO] [stdout] error[E0658]: box expression syntax is experimental; you can call `Box::new` instead
[INFO] [stdout]   --> src/parser.rs:22:20
[INFO] [stdout]    |
[INFO] [stdout] 22 |             value: box None
[INFO] [stdout]    |                    ^^^^^^^^
[INFO] [stdout]    |
[INFO] [stdout]    = note: see issue #49733 <https://github.com/rust-lang/rust/issues/49733> for more information
[INFO] [stdout] 
[INFO] [stdout] 
[INFO] [stderr] 
[INFO] [stdout] error[E0658]: box expression syntax is experimental; you can call `Box::new` instead
[INFO] [stdout]   --> src/parser.rs:39:38
[INFO] [stdout]    |
[INFO] [stdout] 39 |                     rr_options.key = box Some(args[1].clone().into_ascii_lower());
[INFO] [stdout]    |                                      ^^^^^^^^^^^^^^^^^^^^^^^^^^^^^^^^^^^^^^^^^^^^
[INFO] [stdout]    |
[INFO] [stdout]    = note: see issue #49733 <https://github.com/rust-lang/rust/issues/49733> for more information
[INFO] [stdout] 
[INFO] [stdout] 
[INFO] [stderr] Caused by:
[INFO] [stdout] error[E0658]: box expression syntax is experimental; you can call `Box::new` instead
[INFO] [stdout]   --> src/parser.rs:48:38
[INFO] [stdout]    |
[INFO] [stdout] 48 |                     rr_options.key = box Some(args[2].clone().into_ascii_lower());
[INFO] [stdout]    |                                      ^^^^^^^^^^^^^^^^^^^^^^^^^^^^^^^^^^^^^^^^^^^^
[INFO] [stdout]    |
[INFO] [stdout]    = note: see issue #49733 <https://github.com/rust-lang/rust/issues/49733> for more information
[INFO] [stdout] 
[INFO] [stdout] 
[INFO] [stderr]   process didn't exit successfully: `rustdoc --crate-type lib --crate-name rr src/lib.rs -o /opt/rustwide/target/doc --error-format=json --json=diagnostic-rendered-ansi --document-private-items -L dependency=/opt/rustwide/target/debug/deps --cap-lints=warn --crate-version 0.0.1` (exit status: 1)
[INFO] [stdout] error[E0658]: box expression syntax is experimental; you can call `Box::new` instead
[INFO] [stdout]   --> src/parser.rs:52:38
[INFO] [stdout]    |
[INFO] [stdout] 52 |                     rr_options.key = box Some(args[1].clone().into_ascii_lower());
[INFO] [stdout]    |                                      ^^^^^^^^^^^^^^^^^^^^^^^^^^^^^^^^^^^^^^^^^^^^
[INFO] [stdout]    |
[INFO] [stdout]    = note: see issue #49733 <https://github.com/rust-lang/rust/issues/49733> for more information
[INFO] [stdout] 
[INFO] [stdout] 
[INFO] [stdout] error[E0658]: box expression syntax is experimental; you can call `Box::new` instead
[INFO] [stdout]   --> src/parser.rs:53:40
[INFO] [stdout]    |
[INFO] [stdout] 53 |                     rr_options.value = box Some(args[2].clone().into_ascii_lower());
[INFO] [stdout]    |                                        ^^^^^^^^^^^^^^^^^^^^^^^^^^^^^^^^^^^^^^^^^^^^
[INFO] [stdout]    |
[INFO] [stdout]    = note: see issue #49733 <https://github.com/rust-lang/rust/issues/49733> for more information
[INFO] [stdout] 
[INFO] [stdout] 
[INFO] [stdout] error: Compilation failed, aborting rustdoc
[INFO] [stdout] 
[INFO] [stdout] 
[INFO] [stdout] error: aborting due to 8 previous errors
[INFO] [stdout] 
[INFO] [stdout] 
[INFO] [stdout] Some errors have detailed explanations: E0432, E0658.
[INFO] [stdout] 
[INFO] [stdout] For more information about an error, try `rustc --explain E0432`.
[INFO] [stdout] 
[INFO] running `Command { std: "docker" "inspect" "785b5f2d026d0e25786acbc1f18497d4e8a5627332a78e5428562c047273772f", kill_on_drop: false }`
[INFO] running `Command { std: "docker" "rm" "-f" "785b5f2d026d0e25786acbc1f18497d4e8a5627332a78e5428562c047273772f", kill_on_drop: false }`
[INFO] [stdout] 785b5f2d026d0e25786acbc1f18497d4e8a5627332a78e5428562c047273772f
