[INFO] cloning repository https://github.com/agmike/rocket-bugtracker
[INFO] running `Command { std: "git" "-c" "credential.helper=" "-c" "credential.helper=/workspace/cargo-home/bin/git-credential-null" "clone" "--bare" "https://github.com/agmike/rocket-bugtracker" "/workspace/cache/git-repos/https%3A%2F%2Fgithub.com%2Fagmike%2Frocket-bugtracker", kill_on_drop: false }`
[INFO] [stderr] Cloning into bare repository '/workspace/cache/git-repos/https%3A%2F%2Fgithub.com%2Fagmike%2Frocket-bugtracker'...
[INFO] running `Command { std: "git" "rev-parse" "HEAD", kill_on_drop: false }`
[INFO] [stdout] 0c285c1ff0e59a2282c60995663e5aa81ede8977
[INFO] documenting agmike/rocket-bugtracker against beta-2021-08-01 for beta-1.55-rustdoc-1
[INFO] running `Command { std: "git" "clone" "/workspace/cache/git-repos/https%3A%2F%2Fgithub.com%2Fagmike%2Frocket-bugtracker" "/workspace/builds/worker-8/source", kill_on_drop: false }`
[INFO] [stderr] Cloning into '/workspace/builds/worker-8/source'...
[INFO] [stderr] done.
[INFO] validating manifest of git repo https://github.com/agmike/rocket-bugtracker on toolchain beta-2021-08-01
[INFO] running `Command { std: "/workspace/cargo-home/bin/cargo" "+beta-2021-08-01" "metadata" "--manifest-path" "Cargo.toml" "--no-deps", kill_on_drop: false }`
[INFO] started tweaking git repo https://github.com/agmike/rocket-bugtracker
[INFO] finished tweaking git repo https://github.com/agmike/rocket-bugtracker
[INFO] tweaked toml for git repo https://github.com/agmike/rocket-bugtracker written to /workspace/builds/worker-8/source/Cargo.toml
[INFO] crate git repo https://github.com/agmike/rocket-bugtracker already has a lockfile, it will not be regenerated
[INFO] running `Command { std: "/workspace/cargo-home/bin/cargo" "+beta-2021-08-01" "fetch" "--manifest-path" "Cargo.toml", kill_on_drop: false }`
[INFO] [stderr]     Blocking waiting for file lock on package cache
[INFO] running `Command { std: "docker" "create" "-v" "/var/lib/crater-agent-workspace/builds/worker-8/target:/opt/rustwide/target:rw,Z" "-v" "/var/lib/crater-agent-workspace/builds/worker-8/source:/opt/rustwide/workdir:ro,Z" "-v" "/var/lib/crater-agent-workspace/cargo-home:/opt/rustwide/cargo-home:ro,Z" "-v" "/var/lib/crater-agent-workspace/rustup-home:/opt/rustwide/rustup-home:ro,Z" "-e" "SOURCE_DIR=/opt/rustwide/workdir" "-e" "CARGO_TARGET_DIR=/opt/rustwide/target" "-e" "CARGO_HOME=/opt/rustwide/cargo-home" "-e" "RUSTUP_HOME=/opt/rustwide/rustup-home" "-w" "/opt/rustwide/workdir" "-m" "1610612736" "--user" "0:0" "--network" "none" "ghcr.io/rust-lang/crates-build-env/linux@sha256:34b6a614d2c27851fe6cbf88fbd1137609cefab8b10d0615aaeb6fd47975d74e" "/opt/rustwide/cargo-home/bin/cargo" "+beta-2021-08-01" "metadata" "--no-deps" "--format-version=1", kill_on_drop: false }`
[INFO] [stdout] da1dbaca95d9f3a9ef7cdb62c79f51e58bcadbc4c9b1629c8f32d4d65f2b0eee
[INFO] running `Command { std: "docker" "start" "-a" "da1dbaca95d9f3a9ef7cdb62c79f51e58bcadbc4c9b1629c8f32d4d65f2b0eee", kill_on_drop: false }`
[INFO] running `Command { std: "docker" "inspect" "da1dbaca95d9f3a9ef7cdb62c79f51e58bcadbc4c9b1629c8f32d4d65f2b0eee", kill_on_drop: false }`
[INFO] running `Command { std: "docker" "rm" "-f" "da1dbaca95d9f3a9ef7cdb62c79f51e58bcadbc4c9b1629c8f32d4d65f2b0eee", kill_on_drop: false }`
[INFO] [stdout] da1dbaca95d9f3a9ef7cdb62c79f51e58bcadbc4c9b1629c8f32d4d65f2b0eee
[INFO] running `Command { std: "docker" "create" "-v" "/var/lib/crater-agent-workspace/builds/worker-8/target:/opt/rustwide/target:rw,Z" "-v" "/var/lib/crater-agent-workspace/builds/worker-8/source:/opt/rustwide/workdir:ro,Z" "-v" "/var/lib/crater-agent-workspace/cargo-home:/opt/rustwide/cargo-home:ro,Z" "-v" "/var/lib/crater-agent-workspace/rustup-home:/opt/rustwide/rustup-home:ro,Z" "-e" "SOURCE_DIR=/opt/rustwide/workdir" "-e" "CARGO_TARGET_DIR=/opt/rustwide/target" "-e" "CARGO_INCREMENTAL=0" "-e" "RUST_BACKTRACE=full" "-e" "RUSTDOCFLAGS=--cap-lints=warn" "-e" "CARGO_HOME=/opt/rustwide/cargo-home" "-e" "RUSTUP_HOME=/opt/rustwide/rustup-home" "-w" "/opt/rustwide/workdir" "-m" "1610612736" "--user" "0:0" "--network" "none" "ghcr.io/rust-lang/crates-build-env/linux@sha256:34b6a614d2c27851fe6cbf88fbd1137609cefab8b10d0615aaeb6fd47975d74e" "/opt/rustwide/cargo-home/bin/cargo" "+beta-2021-08-01" "doc" "--frozen" "--no-deps" "--document-private-items" "--message-format=json", kill_on_drop: false }`
[INFO] [stdout] 959cfcbb533b60ca0ae26920d082824b44d617c119ca108266467ab5338d35ca
[INFO] running `Command { std: "docker" "start" "-a" "959cfcbb533b60ca0ae26920d082824b44d617c119ca108266467ab5338d35ca", kill_on_drop: false }`
[INFO] [stderr]     Blocking waiting for file lock on package cache
[INFO] [stderr]     Blocking waiting for file lock on package cache
[INFO] [stderr]     Checking libc v0.2.22
[INFO] [stderr]    Compiling semver v0.1.20
[INFO] [stderr]     Checking num-traits v0.1.37
[INFO] [stderr]    Compiling pq-sys v0.4.3
[INFO] [stderr]    Compiling version_check v0.1.0
[INFO] [stderr]    Compiling ansi_term v0.9.0
[INFO] [stderr]    Compiling byteorder v1.0.0
[INFO] [stderr]     Checking log v0.3.7
[INFO] [stderr]    Compiling matches v0.1.4
[INFO] [stderr]    Compiling unicode-normalization v0.1.4
[INFO] [stderr]     Checking serde v0.9.15
[INFO] [stderr]    Compiling void v1.0.2
[INFO] [stderr]     Checking winapi v0.2.8
[INFO] [stderr]     Checking typeable v0.1.2
[INFO] [stderr]    Compiling traitobject v0.1.0
[INFO] [stderr]     Checking utf8-ranges v1.0.0
[INFO] [stderr]     Checking regex-syntax v0.4.0
[INFO] [stderr]    Compiling term v0.4.5
[INFO] [stderr]    Compiling language-tags v0.2.2
[INFO] [stderr]     Checking itoa v0.3.1
[INFO] [stderr]     Checking dtoa v0.4.1
[INFO] [stderr]    Compiling httparse v1.2.2
[INFO] [stderr]     Checking antidote v1.0.0
[INFO] [stderr]    Compiling state v0.2.1
[INFO] [stderr]     Checking regex-syntax v0.3.9
[INFO] [stderr]     Checking rustc-serialize v0.3.24
[INFO] [stderr]     Checking quick-error v1.2.0
[INFO] [stderr]     Checking toml v0.2.1
[INFO] [stderr]     Checking lazy_static v0.2.8
[INFO] [stderr]     Checking pest v0.3.3
[INFO] [stderr]     Checking either v1.1.0
[INFO] [stderr]     Checking unicode-bidi v0.2.6
[INFO] [stderr]    Compiling unreachable v0.1.1
[INFO] [stderr]    Compiling base64 v0.5.2
[INFO] [stderr]     Checking scheduled-thread-pool v0.1.0
[INFO] [stdout] error[E0557]: feature has been removed
[INFO] [stdout]  --> /opt/rustwide/cargo-home/registry/src/github.com-1ecc6299db9ec823/state-0.2.1/src/lib.rs:1:12
[INFO] [stdout]   |
[INFO] [stdout] 1 | #![feature(const_fn)]
[INFO] [stdout]   |            ^^^^^^^^ feature has been removed
[INFO] [stdout]   |
[INFO] [stdout]   = note: split into finer-grained feature gates
[INFO] [stdout] 
[INFO] [stdout] 
[INFO] [stdout] error[E0557]: feature has been removed
[INFO] [stdout]  --> /opt/rustwide/cargo-home/registry/src/github.com-1ecc6299db9ec823/state-0.2.1/src/lib.rs:1:12
[INFO] [stdout]   |
[INFO] [stdout] 1 | #![feature(const_fn)]
[INFO] [stdout]   |            ^^^^^^^^ feature has been removed
[INFO] [stdout]   |
[INFO] [stdout]   = note: split into finer-grained feature gates
[INFO] [stdout] 
[INFO] [stdout] 
[INFO] [stdout] error[E0554]: `#![feature]` may not be used on the beta release channel
[INFO] [stdout]  --> /opt/rustwide/cargo-home/registry/src/github.com-1ecc6299db9ec823/state-0.2.1/src/lib.rs:1:1
[INFO] [stdout]   |
[INFO] [stdout] 1 | #![feature(const_fn)]
[INFO] [stdout]   | ^^^^^^^^^^^^^^^^^^^^^
[INFO] [stdout] 
[INFO] [stdout] 
[INFO] [stdout] error[E0554]: `#![feature]` may not be used on the beta release channel
[INFO] [stdout]  --> /opt/rustwide/cargo-home/registry/src/github.com-1ecc6299db9ec823/state-0.2.1/src/lib.rs:1:1
[INFO] [stdout]   |
[INFO] [stdout] 1 | #![feature(const_fn)]
[INFO] [stdout]   | ^^^^^^^^^^^^^^^^^^^^^
[INFO] [stdout] 
[INFO] [stdout] 
[INFO] [stderr] error: could not compile `state` due to 3 previous errors
[INFO] [stdout] error: aborting due to 2 previous errors
[INFO] [stdout] 
[INFO] [stdout] 
[INFO] [stderr] warning: build failed, waiting for other jobs to finish...
[INFO] [stdout] Some errors have detailed explanations: E0554, E0557.
[INFO] [stdout] 
[INFO] [stdout] For more information about an error, try `rustc --explain E0554`.
[INFO] [stdout] 
[INFO] [stdout] error: aborting due to 2 previous errors
[INFO] [stdout] 
[INFO] [stdout] 
[INFO] [stdout] Some errors have detailed explanations: E0554, E0557.
[INFO] [stdout] 
[INFO] [stdout] For more information about an error, try `rustc --explain E0554`.
[INFO] [stdout] 
[INFO] [stderr] error: build failed
[INFO] running `Command { std: "docker" "inspect" "959cfcbb533b60ca0ae26920d082824b44d617c119ca108266467ab5338d35ca", kill_on_drop: false }`
[INFO] running `Command { std: "docker" "rm" "-f" "959cfcbb533b60ca0ae26920d082824b44d617c119ca108266467ab5338d35ca", kill_on_drop: false }`
[INFO] [stdout] 959cfcbb533b60ca0ae26920d082824b44d617c119ca108266467ab5338d35ca
