[INFO] cloning repository https://github.com/afeng5853/auto-enroll
[INFO] running `Command { std: "git" "-c" "credential.helper=" "-c" "credential.helper=/workspace/cargo-home/bin/git-credential-null" "clone" "--bare" "https://github.com/afeng5853/auto-enroll" "/workspace/cache/git-repos/https%3A%2F%2Fgithub.com%2Fafeng5853%2Fauto-enroll", kill_on_drop: false }`
[INFO] [stderr] Cloning into bare repository '/workspace/cache/git-repos/https%3A%2F%2Fgithub.com%2Fafeng5853%2Fauto-enroll'...
[INFO] running `Command { std: "git" "rev-parse" "HEAD", kill_on_drop: false }`
[INFO] [stdout] 1944ba27864d301c1ca04df8a3623978be22f633
[INFO] documenting afeng5853/auto-enroll against 1.54.0 for beta-1.55-rustdoc-1
[INFO] running `Command { std: "git" "clone" "/workspace/cache/git-repos/https%3A%2F%2Fgithub.com%2Fafeng5853%2Fauto-enroll" "/workspace/builds/worker-12/source", kill_on_drop: false }`
[INFO] [stderr] Cloning into '/workspace/builds/worker-12/source'...
[INFO] [stderr] done.
[INFO] validating manifest of git repo https://github.com/afeng5853/auto-enroll on toolchain 1.54.0
[INFO] running `Command { std: "/workspace/cargo-home/bin/cargo" "+1.54.0" "metadata" "--manifest-path" "Cargo.toml" "--no-deps", kill_on_drop: false }`
[INFO] started tweaking git repo https://github.com/afeng5853/auto-enroll
[INFO] finished tweaking git repo https://github.com/afeng5853/auto-enroll
[INFO] tweaked toml for git repo https://github.com/afeng5853/auto-enroll written to /workspace/builds/worker-12/source/Cargo.toml
[INFO] crate git repo https://github.com/afeng5853/auto-enroll already has a lockfile, it will not be regenerated
[INFO] running `Command { std: "/workspace/cargo-home/bin/cargo" "+1.54.0" "fetch" "--manifest-path" "Cargo.toml", kill_on_drop: false }`
[INFO] [stderr]     Blocking waiting for file lock on package cache
[INFO] running `Command { std: "docker" "create" "-v" "/var/lib/crater-agent-workspace/builds/worker-12/target:/opt/rustwide/target:rw,Z" "-v" "/var/lib/crater-agent-workspace/builds/worker-12/source:/opt/rustwide/workdir:ro,Z" "-v" "/var/lib/crater-agent-workspace/cargo-home:/opt/rustwide/cargo-home:ro,Z" "-v" "/var/lib/crater-agent-workspace/rustup-home:/opt/rustwide/rustup-home:ro,Z" "-e" "SOURCE_DIR=/opt/rustwide/workdir" "-e" "CARGO_TARGET_DIR=/opt/rustwide/target" "-e" "CARGO_HOME=/opt/rustwide/cargo-home" "-e" "RUSTUP_HOME=/opt/rustwide/rustup-home" "-w" "/opt/rustwide/workdir" "-m" "1610612736" "--user" "0:0" "--network" "none" "ghcr.io/rust-lang/crates-build-env/linux@sha256:34b6a614d2c27851fe6cbf88fbd1137609cefab8b10d0615aaeb6fd47975d74e" "/opt/rustwide/cargo-home/bin/cargo" "+1.54.0" "metadata" "--no-deps" "--format-version=1", kill_on_drop: false }`
[INFO] [stdout] a7e428dc7d94311746034d6271bc54be49070febad914f67e724617c0a3809b3
[INFO] running `Command { std: "docker" "start" "-a" "a7e428dc7d94311746034d6271bc54be49070febad914f67e724617c0a3809b3", kill_on_drop: false }`
[INFO] running `Command { std: "docker" "inspect" "a7e428dc7d94311746034d6271bc54be49070febad914f67e724617c0a3809b3", kill_on_drop: false }`
[INFO] running `Command { std: "docker" "rm" "-f" "a7e428dc7d94311746034d6271bc54be49070febad914f67e724617c0a3809b3", kill_on_drop: false }`
[INFO] [stdout] a7e428dc7d94311746034d6271bc54be49070febad914f67e724617c0a3809b3
[INFO] running `Command { std: "docker" "create" "-v" "/var/lib/crater-agent-workspace/builds/worker-12/target:/opt/rustwide/target:rw,Z" "-v" "/var/lib/crater-agent-workspace/builds/worker-12/source:/opt/rustwide/workdir:ro,Z" "-v" "/var/lib/crater-agent-workspace/cargo-home:/opt/rustwide/cargo-home:ro,Z" "-v" "/var/lib/crater-agent-workspace/rustup-home:/opt/rustwide/rustup-home:ro,Z" "-e" "SOURCE_DIR=/opt/rustwide/workdir" "-e" "CARGO_TARGET_DIR=/opt/rustwide/target" "-e" "CARGO_INCREMENTAL=0" "-e" "RUST_BACKTRACE=full" "-e" "RUSTDOCFLAGS=--cap-lints=warn" "-e" "CARGO_HOME=/opt/rustwide/cargo-home" "-e" "RUSTUP_HOME=/opt/rustwide/rustup-home" "-w" "/opt/rustwide/workdir" "-m" "1610612736" "--user" "0:0" "--network" "none" "ghcr.io/rust-lang/crates-build-env/linux@sha256:34b6a614d2c27851fe6cbf88fbd1137609cefab8b10d0615aaeb6fd47975d74e" "/opt/rustwide/cargo-home/bin/cargo" "+1.54.0" "doc" "--frozen" "--no-deps" "--document-private-items" "--message-format=json", kill_on_drop: false }`
[INFO] [stdout] afb317cc0fd40c88ba7655e7fb872aef370f6f527ce8b324908aaec93f0e15da
[INFO] running `Command { std: "docker" "start" "-a" "afb317cc0fd40c88ba7655e7fb872aef370f6f527ce8b324908aaec93f0e15da", kill_on_drop: false }`
[INFO] [stderr]    Compiling rand_core v0.4.0
[INFO] [stderr]    Compiling arrayvec v0.4.10
[INFO] [stderr]    Compiling siphasher v0.2.3
[INFO] [stderr]     Checking lazycell v1.2.1
[INFO] [stderr]    Compiling build_const v0.2.1
[INFO] [stderr]    Compiling serde v1.0.90
[INFO] [stderr]    Compiling openssl v0.10.20
[INFO] [stderr]    Compiling syn v0.15.30
[INFO] [stderr]    Compiling httparse v1.3.3
[INFO] [stderr]     Checking string v0.1.3
[INFO] [stderr]    Compiling winapi v0.3.7
[INFO] [stderr]    Compiling native-tls v0.2.2
[INFO] [stderr]     Checking subtle v1.0.0
[INFO] [stderr]     Checking bitflags v0.9.1
[INFO] [stderr]     Checking strum v0.8.0
[INFO] [stderr]     Checking byte-tools v0.3.1
[INFO] [stderr]     Checking opaque-debug v0.2.2
[INFO] [stderr]     Checking crossbeam-utils v0.6.5
[INFO] [stderr]    Compiling unicase v1.4.2
[INFO] [stderr]     Checking log v0.4.6
[INFO] [stderr]     Checking tokio-sync v0.1.4
[INFO] [stderr]    Compiling unicase v2.3.0
[INFO] [stderr]    Compiling miniz_oxide_c_api v0.2.1
[INFO] [stderr]     Checking unicode-normalization v0.1.8
[INFO] [stderr]     Checking tokio-trace-core v0.1.0
[INFO] [stderr]     Checking miniz_oxide v0.2.1
[INFO] [stderr]    Compiling libc v0.2.51
[INFO] [stderr]     Checking iovec v0.1.2
[INFO] [stderr]     Checking rand_os v0.1.3
[INFO] [stderr]     Checking net2 v0.2.33
[INFO] [stderr]     Checking time v0.1.42
[INFO] [stderr]     Checking crc32fast v1.2.0
[INFO] [stderr]     Checking encoding_rs v0.8.17
[INFO] [stderr]    Compiling openssl-sys v0.9.43
[INFO] [stderr]     Checking base64 v0.10.1
[INFO] [stderr]    Compiling quote v0.6.11
[INFO] [stderr]    Compiling strum_macros v0.8.0
[INFO] [stderr]     Checking futures-cpupool v0.1.8
[INFO] [stderr]     Checking tokio-executor v0.1.7
[INFO] [stderr]     Checking crossbeam-queue v0.1.2
[INFO] [stderr]     Checking crypto-mac v0.7.0
[INFO] [stderr]     Checking digest v0.8.0
[INFO] [stderr]     Checking bytes v0.4.12
[INFO] [stderr]     Checking xml-rs v0.6.1
[INFO] [stderr]    Compiling rand_core v0.3.1
[INFO] [stderr]    Compiling rand_jitter v0.1.3
[INFO] [stderr]    Compiling rand_pcg v0.1.2
[INFO] [stderr]     Checking want v0.0.6
[INFO] [stderr]     Checking rand v0.6.5
[INFO] [stderr]    Compiling rand_chacha v0.1.1
[INFO] [stderr]    Compiling rand_isaac v0.1.1
[INFO] [stderr]    Compiling rand_xorshift v0.1.1
[INFO] [stderr]    Compiling rand_hc v0.1.0
[INFO] [stderr]     Checking mio v0.6.16
[INFO] [stderr]    Compiling crc v1.8.1
[INFO] [stderr]     Checking blake2 v0.8.0
[INFO] [stderr]     Checking tokio-current-thread v0.1.6
[INFO] [stderr]     Checking tokio-timer v0.2.10
[INFO] [stderr]     Checking winrt v0.4.0
[INFO] [stderr]    Compiling phf_shared v0.7.24
[INFO] [stderr]     Checking tokio-io v0.1.12
[INFO] [stderr]     Checking http v0.1.17
[INFO] [stderr]     Checking idna v0.1.5
[INFO] [stderr]     Checking mime v0.3.13
[INFO] [stderr]     Checking flate2 v1.0.7
[INFO] [stderr]     Checking phf v0.7.24
[INFO] [stderr]     Checking winrt-notification v0.2.2
[INFO] [stderr]     Checking url v1.7.2
[INFO] [stdout] error[E0433]: failed to resolve: could not find `windows` in `winrt`
[INFO] [stdout]   --> /opt/rustwide/cargo-home/registry/src/github.com-1ecc6299db9ec823/winrt-notification-0.2.2/src/lib.rs:38:12
[INFO] [stdout]    |
[INFO] [stdout] 38 | use winrt::windows::data::xml::dom::IXmlDocumentIO;
[INFO] [stdout]    |            ^^^^^^^ could not find `windows` in `winrt`
[INFO] [stdout] 
[INFO] [stdout] 
[INFO] [stdout] error[E0433]: failed to resolve: could not find `windows` in `winrt`
[INFO] [stdout]   --> /opt/rustwide/cargo-home/registry/src/github.com-1ecc6299db9ec823/winrt-notification-0.2.2/src/lib.rs:39:12
[INFO] [stdout]    |
[INFO] [stdout] 39 | use winrt::windows::ui::notifications::{ToastNotification, ToastNotificationManager};
[INFO] [stdout]    |            ^^^^^^^ could not find `windows` in `winrt`
[INFO] [stdout] 
[INFO] [stdout] 
[INFO] [stdout] error[E0433]: failed to resolve: could not find `windows` in `winrt`
[INFO] [stdout]   --> /opt/rustwide/cargo-home/registry/src/github.com-1ecc6299db9ec823/winrt-notification-0.2.2/src/lib.rs:40:12
[INFO] [stdout]    |
[INFO] [stdout] 40 | use winrt::windows::ui::notifications::ToastTemplateType;
[INFO] [stdout]    |            ^^^^^^^ could not find `windows` in `winrt`
[INFO] [stdout] 
[INFO] [stdout] 
[INFO] [stdout] error[E0433]: failed to resolve: could not find `shared` in `winapi`
[INFO] [stdout]  --> /opt/rustwide/cargo-home/registry/src/github.com-1ecc6299db9ec823/winrt-notification-0.2.2/src/windows_check.rs:4:13
[INFO] [stdout]   |
[INFO] [stdout] 4 | use winapi::shared::ntdef::NTSTATUS;
[INFO] [stdout]   |             ^^^^^^ could not find `shared` in `winapi`
[INFO] [stdout] 
[INFO] [stdout] 
[INFO] [stdout] error[E0433]: failed to resolve: could not find `shared` in `winapi`
[INFO] [stdout]  --> /opt/rustwide/cargo-home/registry/src/github.com-1ecc6299db9ec823/winrt-notification-0.2.2/src/windows_check.rs:5:13
[INFO] [stdout]   |
[INFO] [stdout] 5 | use winapi::shared::minwindef::DWORD;
[INFO] [stdout]   |             ^^^^^^ could not find `shared` in `winapi`
[INFO] [stdout] 
[INFO] [stdout] 
[INFO] [stdout] error[E0433]: failed to resolve: could not find `shared` in `winapi`
[INFO] [stdout]  --> /opt/rustwide/cargo-home/registry/src/github.com-1ecc6299db9ec823/winrt-notification-0.2.2/src/windows_check.rs:6:13
[INFO] [stdout]   |
[INFO] [stdout] 6 | use winapi::shared::ntstatus::STATUS_SUCCESS;
[INFO] [stdout]   |             ^^^^^^ could not find `shared` in `winapi`
[INFO] [stdout] 
[INFO] [stdout] 
[INFO] [stdout] error[E0433]: failed to resolve: could not find `um` in `winapi`
[INFO] [stdout]   --> /opt/rustwide/cargo-home/registry/src/github.com-1ecc6299db9ec823/winrt-notification-0.2.2/src/windows_check.rs:12:13
[INFO] [stdout]    |
[INFO] [stdout] 12 | use winapi::um::winnt::OSVERSIONINFOEXW;
[INFO] [stdout]    |             ^^ could not find `um` in `winapi`
[INFO] [stdout] 
[INFO] [stdout] 
[INFO] [stdout] error[E0432]: unresolved imports `winrt::FastHString`, `winrt::RuntimeContext`
[INFO] [stdout]   --> /opt/rustwide/cargo-home/registry/src/github.com-1ecc6299db9ec823/winrt-notification-0.2.2/src/lib.rs:37:13
[INFO] [stdout]    |
[INFO] [stdout] 37 | use winrt::{FastHString, RuntimeContext};
[INFO] [stdout]    |             ^^^^^^^^^^^  ^^^^^^^^^^^^^^ no `RuntimeContext` in the root
[INFO] [stdout]    |             |
[INFO] [stdout]    |             no `FastHString` in the root
[INFO] [stdout] 
[INFO] [stdout] 
[INFO] [stdout] error[E0432]: unresolved import `winrt::Error`
[INFO] [stdout]   --> /opt/rustwide/cargo-home/registry/src/github.com-1ecc6299db9ec823/winrt-notification-0.2.2/src/lib.rs:48:9
[INFO] [stdout]    |
[INFO] [stdout] 48 | pub use winrt::Error;
[INFO] [stdout]    |         ^^^^^^^^^^^^ no `Error` in the root
[INFO] [stdout] 
[INFO] [stdout] 
[INFO] [stdout] error[E0433]: failed to resolve: use of undeclared type `ToastNotificationManager`
[INFO] [stdout]    --> /opt/rustwide/cargo-home/registry/src/github.com-1ecc6299db9ec823/winrt-notification-0.2.2/src/lib.rs:280:13
[INFO] [stdout]     |
[INFO] [stdout] 280 |             ToastNotificationManager::get_template_content(ToastTemplateType::ToastText01).unwrap();
[INFO] [stdout]     |             ^^^^^^^^^^^^^^^^^^^^^^^^ use of undeclared type `ToastNotificationManager`
[INFO] [stdout] 
[INFO] [stdout] 
[INFO] [stdout] error[E0433]: failed to resolve: use of undeclared type `ToastTemplateType`
[INFO] [stdout]    --> /opt/rustwide/cargo-home/registry/src/github.com-1ecc6299db9ec823/winrt-notification-0.2.2/src/lib.rs:280:60
[INFO] [stdout]     |
[INFO] [stdout] 280 |             ToastNotificationManager::get_template_content(ToastTemplateType::ToastText01).unwrap();
[INFO] [stdout]     |                                                            ^^^^^^^^^^^^^^^^^ use of undeclared type `ToastTemplateType`
[INFO] [stdout] 
[INFO] [stdout] 
[INFO] [stdout] error[E0433]: failed to resolve: use of undeclared type `ToastNotification`
[INFO] [stdout]    --> /opt/rustwide/cargo-home/registry/src/github.com-1ecc6299db9ec823/winrt-notification-0.2.2/src/lib.rs:320:30
[INFO] [stdout]     |
[INFO] [stdout] 320 |         let toast_template = ToastNotification::create_toast_notification(&*toast_xml)?;
[INFO] [stdout]     |                              ^^^^^^^^^^^^^^^^^ use of undeclared type `ToastNotification`
[INFO] [stdout] 
[INFO] [stdout] 
[INFO] [stdout] error[E0433]: failed to resolve: use of undeclared type `ToastNotificationManager`
[INFO] [stdout]    --> /opt/rustwide/cargo-home/registry/src/github.com-1ecc6299db9ec823/winrt-notification-0.2.2/src/lib.rs:324:34
[INFO] [stdout]     |
[INFO] [stdout] 324 |             let toast_notifier = ToastNotificationManager::create_toast_notifier_with_id(
[INFO] [stdout]     |                                  ^^^^^^^^^^^^^^^^^^^^^^^^ use of undeclared type `ToastNotificationManager`
[INFO] [stdout] 
[INFO] [stdout] 
[INFO] [stdout] error[E0412]: cannot find type `OSVERSIONINFOEXW` in this scope
[INFO] [stdout]   --> /opt/rustwide/cargo-home/registry/src/github.com-1ecc6299db9ec823/winrt-notification-0.2.2/src/windows_check.rs:18:24
[INFO] [stdout]    |
[INFO] [stdout] 18 | type OSVERSIONINFOEX = OSVERSIONINFOEXW;
[INFO] [stdout]    |                        ^^^^^^^^^^^^^^^^ not found in this scope
[INFO] [stdout] 
[INFO] [stdout] 
[INFO] [stdout] error[E0412]: cannot find type `NTSTATUS` in this scope
[INFO] [stdout]   --> /opt/rustwide/cargo-home/registry/src/github.com-1ecc6299db9ec823/winrt-notification-0.2.2/src/windows_check.rs:23:73
[INFO] [stdout]    |
[INFO] [stdout] 23 |     pub fn RtlGetVersion(lpVersionInformation: &mut OSVERSIONINFOEX) -> NTSTATUS;
[INFO] [stdout]    |                                                                         ^^^^^^^^ not found in this scope
[INFO] [stdout] 
[INFO] [stdout] 
[INFO] [stdout] error[E0412]: cannot find type `DWORD` in this scope
[INFO] [stdout]   --> /opt/rustwide/cargo-home/registry/src/github.com-1ecc6299db9ec823/winrt-notification-0.2.2/src/windows_check.rs:29:68
[INFO] [stdout]    |
[INFO] [stdout] 29 |         info.dwOSVersionInfoSize = size_of::<OSVERSIONINFOEX>() as DWORD;
[INFO] [stdout]    |                                                                    ^^^^^ not found in this scope
[INFO] [stdout] 
[INFO] [stdout] 
[INFO] [stdout] error[E0425]: cannot find value `STATUS_SUCCESS` in this scope
[INFO] [stdout]   --> /opt/rustwide/cargo-home/registry/src/github.com-1ecc6299db9ec823/winrt-notification-0.2.2/src/windows_check.rs:31:40
[INFO] [stdout]    |
[INFO] [stdout] 31 |         if RtlGetVersion(&mut info) == STATUS_SUCCESS {
[INFO] [stdout]    |                                        ^^^^^^^^^^^^^^ not found in this scope
[INFO] [stdout] 
[INFO] [stdout] 
[INFO] [stdout] error[E0412]: cannot find type `Error` in crate `winrt`
[INFO] [stdout]    --> /opt/rustwide/cargo-home/registry/src/github.com-1ecc6299db9ec823/winrt-notification-0.2.2/src/lib.rs:275:45
[INFO] [stdout]     |
[INFO] [stdout] 275 |     pub fn show(&self) -> Result<(), winrt::Error> {
[INFO] [stdout]     |                                             ^^^^^ not found in `winrt`
[INFO] [stdout]     |
[INFO] [stdout] help: consider importing one of these items
[INFO] [stdout]     |
[INFO] [stdout] 37  | use fmt::Error;
[INFO] [stdout]     |
[INFO] [stdout] 37  | use std::error::Error;
[INFO] [stdout]     |
[INFO] [stdout] 37  | use std::io::Error;
[INFO] [stdout]     |
[INFO] [stdout] 37  | use xml::reader::Error;
[INFO] [stdout]     |
[INFO] [stdout]       and 1 other candidate
[INFO] [stdout] 
[INFO] [stdout] 
[INFO] [stdout] error[E0412]: cannot find type `IXmlDocumentIO` in this scope
[INFO] [stdout]    --> /opt/rustwide/cargo-home/registry/src/github.com-1ecc6299db9ec823/winrt-notification-0.2.2/src/lib.rs:283:63
[INFO] [stdout]     |
[INFO] [stdout] 129 | impl Toast {
[INFO] [stdout]     |     - help: you might be missing a type parameter: `<IXmlDocumentIO>`
[INFO] [stdout] ...
[INFO] [stdout] 283 |         let toast_xml_as_xml_io = toast_xml.query_interface::<IXmlDocumentIO>().unwrap();
[INFO] [stdout]     |                                                               ^^^^^^^^^^^^^^ not found in this scope
[INFO] [stdout] 
[INFO] [stdout] 
[INFO] [stdout] error: aborting due to 19 previous errors
[INFO] [stdout] 
[INFO] [stdout] 
[INFO] [stdout] Some errors have detailed explanations: E0412, E0425, E0432, E0433.
[INFO] [stdout] 
[INFO] [stdout] For more information about an error, try `rustc --explain E0412`.
[INFO] [stdout] 
[INFO] [stderr] error: could not compile `winrt-notification`
[INFO] [stderr] 
[INFO] [stderr] To learn more, run the command again with --verbose.
[INFO] [stderr] warning: build failed, waiting for other jobs to finish...
[INFO] [stderr] error: build failed
[INFO] running `Command { std: "docker" "inspect" "afb317cc0fd40c88ba7655e7fb872aef370f6f527ce8b324908aaec93f0e15da", kill_on_drop: false }`
[INFO] running `Command { std: "docker" "rm" "-f" "afb317cc0fd40c88ba7655e7fb872aef370f6f527ce8b324908aaec93f0e15da", kill_on_drop: false }`
[INFO] [stdout] afb317cc0fd40c88ba7655e7fb872aef370f6f527ce8b324908aaec93f0e15da
