[INFO] cloning repository https://github.com/actindi-dev/outing-mining-rust
[INFO] running `Command { std: "git" "-c" "credential.helper=" "-c" "credential.helper=/workspace/cargo-home/bin/git-credential-null" "clone" "--bare" "https://github.com/actindi-dev/outing-mining-rust" "/workspace/cache/git-repos/https%3A%2F%2Fgithub.com%2Factindi-dev%2Fouting-mining-rust", kill_on_drop: false }`
[INFO] [stderr] Cloning into bare repository '/workspace/cache/git-repos/https%3A%2F%2Fgithub.com%2Factindi-dev%2Fouting-mining-rust'...
[INFO] running `Command { std: "git" "rev-parse" "HEAD", kill_on_drop: false }`
[INFO] [stdout] 54fc78a918331d8fa21d2dfc705fd3c72a6eabf1
[INFO] documenting actindi-dev/outing-mining-rust against beta-2021-08-01 for beta-1.55-rustdoc-1
[INFO] running `Command { std: "git" "clone" "/workspace/cache/git-repos/https%3A%2F%2Fgithub.com%2Factindi-dev%2Fouting-mining-rust" "/workspace/builds/worker-95/source", kill_on_drop: false }`
[INFO] [stderr] Cloning into '/workspace/builds/worker-95/source'...
[INFO] [stderr] done.
[INFO] validating manifest of git repo https://github.com/actindi-dev/outing-mining-rust on toolchain beta-2021-08-01
[INFO] running `Command { std: "/workspace/cargo-home/bin/cargo" "+beta-2021-08-01" "metadata" "--manifest-path" "Cargo.toml" "--no-deps", kill_on_drop: false }`
[INFO] started tweaking git repo https://github.com/actindi-dev/outing-mining-rust
[INFO] finished tweaking git repo https://github.com/actindi-dev/outing-mining-rust
[INFO] tweaked toml for git repo https://github.com/actindi-dev/outing-mining-rust written to /workspace/builds/worker-95/source/Cargo.toml
[INFO] crate git repo https://github.com/actindi-dev/outing-mining-rust already has a lockfile, it will not be regenerated
[INFO] running `Command { std: "/workspace/cargo-home/bin/cargo" "+beta-2021-08-01" "fetch" "--manifest-path" "Cargo.toml", kill_on_drop: false }`
[INFO] [stderr]     Blocking waiting for file lock on package cache
[INFO] [stderr]  Downloading crates ...
[INFO] [stderr]   Downloaded hyper v0.10.0
[INFO] [stderr]   Downloaded security-framework v0.1.10
[INFO] [stderr]   Downloaded security-framework-sys v0.1.10
[INFO] [stderr]   Downloaded fsevent v0.2.15
[INFO] [stderr]   Downloaded notify v3.0.1
[INFO] [stderr]   Downloaded openssl v0.9.6
[INFO] [stderr]   Downloaded openssl-sys v0.9.6
[INFO] [stderr]   Downloaded cookie v0.5.1
[INFO] [stderr]   Downloaded bson v0.3.2
[INFO] [stderr]   Downloaded syn v0.10.6
[INFO] [stderr]   Downloaded fsevent-sys v0.1.5
[INFO] [stderr]   Downloaded schannel v0.1.2
[INFO] [stderr]   Downloaded metadeps v1.1.1
[INFO] [stderr]   Downloaded quote v0.3.10
[INFO] [stderr]   Downloaded uuid v0.3.1
[INFO] [stderr]   Downloaded twox-hash v1.0.0
[INFO] [stderr]   Downloaded mongo_driver v0.4.0
[INFO] [stderr]   Downloaded mongoc-sys v1.4.0
[INFO] [stderr]   Downloaded handlebars v0.24.1
[INFO] [stderr]   Downloaded inotify v0.2.3
[INFO] [stderr]   Downloaded named_pipe v0.2.2
[INFO] [stderr]   Downloaded hyper-native-tls v0.2.1
[INFO] [stderr]   Downloaded iron-sessionstorage v0.6.2
[INFO] [stderr]   Downloaded router v0.5.0
[INFO] [stderr]   Downloaded handlebars-iron v0.22.0
[INFO] [stderr]   Downloaded mysql v8.0.0
[INFO] running `Command { std: "docker" "create" "-v" "/var/lib/crater-agent-workspace/builds/worker-95/target:/opt/rustwide/target:rw,Z" "-v" "/var/lib/crater-agent-workspace/builds/worker-95/source:/opt/rustwide/workdir:ro,Z" "-v" "/var/lib/crater-agent-workspace/cargo-home:/opt/rustwide/cargo-home:ro,Z" "-v" "/var/lib/crater-agent-workspace/rustup-home:/opt/rustwide/rustup-home:ro,Z" "-e" "SOURCE_DIR=/opt/rustwide/workdir" "-e" "CARGO_TARGET_DIR=/opt/rustwide/target" "-e" "CARGO_HOME=/opt/rustwide/cargo-home" "-e" "RUSTUP_HOME=/opt/rustwide/rustup-home" "-w" "/opt/rustwide/workdir" "-m" "1610612736" "--user" "0:0" "--network" "none" "ghcr.io/rust-lang/crates-build-env/linux@sha256:34b6a614d2c27851fe6cbf88fbd1137609cefab8b10d0615aaeb6fd47975d74e" "/opt/rustwide/cargo-home/bin/cargo" "+beta-2021-08-01" "metadata" "--no-deps" "--format-version=1", kill_on_drop: false }`
[INFO] [stdout] 8e84549854342ca44627490f8cfa99d375c754e1372eb43eaf86523c8edad031
[INFO] running `Command { std: "docker" "start" "-a" "8e84549854342ca44627490f8cfa99d375c754e1372eb43eaf86523c8edad031", kill_on_drop: false }`
[INFO] running `Command { std: "docker" "inspect" "8e84549854342ca44627490f8cfa99d375c754e1372eb43eaf86523c8edad031", kill_on_drop: false }`
[INFO] running `Command { std: "docker" "rm" "-f" "8e84549854342ca44627490f8cfa99d375c754e1372eb43eaf86523c8edad031", kill_on_drop: false }`
[INFO] [stdout] 8e84549854342ca44627490f8cfa99d375c754e1372eb43eaf86523c8edad031
[INFO] running `Command { std: "docker" "create" "-v" "/var/lib/crater-agent-workspace/builds/worker-95/target:/opt/rustwide/target:rw,Z" "-v" "/var/lib/crater-agent-workspace/builds/worker-95/source:/opt/rustwide/workdir:ro,Z" "-v" "/var/lib/crater-agent-workspace/cargo-home:/opt/rustwide/cargo-home:ro,Z" "-v" "/var/lib/crater-agent-workspace/rustup-home:/opt/rustwide/rustup-home:ro,Z" "-e" "SOURCE_DIR=/opt/rustwide/workdir" "-e" "CARGO_TARGET_DIR=/opt/rustwide/target" "-e" "CARGO_INCREMENTAL=0" "-e" "RUST_BACKTRACE=full" "-e" "RUSTDOCFLAGS=--cap-lints=warn" "-e" "CARGO_HOME=/opt/rustwide/cargo-home" "-e" "RUSTUP_HOME=/opt/rustwide/rustup-home" "-w" "/opt/rustwide/workdir" "-m" "1610612736" "--user" "0:0" "--network" "none" "ghcr.io/rust-lang/crates-build-env/linux@sha256:34b6a614d2c27851fe6cbf88fbd1137609cefab8b10d0615aaeb6fd47975d74e" "/opt/rustwide/cargo-home/bin/cargo" "+beta-2021-08-01" "doc" "--frozen" "--no-deps" "--document-private-items" "--message-format=json", kill_on_drop: false }`
[INFO] [stdout] ef9252b3fe156da51643131e5fdcad2c98394f3cc064225f069a356c8329f192
[INFO] running `Command { std: "docker" "start" "-a" "ef9252b3fe156da51643131e5fdcad2c98394f3cc064225f069a356c8329f192", kill_on_drop: false }`
[INFO] [stderr]     Blocking waiting for file lock on package cache
[INFO] [stderr]     Checking libc v0.2.19
[INFO] [stderr]    Compiling gcc v0.3.41
[INFO] [stderr]    Compiling backtrace v0.3.0
[INFO] [stderr]    Compiling winapi v0.2.8
[INFO] [stderr]     Checking rustc-serialize v0.3.22
[INFO] [stderr]    Compiling cfg-if v0.1.0
[INFO] [stderr]    Compiling rustc-demangle v0.1.3
[INFO] [stderr]     Checking matches v0.1.4
[INFO] [stderr]    Compiling pkg-config v0.3.8
[INFO] [stderr]    Compiling toml v0.2.1
[INFO] [stderr]     Checking lazy_static v0.2.2
[INFO] [stderr]    Compiling semver v0.1.20
[INFO] [stderr]     Checking unicode-normalization v0.1.3
[INFO] [stderr]     Checking log v0.3.6
[INFO] [stderr]     Checking traitobject v0.0.3
[INFO] [stderr]     Checking num-traits v0.1.36
[INFO] [stderr]     Checking httparse v1.2.1
[INFO] [stderr]     Checking traitobject v0.0.1
[INFO] [stderr]     Checking modifier v0.1.0
[INFO] [stderr]     Checking bitflags v0.7.0
[INFO] [stderr]    Compiling openssl v0.9.6
[INFO] [stderr]     Checking serde v0.8.22
[INFO] [stderr]    Compiling unicode-xid v0.0.3
[INFO] [stderr]    Compiling quote v0.3.10
[INFO] [stderr]     Checking dtoa v0.2.2
[INFO] [stderr]    Compiling mongoc-sys v1.4.0
[INFO] [stderr]     Checking itoa v0.1.1
[INFO] [stderr]     Checking utf8-ranges v1.0.0
[INFO] [stderr]     Checking regex-syntax v0.4.0
[INFO] [stderr]     Checking linked-hash-map v0.0.9
[INFO] [stderr]     Checking byteorder v0.3.13
[INFO] [stderr]     Checking regex-syntax v0.3.9
[INFO] [stderr]     Checking quick-error v1.1.0
[INFO] [stderr]     Checking utf8-ranges v0.1.3
[INFO] [stderr]     Checking pest v0.3.3
[INFO] [stderr]     Checking libc v0.1.12
[INFO] [stderr]     Checking byteorder v0.5.3
[INFO] [stderr]     Checking nom v1.2.4
[INFO] [stderr]     Checking bufstream v0.1.2
[INFO] [stderr]     Checking route-recognizer v0.1.11
[INFO] [stderr]     Checking fnv v1.0.5
[INFO] [stderr]     Checking unreachable v0.1.1
[INFO] [stderr]     Checking walkdir v0.1.8
[INFO] [stderr]     Checking unicode-bidi v0.2.4
[INFO] [stderr]    Compiling kernel32-sys v0.2.2
[INFO] [stderr]    Compiling dbghelp-sys v0.2.0
[INFO] [stderr]     Checking num-integer v0.1.32
[INFO] [stderr]    Compiling rustc_version v0.1.7
[INFO] [stderr]     Checking unsafe-any v0.4.1
[INFO] [stderr]     Checking error v0.1.9
[INFO] [stderr]     Checking idna v0.1.0
[INFO] [stderr]     Checking time v0.1.36
[INFO] [stderr]     Checking num_cpus v1.2.1
[INFO] [stderr]     Checking rand v0.3.15
[INFO] [stderr]     Checking memchr v1.0.1
[INFO] [stderr]     Checking thread-id v3.0.0
[INFO] [stderr]     Checking thread-id v2.0.0
[INFO] [stderr]     Checking memchr v0.1.11
[INFO] [stderr]    Compiling syn v0.10.6
[INFO] [stderr]     Checking typemap v0.3.3
[INFO] [stderr]    Compiling backtrace-sys v0.1.5
[INFO] [stderr]    Compiling rust-crypto v0.2.36
[INFO] [stderr]     Checking mime v0.2.2
[INFO] [stderr]     Checking num-iter v0.1.32
[INFO] [stderr]     Checking thread_local v0.2.7
[INFO] [stderr]     Checking aho-corasick v0.5.3
[INFO] [stderr]     Checking plugin v0.2.6
[INFO] [stderr]     Checking aho-corasick v0.6.1
[INFO] [stderr]     Checking thread_local v0.3.2
[INFO] [stderr]     Checking url v1.2.4
[INFO] [stderr]    Compiling unicase v1.4.0
[INFO] [stderr]     Checking num v0.1.36
[INFO] [stderr]     Checking regex v0.1.80
[INFO] [stderr]     Checking chrono v0.2.25
[INFO] [stderr]    Compiling serde_codegen_internals v0.11.3
[INFO] [stderr]     Checking conduit-mime-types v0.7.3
[INFO] [stderr]     Checking twox-hash v1.0.0
[INFO] [stderr]     Checking uuid v0.3.1
[INFO] [stderr]     Checking regex v0.2.1
[INFO] [stdout] error[E0214]: parenthesized type parameters may only be used with a `Fn` trait
[INFO] [stdout]   --> /opt/rustwide/cargo-home/registry/src/github.com-1ecc6299db9ec823/twox-hash-1.0.0/src/number_streams.rs:67:23
[INFO] [stdout]    |
[INFO] [stdout] 67 |     fn count(self) -> usize() {
[INFO] [stdout]    |                       ^^^^^^^ only `Fn` traits may use parentheses
[INFO] [stdout] ...
[INFO] [stdout] 74 | number_stream!(U32FromBytes, u32, U32_BYTES);
[INFO] [stdout]    | --------------------------------------------- in this macro invocation
[INFO] [stdout]    |
[INFO] [stdout]    = note: this error originates in the macro `number_stream` (in Nightly builds, run with -Z macro-backtrace for more info)
[INFO] [stdout] 
[INFO] [stdout] 
[INFO] [stdout] error[E0214]: parenthesized type parameters may only be used with a `Fn` trait
[INFO] [stdout]   --> /opt/rustwide/cargo-home/registry/src/github.com-1ecc6299db9ec823/twox-hash-1.0.0/src/number_streams.rs:67:23
[INFO] [stdout]    |
[INFO] [stdout] 67 |     fn count(self) -> usize() {
[INFO] [stdout]    |                       ^^^^^^^ only `Fn` traits may use parentheses
[INFO] [stdout] ...
[INFO] [stdout] 75 | number_stream!(U64FromBytes, u64, U64_BYTES);
[INFO] [stdout]    | --------------------------------------------- in this macro invocation
[INFO] [stdout]    |
[INFO] [stdout]    = note: this error originates in the macro `number_stream` (in Nightly builds, run with -Z macro-backtrace for more info)
[INFO] [stdout] 
[INFO] [stdout] 
[INFO] [stdout] error[E0713]: borrow may still be in use when destructor runs
[INFO] [stdout]    --> /opt/rustwide/cargo-home/registry/src/github.com-1ecc6299db9ec823/url-1.2.4/src/form_urlencoded.rs:246:40
[INFO] [stdout]     |
[INFO] [stdout] 244 | impl<'a> Target for ::UrlQuery<'a> {
[INFO] [stdout]     |      -- lifetime `'a` defined here
[INFO] [stdout] 245 |     fn as_mut_string(&mut self) -> &mut String { &mut self.url.serialization }
[INFO] [stdout] 246 |     fn finish(self) -> &'a mut ::Url { self.url }
[INFO] [stdout]     |                                        ^^^^^^^^ - here, drop of `self` needs exclusive access to `*self.url`, because the type `UrlQuery<'_>` implements the `Drop` trait
[INFO] [stdout]     |                                        |
[INFO] [stdout]     |                                        returning this value requires that `*self.url` is borrowed for `'a`
[INFO] [stdout] 
[INFO] [stdout] 
[INFO] [stdout] error: aborting due to previous error
[INFO] [stdout] 
[INFO] [stdout] 
[INFO] [stdout] For more information about this error, try `rustc --explain E0713`.
[INFO] [stdout] 
[INFO] [stderr] error: could not compile `url` due to 2 previous errors
[INFO] [stderr] warning: build failed, waiting for other jobs to finish...
[INFO] [stdout] error: aborting due to 2 previous errors
[INFO] [stdout] 
[INFO] [stdout] 
[INFO] [stdout] For more information about this error, try `rustc --explain E0214`.
[INFO] [stdout] 
[INFO] [stderr] error: build failed
[INFO] running `Command { std: "docker" "inspect" "ef9252b3fe156da51643131e5fdcad2c98394f3cc064225f069a356c8329f192", kill_on_drop: false }`
[INFO] running `Command { std: "docker" "rm" "-f" "ef9252b3fe156da51643131e5fdcad2c98394f3cc064225f069a356c8329f192", kill_on_drop: false }`
[INFO] [stdout] ef9252b3fe156da51643131e5fdcad2c98394f3cc064225f069a356c8329f192
