[INFO] cloning repository https://github.com/a-yuto/iris
[INFO] running `Command { std: "git" "-c" "credential.helper=" "-c" "credential.helper=/workspace/cargo-home/bin/git-credential-null" "clone" "--bare" "https://github.com/a-yuto/iris" "/workspace/cache/git-repos/https%3A%2F%2Fgithub.com%2Fa-yuto%2Firis", kill_on_drop: false }`
[INFO] [stderr] Cloning into bare repository '/workspace/cache/git-repos/https%3A%2F%2Fgithub.com%2Fa-yuto%2Firis'...
[INFO] running `Command { std: "git" "rev-parse" "HEAD", kill_on_drop: false }`
[INFO] [stdout] 286370eebc2e288a999e537c5ed9317198e04e84
[INFO] documenting a-yuto/iris against beta-2021-08-01 for beta-1.55-rustdoc-1
[INFO] running `Command { std: "git" "clone" "/workspace/cache/git-repos/https%3A%2F%2Fgithub.com%2Fa-yuto%2Firis" "/workspace/builds/worker-39/source", kill_on_drop: false }`
[INFO] [stderr] Cloning into '/workspace/builds/worker-39/source'...
[INFO] [stderr] done.
[INFO] validating manifest of git repo https://github.com/a-yuto/iris on toolchain beta-2021-08-01
[INFO] running `Command { std: "/workspace/cargo-home/bin/cargo" "+beta-2021-08-01" "metadata" "--manifest-path" "Cargo.toml" "--no-deps", kill_on_drop: false }`
[INFO] started tweaking git repo https://github.com/a-yuto/iris
[INFO] finished tweaking git repo https://github.com/a-yuto/iris
[INFO] tweaked toml for git repo https://github.com/a-yuto/iris written to /workspace/builds/worker-39/source/Cargo.toml
[INFO] crate git repo https://github.com/a-yuto/iris already has a lockfile, it will not be regenerated
[INFO] running `Command { std: "/workspace/cargo-home/bin/cargo" "+beta-2021-08-01" "fetch" "--manifest-path" "Cargo.toml", kill_on_drop: false }`
[INFO] [stderr]     Blocking waiting for file lock on package cache
[INFO] [stderr]     Blocking waiting for file lock on package cache
[INFO] [stderr]  Downloading crates ...
[INFO] [stderr]   Downloaded bstr v0.2.10
[INFO] running `Command { std: "docker" "create" "-v" "/var/lib/crater-agent-workspace/builds/worker-39/target:/opt/rustwide/target:rw,Z" "-v" "/var/lib/crater-agent-workspace/builds/worker-39/source:/opt/rustwide/workdir:ro,Z" "-v" "/var/lib/crater-agent-workspace/cargo-home:/opt/rustwide/cargo-home:ro,Z" "-v" "/var/lib/crater-agent-workspace/rustup-home:/opt/rustwide/rustup-home:ro,Z" "-e" "SOURCE_DIR=/opt/rustwide/workdir" "-e" "CARGO_TARGET_DIR=/opt/rustwide/target" "-e" "CARGO_HOME=/opt/rustwide/cargo-home" "-e" "RUSTUP_HOME=/opt/rustwide/rustup-home" "-w" "/opt/rustwide/workdir" "-m" "1610612736" "--user" "0:0" "--network" "none" "ghcr.io/rust-lang/crates-build-env/linux@sha256:34b6a614d2c27851fe6cbf88fbd1137609cefab8b10d0615aaeb6fd47975d74e" "/opt/rustwide/cargo-home/bin/cargo" "+beta-2021-08-01" "metadata" "--no-deps" "--format-version=1", kill_on_drop: false }`
[INFO] [stdout] 3659ddd2b75f035459b82d04c69c659c315e04a84342708ce59cb0d7efb3e6e5
[INFO] running `Command { std: "docker" "start" "-a" "3659ddd2b75f035459b82d04c69c659c315e04a84342708ce59cb0d7efb3e6e5", kill_on_drop: false }`
[INFO] running `Command { std: "docker" "inspect" "3659ddd2b75f035459b82d04c69c659c315e04a84342708ce59cb0d7efb3e6e5", kill_on_drop: false }`
[INFO] running `Command { std: "docker" "rm" "-f" "3659ddd2b75f035459b82d04c69c659c315e04a84342708ce59cb0d7efb3e6e5", kill_on_drop: false }`
[INFO] [stdout] 3659ddd2b75f035459b82d04c69c659c315e04a84342708ce59cb0d7efb3e6e5
[INFO] running `Command { std: "docker" "create" "-v" "/var/lib/crater-agent-workspace/builds/worker-39/target:/opt/rustwide/target:rw,Z" "-v" "/var/lib/crater-agent-workspace/builds/worker-39/source:/opt/rustwide/workdir:ro,Z" "-v" "/var/lib/crater-agent-workspace/cargo-home:/opt/rustwide/cargo-home:ro,Z" "-v" "/var/lib/crater-agent-workspace/rustup-home:/opt/rustwide/rustup-home:ro,Z" "-e" "SOURCE_DIR=/opt/rustwide/workdir" "-e" "CARGO_TARGET_DIR=/opt/rustwide/target" "-e" "CARGO_INCREMENTAL=0" "-e" "RUST_BACKTRACE=full" "-e" "RUSTDOCFLAGS=--cap-lints=warn" "-e" "CARGO_HOME=/opt/rustwide/cargo-home" "-e" "RUSTUP_HOME=/opt/rustwide/rustup-home" "-w" "/opt/rustwide/workdir" "-m" "1610612736" "--user" "0:0" "--network" "none" "ghcr.io/rust-lang/crates-build-env/linux@sha256:34b6a614d2c27851fe6cbf88fbd1137609cefab8b10d0615aaeb6fd47975d74e" "/opt/rustwide/cargo-home/bin/cargo" "+beta-2021-08-01" "doc" "--frozen" "--no-deps" "--document-private-items" "--message-format=json", kill_on_drop: false }`
[INFO] [stdout] a10f57747e7eaae476efcfe64b98175e06bde1a4cb4ee70f3b603a85f297011e
[INFO] running `Command { std: "docker" "start" "-a" "a10f57747e7eaae476efcfe64b98175e06bde1a4cb4ee70f3b603a85f297011e", kill_on_drop: false }`
[INFO] [stderr]     Checking rand_core v0.4.2
[INFO] [stderr]    Compiling libc v0.2.66
[INFO] [stderr]    Compiling byteorder v1.3.2
[INFO] [stderr]    Compiling memchr v2.3.0
[INFO] [stderr]    Compiling serde v1.0.104
[INFO] [stderr]     Checking itoa v0.4.5
[INFO] [stderr]    Compiling rand_pcg v0.1.2
[INFO] [stderr]    Compiling rand_chacha v0.1.1
[INFO] [stderr]    Compiling rand v0.6.5
[INFO] [stderr]     Checking rand_core v0.3.1
[INFO] [stderr]     Checking rand_jitter v0.1.4
[INFO] [stderr]     Checking rand_isaac v0.1.1
[INFO] [stderr]     Checking rand_hc v0.1.0
[INFO] [stderr]     Checking rand_xorshift v0.1.1
[INFO] [stderr]     Checking regex-automata v0.1.8
[INFO] [stderr]     Checking rand_os v0.1.3
[INFO] [stderr]     Checking csv-core v0.1.6
[INFO] [stderr]     Checking bstr v0.2.10
[INFO] [stderr]     Checking csv v1.1.3
[INFO] [stderr]  Documenting iris v0.1.0 (/opt/rustwide/workdir)
[INFO] [stdout] error: missing `fn` for function definition
[INFO] [stdout]  --> src/colum.rs:5:4
[INFO] [stdout]   |
[INFO] [stdout] 5 | pub push_colum(col: &Colum<f64>) -> Colum<f64>{
[INFO] [stdout]   |    ^
[INFO] [stdout]   |
[INFO] [stdout] help: add `fn` here to parse `push_colum` as a public function
[INFO] [stdout]   |
[INFO] [stdout] 5 | pub fn push_colum(col: &Colum<f64>) -> Colum<f64>{
[INFO] [stdout]   |     ^^
[INFO] [stdout] 
[INFO] [stdout] 
[INFO] [stdout] error[E0412]: cannot find type `Colum` in this scope
[INFO] [stdout]  --> src/df.rs:9:22
[INFO] [stdout]   |
[INFO] [stdout] 9 |     pub itr:         Colum<usize>,
[INFO] [stdout]   |                      ^^^^^ not found in this scope
[INFO] [stdout] 
[INFO] [stdout] 
[INFO] [stdout] error[E0412]: cannot find type `Colum` in this scope
[INFO] [stdout]   --> src/df.rs:10:23
[INFO] [stdout]    |
[INFO] [stdout] 10 |     pub sepal_length: Colum<f64>,
[INFO] [stdout]    |                       ^^^^^ not found in this scope
[INFO] [stdout] 
[INFO] [stdout] 
[INFO] [stdout] error[E0412]: cannot find type `Colum` in this scope
[INFO] [stdout]   --> src/df.rs:11:23
[INFO] [stdout]    |
[INFO] [stdout] 11 |     pub sepal_width:  Colum<f64>,
[INFO] [stdout]    |                       ^^^^^ not found in this scope
[INFO] [stdout] 
[INFO] [stdout] 
[INFO] [stdout] error[E0412]: cannot find type `Colum` in this scope
[INFO] [stdout]   --> src/df.rs:12:22
[INFO] [stdout]    |
[INFO] [stdout] 12 |     pub petal_length:Colum<f64>,
[INFO] [stdout]    |                      ^^^^^ not found in this scope
[INFO] [stdout] 
[INFO] [stdout] 
[INFO] [stdout] error[E0412]: cannot find type `Colum` in this scope
[INFO] [stdout]   --> src/df.rs:13:22
[INFO] [stdout]    |
[INFO] [stdout] 13 |     pub petal_width: Colum<f64>,
[INFO] [stdout]    |                      ^^^^^ not found in this scope
[INFO] [stdout] 
[INFO] [stdout] 
[INFO] [stdout] error[E0412]: cannot find type `Colum` in this scope
[INFO] [stdout]   --> src/df.rs:14:22
[INFO] [stdout]    |
[INFO] [stdout] 14 |     pub species:     Colum<String>,
[INFO] [stdout]    |                      ^^^^^ not found in this scope
[INFO] [stdout] 
[INFO] [stdout] 
[INFO] [stdout] error[E0412]: cannot find type `Colum` in this scope
[INFO] [stdout]  --> src/sta.rs:4:19
[INFO] [stdout]   |
[INFO] [stdout] 4 | pub fn mean(col: &Colum<f64>) -> Colum<f64> {
[INFO] [stdout]   |                   ^^^^^ not found in this scope
[INFO] [stdout] 
[INFO] [stdout] 
[INFO] [stdout] error[E0412]: cannot find type `Colum` in this scope
[INFO] [stdout]  --> src/sta.rs:4:34
[INFO] [stdout]   |
[INFO] [stdout] 4 | pub fn mean(col: &Colum<f64>) -> Colum<f64> {
[INFO] [stdout]   |                                  ^^^^^ not found in this scope
[INFO] [stdout] 
[INFO] [stdout] 
[INFO] [stdout] error[E0412]: cannot find type `Colum` in this scope
[INFO] [stdout]   --> src/sta.rs:14:18
[INFO] [stdout]    |
[INFO] [stdout] 14 | pub fn var(col: &Colum<f64>) -> Colum<f64> {
[INFO] [stdout]    |                  ^^^^^ not found in this scope
[INFO] [stdout] 
[INFO] [stdout] 
[INFO] [stdout] error[E0412]: cannot find type `Colum` in this scope
[INFO] [stdout]   --> src/sta.rs:14:33
[INFO] [stdout]    |
[INFO] [stdout] 14 | pub fn var(col: &Colum<f64>) -> Colum<f64> {
[INFO] [stdout]    |                                 ^^^^^ not found in this scope
[INFO] [stdout] 
[INFO] [stdout] 
[INFO] [stdout] error[E0412]: cannot find type `Colum` in this scope
[INFO] [stdout]   --> src/sta.rs:15:20
[INFO] [stdout]    |
[INFO] [stdout] 15 |     fn cal(colum: &Colum<f64>,itr:usize,ans:f64) -> f64{
[INFO] [stdout]    |                    ^^^^^ not found in this scope
[INFO] [stdout] 
[INFO] [stdout] 
[INFO] [stdout] error[E0412]: cannot find type `Colum` in this scope
[INFO] [stdout]   --> src/sta.rs:27:22
[INFO] [stdout]    |
[INFO] [stdout] 27 | pub fn corvar(col1: &Colum<f64>,col2: &Colum<f64>) -> Colum<f64> {
[INFO] [stdout]    |                      ^^^^^ not found in this scope
[INFO] [stdout] 
[INFO] [stdout] 
[INFO] [stdout] error[E0412]: cannot find type `Colum` in this scope
[INFO] [stdout]   --> src/sta.rs:27:40
[INFO] [stdout]    |
[INFO] [stdout] 27 | pub fn corvar(col1: &Colum<f64>,col2: &Colum<f64>) -> Colum<f64> {
[INFO] [stdout]    |                                        ^^^^^ not found in this scope
[INFO] [stdout] 
[INFO] [stdout] 
[INFO] [stdout] error[E0412]: cannot find type `Colum` in this scope
[INFO] [stdout]   --> src/sta.rs:27:55
[INFO] [stdout]    |
[INFO] [stdout] 27 | pub fn corvar(col1: &Colum<f64>,col2: &Colum<f64>) -> Colum<f64> {
[INFO] [stdout]    |                                                       ^^^^^ not found in this scope
[INFO] [stdout] 
[INFO] [stdout] 
[INFO] [stdout] error[E0412]: cannot find type `Colum` in this scope
[INFO] [stdout]   --> src/sta.rs:28:19
[INFO] [stdout]    |
[INFO] [stdout] 28 |     fn cal(col1: &Colum<f64>,col2: &Colum<f64>,itr:usize,ans:f64) -> f64 {
[INFO] [stdout]    |                   ^^^^^ not found in this scope
[INFO] [stdout] 
[INFO] [stdout] 
[INFO] [stdout] error[E0412]: cannot find type `Colum` in this scope
[INFO] [stdout]   --> src/sta.rs:28:37
[INFO] [stdout]    |
[INFO] [stdout] 28 |     fn cal(col1: &Colum<f64>,col2: &Colum<f64>,itr:usize,ans:f64) -> f64 {
[INFO] [stdout]    |                                     ^^^^^ not found in this scope
[INFO] [stdout] 
[INFO] [stdout] 
[INFO] [stdout] error[E0412]: cannot find type `Colum` in this scope
[INFO] [stdout]   --> src/sta.rs:42:20
[INFO] [stdout]    |
[INFO] [stdout] 42 | pub fn stdev(col: &Colum<f64>) -> Colum<f64> {
[INFO] [stdout]    |                    ^^^^^ not found in this scope
[INFO] [stdout] 
[INFO] [stdout] 
[INFO] [stdout] error[E0412]: cannot find type `Colum` in this scope
[INFO] [stdout]   --> src/sta.rs:42:35
[INFO] [stdout]    |
[INFO] [stdout] 42 | pub fn stdev(col: &Colum<f64>) -> Colum<f64> {
[INFO] [stdout]    |                                   ^^^^^ not found in this scope
[INFO] [stdout] 
[INFO] [stdout] 
[INFO] [stdout] error: Compilation failed, aborting rustdoc
[INFO] [stdout] 
[INFO] [stdout] 
[INFO] [stdout] error: aborting due to 20 previous errors
[INFO] [stdout] 
[INFO] [stdout] 
[INFO] [stdout] For more information about this error, try `rustc --explain E0412`.
[INFO] [stdout] 
[INFO] [stderr] error: could not document `iris`
[INFO] [stderr] 
[INFO] [stderr] Caused by:
[INFO] [stderr]   process didn't exit successfully: `rustdoc --edition=2018 --crate-type lib --crate-name iris src/lib.rs -o /opt/rustwide/target/doc --error-format=json --json=diagnostic-rendered-ansi --document-private-items -L dependency=/opt/rustwide/target/debug/deps --extern csv=/opt/rustwide/target/debug/deps/libcsv-0ad14a27a86f147f.rmeta --extern rand=/opt/rustwide/target/debug/deps/librand-b84b28b1ac64ba12.rmeta --cap-lints=warn --crate-version 0.1.0` (exit status: 1)
[INFO] running `Command { std: "docker" "inspect" "a10f57747e7eaae476efcfe64b98175e06bde1a4cb4ee70f3b603a85f297011e", kill_on_drop: false }`
[INFO] running `Command { std: "docker" "rm" "-f" "a10f57747e7eaae476efcfe64b98175e06bde1a4cb4ee70f3b603a85f297011e", kill_on_drop: false }`
[INFO] [stdout] a10f57747e7eaae476efcfe64b98175e06bde1a4cb4ee70f3b603a85f297011e
