[INFO] cloning repository https://github.com/Zentropivity/hello_bevy_rapier
[INFO] running `Command { std: "git" "-c" "credential.helper=" "-c" "credential.helper=/workspace/cargo-home/bin/git-credential-null" "clone" "--bare" "https://github.com/Zentropivity/hello_bevy_rapier" "/workspace/cache/git-repos/https%3A%2F%2Fgithub.com%2FZentropivity%2Fhello_bevy_rapier", kill_on_drop: false }`
[INFO] [stderr] Cloning into bare repository '/workspace/cache/git-repos/https%3A%2F%2Fgithub.com%2FZentropivity%2Fhello_bevy_rapier'...
[INFO] running `Command { std: "git" "rev-parse" "HEAD", kill_on_drop: false }`
[INFO] [stdout] 6ee94fc849cc039b017c5c226efae8b8a1dffd40
[INFO] documenting Zentropivity/hello_bevy_rapier against beta-2021-08-01 for beta-1.55-rustdoc-1
[INFO] running `Command { std: "git" "clone" "/workspace/cache/git-repos/https%3A%2F%2Fgithub.com%2FZentropivity%2Fhello_bevy_rapier" "/workspace/builds/worker-77/source", kill_on_drop: false }`
[INFO] [stderr] Cloning into '/workspace/builds/worker-77/source'...
[INFO] [stderr] done.
[INFO] validating manifest of git repo https://github.com/Zentropivity/hello_bevy_rapier on toolchain beta-2021-08-01
[INFO] running `Command { std: "/workspace/cargo-home/bin/cargo" "+beta-2021-08-01" "metadata" "--manifest-path" "Cargo.toml" "--no-deps", kill_on_drop: false }`
[INFO] started tweaking git repo https://github.com/Zentropivity/hello_bevy_rapier
[INFO] finished tweaking git repo https://github.com/Zentropivity/hello_bevy_rapier
[INFO] tweaked toml for git repo https://github.com/Zentropivity/hello_bevy_rapier written to /workspace/builds/worker-77/source/Cargo.toml
[INFO] crate git repo https://github.com/Zentropivity/hello_bevy_rapier already has a lockfile, it will not be regenerated
[INFO] running `Command { std: "/workspace/cargo-home/bin/cargo" "+beta-2021-08-01" "fetch" "--manifest-path" "Cargo.toml", kill_on_drop: false }`
[INFO] [stderr]  Downloading crates ...
[INFO] [stderr]   Downloaded notify v5.0.0-pre.7
[INFO] [stderr]   Downloaded parry3d v0.5.1
[INFO] [stderr]   Downloaded hexasphere v3.3.0
[INFO] [stderr]   Downloaded fsevent v2.1.0
[INFO] [stderr]   Downloaded fsevent-sys v3.2.0
[INFO] [stderr]   Downloaded bevy_rapier3d v0.10.0
[INFO] [stderr]   Downloaded rapier3d v0.9.1
[INFO] running `Command { std: "docker" "create" "-v" "/var/lib/crater-agent-workspace/builds/worker-77/target:/opt/rustwide/target:rw,Z" "-v" "/var/lib/crater-agent-workspace/builds/worker-77/source:/opt/rustwide/workdir:ro,Z" "-v" "/var/lib/crater-agent-workspace/cargo-home:/opt/rustwide/cargo-home:ro,Z" "-v" "/var/lib/crater-agent-workspace/rustup-home:/opt/rustwide/rustup-home:ro,Z" "-e" "SOURCE_DIR=/opt/rustwide/workdir" "-e" "CARGO_TARGET_DIR=/opt/rustwide/target" "-e" "CARGO_HOME=/opt/rustwide/cargo-home" "-e" "RUSTUP_HOME=/opt/rustwide/rustup-home" "-w" "/opt/rustwide/workdir" "-m" "1610612736" "--user" "0:0" "--network" "none" "ghcr.io/rust-lang/crates-build-env/linux@sha256:34b6a614d2c27851fe6cbf88fbd1137609cefab8b10d0615aaeb6fd47975d74e" "/opt/rustwide/cargo-home/bin/cargo" "+beta-2021-08-01" "metadata" "--no-deps" "--format-version=1", kill_on_drop: false }`
[INFO] [stdout] 9db2fca7bed63ac3b1e9ad1ac2d678552bb2832b8674e9f5d8c94a2910eb6dab
[INFO] running `Command { std: "docker" "start" "-a" "9db2fca7bed63ac3b1e9ad1ac2d678552bb2832b8674e9f5d8c94a2910eb6dab", kill_on_drop: false }`
[INFO] running `Command { std: "docker" "inspect" "9db2fca7bed63ac3b1e9ad1ac2d678552bb2832b8674e9f5d8c94a2910eb6dab", kill_on_drop: false }`
[INFO] running `Command { std: "docker" "rm" "-f" "9db2fca7bed63ac3b1e9ad1ac2d678552bb2832b8674e9f5d8c94a2910eb6dab", kill_on_drop: false }`
[INFO] [stdout] 9db2fca7bed63ac3b1e9ad1ac2d678552bb2832b8674e9f5d8c94a2910eb6dab
[INFO] running `Command { std: "docker" "create" "-v" "/var/lib/crater-agent-workspace/builds/worker-77/target:/opt/rustwide/target:rw,Z" "-v" "/var/lib/crater-agent-workspace/builds/worker-77/source:/opt/rustwide/workdir:ro,Z" "-v" "/var/lib/crater-agent-workspace/cargo-home:/opt/rustwide/cargo-home:ro,Z" "-v" "/var/lib/crater-agent-workspace/rustup-home:/opt/rustwide/rustup-home:ro,Z" "-e" "SOURCE_DIR=/opt/rustwide/workdir" "-e" "CARGO_TARGET_DIR=/opt/rustwide/target" "-e" "CARGO_INCREMENTAL=0" "-e" "RUST_BACKTRACE=full" "-e" "RUSTDOCFLAGS=--cap-lints=warn" "-e" "CARGO_HOME=/opt/rustwide/cargo-home" "-e" "RUSTUP_HOME=/opt/rustwide/rustup-home" "-w" "/opt/rustwide/workdir" "-m" "1610612736" "--user" "0:0" "--network" "none" "ghcr.io/rust-lang/crates-build-env/linux@sha256:34b6a614d2c27851fe6cbf88fbd1137609cefab8b10d0615aaeb6fd47975d74e" "/opt/rustwide/cargo-home/bin/cargo" "+beta-2021-08-01" "doc" "--frozen" "--no-deps" "--document-private-items" "--message-format=json", kill_on_drop: false }`
[INFO] [stdout] 85e7bd1c7a853035cfd5d2a27910a5d383cb571c4095100170c6e35303a78541
[INFO] running `Command { std: "docker" "start" "-a" "85e7bd1c7a853035cfd5d2a27910a5d383cb571c4095100170c6e35303a78541", kill_on_drop: false }`
[INFO] [stderr]     Blocking waiting for file lock on package cache
[INFO] [stderr]    Compiling proc-macro2 v1.0.26
[INFO] [stderr]    Compiling unicode-xid v0.2.2
[INFO] [stderr]    Compiling syn v1.0.65
[INFO] [stderr]    Compiling autocfg v1.0.1
[INFO] [stderr]    Compiling serde_derive v1.0.125
[INFO] [stderr]     Checking cfg-if v1.0.0
[INFO] [stderr]    Compiling libc v0.2.94
[INFO] [stderr]    Compiling serde v1.0.125
[INFO] [stderr]    Compiling version_check v0.9.3
[INFO] [stderr]     Checking lazy_static v1.4.0
[INFO] [stderr]    Compiling libm v0.2.1
[INFO] [stderr]    Compiling proc-macro-hack v0.5.19
[INFO] [stderr]    Compiling getrandom v0.2.2
[INFO] [stderr]    Compiling bitflags v1.2.1
[INFO] [stderr]    Compiling const_fn v0.4.7
[INFO] [stderr]     Checking byteorder v1.4.3
[INFO] [stderr]     Checking pin-project-lite v0.2.6
[INFO] [stderr]     Checking scopeguard v1.1.0
[INFO] [stderr]     Checking once_cell v1.7.2
[INFO] [stderr]    Compiling memchr v2.4.0
[INFO] [stderr]    Compiling log v0.4.14
[INFO] [stderr]    Compiling futures-core v0.3.15
[INFO] [stderr]     Checking cache-padded v1.1.1
[INFO] [stderr]     Checking downcast-rs v1.2.0
[INFO] [stderr]     Checking slab v0.4.3
[INFO] [stderr]     Checking futures-io v0.3.15
[INFO] [stderr]     Checking parking v2.0.0
[INFO] [stderr]     Checking waker-fn v1.1.0
[INFO] [stderr]     Checking fastrand v1.4.1
[INFO] [stderr]     Checking event-listener v2.5.1
[INFO] [stderr]     Checking ppv-lite86 v0.2.10
[INFO] [stderr]     Checking async-task v4.0.3
[INFO] [stderr]    Compiling ryu v1.0.5
[INFO] [stderr]    Compiling Inflector v0.11.4
[INFO] [stderr]     Checking fixedbitset v0.4.0
[INFO] [stderr]    Compiling serde_json v1.0.64
[INFO] [stderr]     Checking regex-syntax v0.6.25
[INFO] [stderr]     Checking itoa v0.4.7
[INFO] [stderr]     Checking ansi_term v0.12.1
[INFO] [stderr]    Compiling anyhow v1.0.40
[INFO] [stderr]     Checking adler32 v1.2.0
[INFO] [stderr]     Checking same-file v1.0.6
[INFO] [stderr]    Compiling crc32fast v1.2.1
[INFO] [stderr]     Checking anymap v0.12.1
[INFO] [stderr]    Compiling cc v1.0.67
[INFO] [stderr]     Checking base64 v0.13.0
[INFO] [stderr]    Compiling bevy-glsl-to-spirv v0.2.1
[INFO] [stderr]     Checking glam v0.14.0
[INFO] [stderr]     Checking color_quant v1.1.0
[INFO] [stderr]     Checking bytemuck v1.5.1
[INFO] [stderr]     Checking hex v0.4.3
[INFO] [stderr]     Checking ttf-parser v0.12.0
[INFO] [stderr]    Compiling libm v0.1.4
[INFO] [stderr]    Compiling inflections v1.1.1
[INFO] [stderr]     Checking svg_fmt v0.4.1
[INFO] [stderr]     Checking ab_glyph_rasterizer v0.1.4
[INFO] [stderr]     Checking rectangle-pack v0.3.0
[INFO] [stderr]    Compiling wasm-bindgen-shared v0.2.69
[INFO] [stderr]     Checking xi-unicode v0.3.0
[INFO] [stderr]    Compiling typenum v1.13.0
[INFO] [stderr]    Compiling paste v1.0.5
[INFO] [stderr]     Checking rawpointer v0.2.1
[INFO] [stderr]    Compiling bumpalo v3.6.1
[INFO] [stderr]     Checking rustc-hash v1.1.0
[INFO] [stderr]     Checking either v1.6.1
[INFO] [stderr]     Checking arrayvec v0.7.0
[INFO] [stderr]    Compiling wasm-bindgen v0.2.69
[INFO] [stderr]     Checking concurrent-queue v1.2.2
[INFO] [stderr]     Checking lock_api v0.4.4
[INFO] [stderr]     Checking tracing-core v0.1.18
[INFO] [stderr]     Checking sharded-slab v0.1.1
[INFO] [stderr]     Checking thread_local v1.1.3
[INFO] [stderr]     Checking matrixmultiply v0.3.1
[INFO] [stderr]     Checking fxhash v0.2.1
[INFO] [stderr]     Checking deflate v0.8.6
[INFO] [stderr]     Checking miniz_oxide v0.3.7
[INFO] [stderr]     Checking walkdir v2.3.2
[INFO] [stderr]     Checking tracing-log v0.1.2
[INFO] [stderr]     Checking async-channel v1.6.1
[INFO] [stderr]    Compiling standback v0.2.17
[INFO] [stderr]    Compiling time v0.2.26
[INFO] [stderr]    Compiling ahash v0.7.2
[INFO] [stderr]    Compiling num-traits v0.2.14
[INFO] [stderr]    Compiling num-integer v0.1.44
[INFO] [stderr]    Compiling crossbeam-utils v0.8.4
[INFO] [stderr]    Compiling num-rational v0.3.2
[INFO] [stderr]    Compiling num-iter v0.1.42
[INFO] [stderr]    Compiling memoffset v0.6.3
[INFO] [stderr]    Compiling num-rational v0.4.0
[INFO] [stderr]     Checking png v0.16.8
[INFO] [stderr]    Compiling quote v1.0.9
[INFO] [stderr]     Checking futures-lite v1.11.3
[INFO] [stderr]     Checking aho-corasick v0.7.18
[INFO] [stderr]     Checking stretch v0.3.2
[INFO] [stderr]     Checking owned_ttf_parser v0.12.0
[INFO] [stderr]     Checking ab_glyph v0.2.10
[INFO] [stderr]     Checking num_cpus v1.13.0
[INFO] [stderr]     Checking inotify-sys v0.1.5
[INFO] [stderr]     Checking mio v0.7.11
[INFO] [stderr]     Checking filetime v0.2.14
[INFO] [stderr]     Checking raw-window-handle v0.3.3
[INFO] [stderr]     Checking inotify v0.9.3
[INFO] [stderr]     Checking rand_core v0.6.2
[INFO] [stderr]     Checking hexasphere v3.3.0
[INFO] [stderr]     Checking regex-automata v0.1.9
[INFO] [stderr]     Checking regex v1.5.4
[INFO] [stderr]     Checking async-executor v1.4.1
[INFO] [stderr]     Checking rand_chacha v0.3.0
[INFO] [stderr]     Checking rand v0.8.3
[INFO] [stderr]     Checking spirv_headers v1.5.0
[INFO] [stderr]     Checking euclid v0.22.3
[INFO] [stderr]     Checking approx v0.4.0
[INFO] [stderr]     Checking approx v0.5.0
[INFO] [stderr]     Checking crossbeam-channel v0.5.1
[INFO] [stderr]     Checking crossbeam-epoch v0.9.4
[INFO] [stderr]     Checking crossbeam-queue v0.3.1
[INFO] [stderr]     Checking glyph_brush_layout v0.2.1
[INFO] [stderr]     Checking matchers v0.0.1
[INFO] [stderr]     Checking chrono v0.4.19
[INFO] [stderr]     Checking crossbeam-deque v0.8.0
[INFO] [stderr]     Checking notify v5.0.0-pre.7
[INFO] [stderr]     Checking crossbeam v0.8.0
[INFO] [stderr]     Checking image v0.23.14
[INFO] [stderr]     Checking guillotiere v0.6.0
[INFO] [stderr]    Compiling spirv-reflect v0.2.3
[INFO] [stderr]    Compiling wasm-bindgen-backend v0.2.69
[INFO] [stderr]    Compiling wasm-bindgen-macro-support v0.2.69
[INFO] [stderr]    Compiling time-macros-impl v0.1.1
[INFO] [stderr]    Compiling tracing-attributes v0.1.15
[INFO] [stderr]    Compiling thiserror-impl v1.0.24
[INFO] [stderr]    Compiling gltf-derive v0.15.2
[INFO] [stderr]    Compiling nalgebra-macros v0.1.0
[INFO] [stderr]    Compiling num-derive v0.3.3
[INFO] [stderr]     Checking time-macros v0.1.1
[INFO] [stderr]    Compiling wasm-bindgen-macro v0.2.69
[INFO] [stderr]     Checking instant v0.1.9
[INFO] [stderr]     Checking bevy_tasks v0.5.0
[INFO] [stderr]     Checking winit v0.24.0
[INFO] [stdout] error: Please select a feature to build for unix: `x11`, `wayland`
[INFO] [stdout]   --> /opt/rustwide/cargo-home/registry/src/github.com-1ecc6299db9ec823/winit-0.24.0/src/platform_impl/linux/mod.rs:10:1
[INFO] [stdout]    |
[INFO] [stdout] 10 | compile_error!("Please select a feature to build for unix: `x11`, `wayland`");
[INFO] [stdout]    | ^^^^^^^^^^^^^^^^^^^^^^^^^^^^^^^^^^^^^^^^^^^^^^^^^^^^^^^^^^^^^^^^^^^^^^^^^^^^^^
[INFO] [stdout] 
[INFO] [stdout] 
[INFO] [stdout] error[E0392]: parameter `T` is never used
[INFO] [stdout]   --> /opt/rustwide/cargo-home/registry/src/github.com-1ecc6299db9ec823/winit-0.24.0/src/event_loop.rs:32:22
[INFO] [stdout]    |
[INFO] [stdout] 32 | pub struct EventLoop<T: 'static> {
[INFO] [stdout]    |                      ^ unused parameter
[INFO] [stdout]    |
[INFO] [stdout]    = help: consider removing `T`, referring to it in a field, or using a marker such as `PhantomData`
[INFO] [stdout]    = help: if you intended `T` to be a const parameter, use `const T: usize` instead
[INFO] [stdout] 
[INFO] [stdout] 
[INFO] [stdout] error[E0392]: parameter `T` is never used
[INFO] [stdout]   --> /opt/rustwide/cargo-home/registry/src/github.com-1ecc6299db9ec823/winit-0.24.0/src/event_loop.rs:43:34
[INFO] [stdout]    |
[INFO] [stdout] 43 | pub struct EventLoopWindowTarget<T: 'static> {
[INFO] [stdout]    |                                  ^ unused parameter
[INFO] [stdout]    |
[INFO] [stdout]    = help: consider removing `T`, referring to it in a field, or using a marker such as `PhantomData`
[INFO] [stdout]    = help: if you intended `T` to be a const parameter, use `const T: usize` instead
[INFO] [stdout] 
[INFO] [stdout] 
[INFO] [stdout] error[E0392]: parameter `T` is never used
[INFO] [stdout]    --> /opt/rustwide/cargo-home/registry/src/github.com-1ecc6299db9ec823/winit-0.24.0/src/event_loop.rs:196:27
[INFO] [stdout]     |
[INFO] [stdout] 196 | pub struct EventLoopProxy<T: 'static> {
[INFO] [stdout]     |                           ^ unused parameter
[INFO] [stdout]     |
[INFO] [stdout]     = help: consider removing `T`, referring to it in a field, or using a marker such as `PhantomData`
[INFO] [stdout]     = help: if you intended `T` to be a const parameter, use `const T: usize` instead
[INFO] [stdout] 
[INFO] [stdout] 
[INFO] [stdout] error[E0392]: parameter `T` is never used
[INFO] [stdout]    --> /opt/rustwide/cargo-home/registry/src/github.com-1ecc6299db9ec823/winit-0.24.0/src/platform_impl/linux/mod.rs:532:20
[INFO] [stdout]     |
[INFO] [stdout] 532 | pub enum EventLoop<T: 'static> {
[INFO] [stdout]     |                    ^ unused parameter
[INFO] [stdout]     |
[INFO] [stdout]     = help: consider removing `T`, referring to it in a field, or using a marker such as `PhantomData`
[INFO] [stdout]     = help: if you intended `T` to be a const parameter, use `const T: usize` instead
[INFO] [stdout] 
[INFO] [stdout] 
[INFO] [stdout] error[E0392]: parameter `T` is never used
[INFO] [stdout]    --> /opt/rustwide/cargo-home/registry/src/github.com-1ecc6299db9ec823/winit-0.24.0/src/platform_impl/linux/mod.rs:539:25
[INFO] [stdout]     |
[INFO] [stdout] 539 | pub enum EventLoopProxy<T: 'static> {
[INFO] [stdout]     |                         ^ unused parameter
[INFO] [stdout]     |
[INFO] [stdout]     = help: consider removing `T`, referring to it in a field, or using a marker such as `PhantomData`
[INFO] [stdout]     = help: if you intended `T` to be a const parameter, use `const T: usize` instead
[INFO] [stdout] 
[INFO] [stdout] 
[INFO] [stdout] error[E0392]: parameter `T` is never used
[INFO] [stdout]    --> /opt/rustwide/cargo-home/registry/src/github.com-1ecc6299db9ec823/winit-0.24.0/src/platform_impl/linux/mod.rs:666:32
[INFO] [stdout]     |
[INFO] [stdout] 666 | pub enum EventLoopWindowTarget<T> {
[INFO] [stdout]     |                                ^ unused parameter
[INFO] [stdout]     |
[INFO] [stdout]     = help: consider removing `T`, referring to it in a field, or using a marker such as `PhantomData`
[INFO] [stdout]     = help: if you intended `T` to be a const parameter, use `const T: usize` instead
[INFO] [stdout] 
[INFO] [stdout] 
[INFO] [stdout] error: aborting due to 7 previous errors
[INFO] [stdout] 
[INFO] [stdout] 
[INFO] [stdout] For more information about this error, try `rustc --explain E0392`.
[INFO] [stdout] 
[INFO] [stderr] error: could not compile `winit` due to 8 previous errors
[INFO] [stderr] warning: build failed, waiting for other jobs to finish...
[INFO] [stderr] error: build failed
[INFO] running `Command { std: "docker" "inspect" "85e7bd1c7a853035cfd5d2a27910a5d383cb571c4095100170c6e35303a78541", kill_on_drop: false }`
[INFO] running `Command { std: "docker" "rm" "-f" "85e7bd1c7a853035cfd5d2a27910a5d383cb571c4095100170c6e35303a78541", kill_on_drop: false }`
[INFO] [stdout] 85e7bd1c7a853035cfd5d2a27910a5d383cb571c4095100170c6e35303a78541
