[INFO] cloning repository https://github.com/Zageron/rs-pong
[INFO] running `Command { std: "git" "-c" "credential.helper=" "-c" "credential.helper=/workspace/cargo-home/bin/git-credential-null" "clone" "--bare" "https://github.com/Zageron/rs-pong" "/workspace/cache/git-repos/https%3A%2F%2Fgithub.com%2FZageron%2Frs-pong", kill_on_drop: false }`
[INFO] [stderr] Cloning into bare repository '/workspace/cache/git-repos/https%3A%2F%2Fgithub.com%2FZageron%2Frs-pong'...
[INFO] running `Command { std: "git" "rev-parse" "HEAD", kill_on_drop: false }`
[INFO] [stdout] 68577aa2eb2337be96cab764183dc76c74901d5a
[INFO] documenting Zageron/rs-pong against beta-2021-08-01 for beta-1.55-rustdoc-1
[INFO] running `Command { std: "git" "clone" "/workspace/cache/git-repos/https%3A%2F%2Fgithub.com%2FZageron%2Frs-pong" "/workspace/builds/worker-58/source", kill_on_drop: false }`
[INFO] [stderr] Cloning into '/workspace/builds/worker-58/source'...
[INFO] [stderr] done.
[INFO] validating manifest of git repo https://github.com/Zageron/rs-pong on toolchain beta-2021-08-01
[INFO] running `Command { std: "/workspace/cargo-home/bin/cargo" "+beta-2021-08-01" "metadata" "--manifest-path" "Cargo.toml" "--no-deps", kill_on_drop: false }`
[INFO] started tweaking git repo https://github.com/Zageron/rs-pong
[INFO] finished tweaking git repo https://github.com/Zageron/rs-pong
[INFO] tweaked toml for git repo https://github.com/Zageron/rs-pong written to /workspace/builds/worker-58/source/Cargo.toml
[INFO] crate git repo https://github.com/Zageron/rs-pong already has a lockfile, it will not be regenerated
[INFO] running `Command { std: "/workspace/cargo-home/bin/cargo" "+beta-2021-08-01" "fetch" "--manifest-path" "Cargo.toml", kill_on_drop: false }`
[INFO] [stderr]     Blocking waiting for file lock on package cache
[INFO] [stderr]     Blocking waiting for file lock on package cache
[INFO] running `Command { std: "docker" "create" "-v" "/var/lib/crater-agent-workspace/builds/worker-58/target:/opt/rustwide/target:rw,Z" "-v" "/var/lib/crater-agent-workspace/builds/worker-58/source:/opt/rustwide/workdir:ro,Z" "-v" "/var/lib/crater-agent-workspace/cargo-home:/opt/rustwide/cargo-home:ro,Z" "-v" "/var/lib/crater-agent-workspace/rustup-home:/opt/rustwide/rustup-home:ro,Z" "-e" "SOURCE_DIR=/opt/rustwide/workdir" "-e" "CARGO_TARGET_DIR=/opt/rustwide/target" "-e" "CARGO_HOME=/opt/rustwide/cargo-home" "-e" "RUSTUP_HOME=/opt/rustwide/rustup-home" "-w" "/opt/rustwide/workdir" "-m" "1610612736" "--user" "0:0" "--network" "none" "ghcr.io/rust-lang/crates-build-env/linux@sha256:34b6a614d2c27851fe6cbf88fbd1137609cefab8b10d0615aaeb6fd47975d74e" "/opt/rustwide/cargo-home/bin/cargo" "+beta-2021-08-01" "metadata" "--no-deps" "--format-version=1", kill_on_drop: false }`
[INFO] [stdout] d2eb566f87ab64e4b70d417396280a0b67517e73cf0e975cfd0954729ab66c51
[INFO] running `Command { std: "docker" "start" "-a" "d2eb566f87ab64e4b70d417396280a0b67517e73cf0e975cfd0954729ab66c51", kill_on_drop: false }`
[INFO] running `Command { std: "docker" "inspect" "d2eb566f87ab64e4b70d417396280a0b67517e73cf0e975cfd0954729ab66c51", kill_on_drop: false }`
[INFO] running `Command { std: "docker" "rm" "-f" "d2eb566f87ab64e4b70d417396280a0b67517e73cf0e975cfd0954729ab66c51", kill_on_drop: false }`
[INFO] [stdout] d2eb566f87ab64e4b70d417396280a0b67517e73cf0e975cfd0954729ab66c51
[INFO] running `Command { std: "docker" "create" "-v" "/var/lib/crater-agent-workspace/builds/worker-58/target:/opt/rustwide/target:rw,Z" "-v" "/var/lib/crater-agent-workspace/builds/worker-58/source:/opt/rustwide/workdir:ro,Z" "-v" "/var/lib/crater-agent-workspace/cargo-home:/opt/rustwide/cargo-home:ro,Z" "-v" "/var/lib/crater-agent-workspace/rustup-home:/opt/rustwide/rustup-home:ro,Z" "-e" "SOURCE_DIR=/opt/rustwide/workdir" "-e" "CARGO_TARGET_DIR=/opt/rustwide/target" "-e" "CARGO_INCREMENTAL=0" "-e" "RUST_BACKTRACE=full" "-e" "RUSTDOCFLAGS=--cap-lints=warn" "-e" "CARGO_HOME=/opt/rustwide/cargo-home" "-e" "RUSTUP_HOME=/opt/rustwide/rustup-home" "-w" "/opt/rustwide/workdir" "-m" "1610612736" "--user" "0:0" "--network" "none" "ghcr.io/rust-lang/crates-build-env/linux@sha256:34b6a614d2c27851fe6cbf88fbd1137609cefab8b10d0615aaeb6fd47975d74e" "/opt/rustwide/cargo-home/bin/cargo" "+beta-2021-08-01" "doc" "--frozen" "--no-deps" "--document-private-items" "--message-format=json", kill_on_drop: false }`
[INFO] [stdout] 30b66868727d3a255d23b9896b3ae84d01275de3e1a022770ab9f19a8a1cd58c
[INFO] running `Command { std: "docker" "start" "-a" "30b66868727d3a255d23b9896b3ae84d01275de3e1a022770ab9f19a8a1cd58c", kill_on_drop: false }`
[INFO] [stderr]     Blocking waiting for file lock on package cache
[INFO] [stderr]    Compiling libc v0.2.92
[INFO] [stderr]    Compiling proc-macro2 v1.0.24
[INFO] [stderr]     Checking cfg-if v1.0.0
[INFO] [stderr]    Compiling unicode-xid v0.2.1
[INFO] [stderr]    Compiling syn v1.0.65
[INFO] [stderr]    Compiling bitflags v1.2.1
[INFO] [stderr]    Compiling autocfg v1.0.1
[INFO] [stderr]    Compiling log v0.4.14
[INFO] [stderr]     Checking ahash v0.4.7
[INFO] [stderr]     Checking lazy_static v1.4.0
[INFO] [stderr]     Checking smallvec v1.6.1
[INFO] [stderr]     Checking bit-vec v0.6.3
[INFO] [stderr]     Checking scopeguard v1.1.0
[INFO] [stderr]     Checking fixedbitset v0.2.0
[INFO] [stderr]     Checking byteorder v1.4.3
[INFO] [stderr]    Compiling khronos-egl v3.0.2
[INFO] [stderr]     Checking pin-project-lite v0.2.6
[INFO] [stderr]     Checking arrayvec v0.5.2
[INFO] [stderr]    Compiling cfg_aliases v0.1.1
[INFO] [stderr]     Checking inplace_it v0.3.3
[INFO] [stderr]     Checking glow v0.7.2
[INFO] [stderr]     Checking copyless v0.1.5
[INFO] [stderr]     Checking unicode-width v0.1.8
[INFO] [stderr]     Checking cassowary v0.3.0
[INFO] [stderr]     Checking unicode-segmentation v1.7.1
[INFO] [stderr]     Checking tobj v2.0.4
[INFO] [stderr]     Checking instant v0.1.9
[INFO] [stderr]     Checking libloading v0.6.7
[INFO] [stderr]     Checking lock_api v0.4.2
[INFO] [stderr]     Checking tracing-core v0.1.17
[INFO] [stderr]    Compiling wgpu-core v0.7.1
[INFO] [stderr]     Checking bit-set v0.5.2
[INFO] [stderr]     Checking fxhash v0.2.1
[INFO] [stderr]     Checking hashbrown v0.9.1
[INFO] [stderr]     Checking ash v0.31.0
[INFO] [stderr]    Compiling num-traits v0.2.14
[INFO] [stderr]    Compiling indexmap v1.6.2
[INFO] [stderr]    Compiling jobserver v0.1.21
[INFO] [stderr]     Checking parking_lot_core v0.8.3
[INFO] [stderr]     Checking raw-window-handle v0.3.3
[INFO] [stderr]     Checking mio v0.7.11
[INFO] [stderr]     Checking signal-hook-registry v1.3.0
[INFO] [stderr]    Compiling cc v1.0.67
[INFO] [stderr]     Checking parking_lot v0.11.1
[INFO] [stderr]     Checking gpu-descriptor-types v0.1.1
[INFO] [stderr]     Checking gpu-alloc-types v0.2.0
[INFO] [stderr]     Checking wgpu-types v0.7.0
[INFO] [stderr]     Checking signal-hook v0.1.17
[INFO] [stderr]    Compiling quote v1.0.9
[INFO] [stderr]     Checking crossterm v0.18.2
[INFO] [stderr]     Checking crossterm v0.19.0
[INFO] [stderr]     Checking petgraph v0.5.1
[INFO] [stderr]     Checking spirv_headers v1.5.0
[INFO] [stderr]     Checking tui v0.14.0
[INFO] [stderr]    Compiling spirv_cross v0.23.1
[INFO] [stderr] error: could not compile `syn`
[INFO] [stderr] 
[INFO] [stderr] Caused by:
[INFO] [stderr]   process didn't exit successfully: `rustc --crate-name syn --edition=2018 /opt/rustwide/cargo-home/registry/src/github.com-1ecc6299db9ec823/syn-1.0.65/src/lib.rs --error-format=json --json=diagnostic-rendered-ansi --crate-type lib --emit=dep-info,metadata,link -C opt-level=2 -C embed-bitcode=no -C debuginfo=2 -C debug-assertions=on --cfg 'feature="clone-impls"' --cfg 'feature="default"' --cfg 'feature="derive"' --cfg 'feature="extra-traits"' --cfg 'feature="full"' --cfg 'feature="parsing"' --cfg 'feature="printing"' --cfg 'feature="proc-macro"' --cfg 'feature="quote"' --cfg 'feature="visit"' --cfg 'feature="visit-mut"' -C metadata=e681685e40e90ec4 -C extra-filename=-e681685e40e90ec4 --out-dir /opt/rustwide/target/debug/deps -L dependency=/opt/rustwide/target/debug/deps --extern proc_macro2=/opt/rustwide/target/debug/deps/libproc_macro2-c2d071e62cee9de5.rmeta --extern quote=/opt/rustwide/target/debug/deps/libquote-d540b6a3e6ec1840.rmeta --extern unicode_xid=/opt/rustwide/target/debug/deps/libunicode_xid-61c0d425e23579e0.rmeta --cap-lints allow --cfg syn_disable_nightly_tests` (signal: 9, SIGKILL: kill)
[INFO] [stderr] warning: build failed, waiting for other jobs to finish...
[INFO] [stderr] The following warnings were emitted during compilation:
[INFO] [stderr] 
[INFO] [stderr] warning: src/wrapper.cpp:2: warning: ignoring #pragma warning  [-Wunknown-pragmas]
[INFO] [stderr] warning:     2 | #pragma warning(disable : 4996 4101)
[INFO] [stderr] warning:       | 
[INFO] [stderr] warning: c++: fatal error: Killed signal terminated program cc1plus
[INFO] [stderr] warning: compilation terminated.
[INFO] [stderr] warning: c++: fatal error: Killed signal terminated program cc1plus
[INFO] [stderr] warning: compilation terminated.
[INFO] [stderr] warning: c++: fatal error: Killed signal terminated program cc1plus
[INFO] [stderr] warning: compilation terminated.
[INFO] [stderr] 
[INFO] [stderr] error: build failed
[INFO] running `Command { std: "docker" "inspect" "30b66868727d3a255d23b9896b3ae84d01275de3e1a022770ab9f19a8a1cd58c", kill_on_drop: false }`
[INFO] running `Command { std: "docker" "rm" "-f" "30b66868727d3a255d23b9896b3ae84d01275de3e1a022770ab9f19a8a1cd58c", kill_on_drop: false }`
[INFO] [stdout] 30b66868727d3a255d23b9896b3ae84d01275de3e1a022770ab9f19a8a1cd58c
