[INFO] cloning repository https://github.com/Xe/pahi
[INFO] running `Command { std: "git" "-c" "credential.helper=" "-c" "credential.helper=/workspace/cargo-home/bin/git-credential-null" "clone" "--bare" "https://github.com/Xe/pahi" "/workspace/cache/git-repos/https%3A%2F%2Fgithub.com%2FXe%2Fpahi", kill_on_drop: false }`
[INFO] [stderr] Cloning into bare repository '/workspace/cache/git-repos/https%3A%2F%2Fgithub.com%2FXe%2Fpahi'...
[INFO] running `Command { std: "git" "rev-parse" "HEAD", kill_on_drop: false }`
[INFO] [stdout] 57d22486cc9c6bbaf568c1a92143ef87baee2317
[INFO] documenting Xe/pahi against beta-2021-08-01 for beta-1.55-rustdoc-1
[INFO] running `Command { std: "git" "clone" "/workspace/cache/git-repos/https%3A%2F%2Fgithub.com%2FXe%2Fpahi" "/workspace/builds/worker-8/source", kill_on_drop: false }`
[INFO] [stderr] Cloning into '/workspace/builds/worker-8/source'...
[INFO] [stderr] done.
[INFO] validating manifest of git repo https://github.com/Xe/pahi on toolchain beta-2021-08-01
[INFO] running `Command { std: "/workspace/cargo-home/bin/cargo" "+beta-2021-08-01" "metadata" "--manifest-path" "Cargo.toml" "--no-deps", kill_on_drop: false }`
[INFO] started tweaking git repo https://github.com/Xe/pahi
[INFO] finished tweaking git repo https://github.com/Xe/pahi
[INFO] tweaked toml for git repo https://github.com/Xe/pahi written to /workspace/builds/worker-8/source/Cargo.toml
[INFO] crate git repo https://github.com/Xe/pahi already has a lockfile, it will not be regenerated
[INFO] running `Command { std: "/workspace/cargo-home/bin/cargo" "+beta-2021-08-01" "fetch" "--manifest-path" "Cargo.toml", kill_on_drop: false }`
[INFO] [stderr]     Blocking waiting for file lock on package cache
[INFO] [stderr]     Blocking waiting for file lock on package cache
[INFO] [stderr]  Downloading crates ...
[INFO] [stderr]   Downloaded wasmer-win-exception-handler v0.17.1
[INFO] [stderr]   Downloaded wasmer-runtime v0.17.1
[INFO] [stderr]   Downloaded cranelift-entity v0.59.0
[INFO] [stderr]   Downloaded wasmer-clif-fork-wasm v0.59.0
[INFO] [stderr]   Downloaded cranelift-codegen v0.59.0
[INFO] [stderr]   Downloaded eyre v0.6.1
[INFO] [stderr]   Downloaded cranelift-native v0.59.0
[INFO] [stderr]   Downloaded gimli v0.20.0
[INFO] [stderr]   Downloaded cranelift-codegen-meta v0.59.0
[INFO] [stderr]   Downloaded color-spantrace v0.1.4
[INFO] [stderr]   Downloaded wasmer-clif-backend v0.17.1
[INFO] [stderr]   Downloaded wasmer-clif-fork-frontend v0.59.0
[INFO] [stderr]   Downloaded proc-macro-error-attr v1.0.1
[INFO] [stderr]   Downloaded proc-macro-error v1.0.1
[INFO] [stderr]   Downloaded owo-colors v1.1.3
[INFO] [stderr]   Downloaded blake3 v0.3.6
[INFO] [stderr]   Downloaded cranelift-bforest v0.59.0
[INFO] [stderr]   Downloaded cranelift-codegen-shared v0.59.0
[INFO] [stderr]   Downloaded wasmparser v0.51.4
[INFO] [stderr]   Downloaded wasmer-runtime-core v0.17.1
[INFO] [stderr]   Downloaded color-eyre v0.5.7
[INFO] running `Command { std: "docker" "create" "-v" "/var/lib/crater-agent-workspace/builds/worker-8/target:/opt/rustwide/target:rw,Z" "-v" "/var/lib/crater-agent-workspace/builds/worker-8/source:/opt/rustwide/workdir:ro,Z" "-v" "/var/lib/crater-agent-workspace/cargo-home:/opt/rustwide/cargo-home:ro,Z" "-v" "/var/lib/crater-agent-workspace/rustup-home:/opt/rustwide/rustup-home:ro,Z" "-e" "SOURCE_DIR=/opt/rustwide/workdir" "-e" "CARGO_TARGET_DIR=/opt/rustwide/target" "-e" "CARGO_HOME=/opt/rustwide/cargo-home" "-e" "RUSTUP_HOME=/opt/rustwide/rustup-home" "-w" "/opt/rustwide/workdir" "-m" "1610612736" "--user" "0:0" "--network" "none" "ghcr.io/rust-lang/crates-build-env/linux@sha256:34b6a614d2c27851fe6cbf88fbd1137609cefab8b10d0615aaeb6fd47975d74e" "/opt/rustwide/cargo-home/bin/cargo" "+beta-2021-08-01" "metadata" "--no-deps" "--format-version=1", kill_on_drop: false }`
[INFO] [stdout] 796bc7fa8a74061566f1c801a132e5eb9935b81614a97b951ce0a9cccd337014
[INFO] running `Command { std: "docker" "start" "-a" "796bc7fa8a74061566f1c801a132e5eb9935b81614a97b951ce0a9cccd337014", kill_on_drop: false }`
[INFO] running `Command { std: "docker" "inspect" "796bc7fa8a74061566f1c801a132e5eb9935b81614a97b951ce0a9cccd337014", kill_on_drop: false }`
[INFO] running `Command { std: "docker" "rm" "-f" "796bc7fa8a74061566f1c801a132e5eb9935b81614a97b951ce0a9cccd337014", kill_on_drop: false }`
[INFO] [stdout] 796bc7fa8a74061566f1c801a132e5eb9935b81614a97b951ce0a9cccd337014
[INFO] running `Command { std: "docker" "create" "-v" "/var/lib/crater-agent-workspace/builds/worker-8/target:/opt/rustwide/target:rw,Z" "-v" "/var/lib/crater-agent-workspace/builds/worker-8/source:/opt/rustwide/workdir:ro,Z" "-v" "/var/lib/crater-agent-workspace/cargo-home:/opt/rustwide/cargo-home:ro,Z" "-v" "/var/lib/crater-agent-workspace/rustup-home:/opt/rustwide/rustup-home:ro,Z" "-e" "SOURCE_DIR=/opt/rustwide/workdir" "-e" "CARGO_TARGET_DIR=/opt/rustwide/target" "-e" "CARGO_INCREMENTAL=0" "-e" "RUST_BACKTRACE=full" "-e" "RUSTDOCFLAGS=--cap-lints=warn" "-e" "CARGO_HOME=/opt/rustwide/cargo-home" "-e" "RUSTUP_HOME=/opt/rustwide/rustup-home" "-w" "/opt/rustwide/workdir" "-m" "1610612736" "--user" "0:0" "--network" "none" "ghcr.io/rust-lang/crates-build-env/linux@sha256:34b6a614d2c27851fe6cbf88fbd1137609cefab8b10d0615aaeb6fd47975d74e" "/opt/rustwide/cargo-home/bin/cargo" "+beta-2021-08-01" "doc" "--frozen" "--no-deps" "--document-private-items" "--message-format=json", kill_on_drop: false }`
[INFO] [stdout] 914ebc9a72b5eed8bff6201a6c90b95ba9754f61943526125a44be3e111d8910
[INFO] running `Command { std: "docker" "start" "-a" "914ebc9a72b5eed8bff6201a6c90b95ba9754f61943526125a44be3e111d8910", kill_on_drop: false }`
[INFO] [stderr]     Blocking waiting for file lock on package cache
[INFO] [stderr]    Compiling libc v0.2.74
[INFO] [stderr]    Compiling syn v1.0.48
[INFO] [stderr]    Compiling typenum v1.11.2
[INFO] [stderr]    Compiling cc v1.0.58
[INFO] [stderr]    Compiling semver-parser v0.7.0
[INFO] [stderr]    Compiling serde v1.0.104
[INFO] [stderr]    Compiling cranelift-entity v0.59.0
[INFO] [stderr]    Compiling target-lexicon v0.10.0
[INFO] [stderr]    Compiling cranelift-codegen-shared v0.59.0
[INFO] [stderr]    Compiling log v0.4.11
[INFO] [stderr]     Checking scopeguard v1.0.0
[INFO] [stderr]    Compiling autocfg v0.1.7
[INFO] [stderr]    Compiling subtle v2.2.3
[INFO] [stderr]    Compiling arrayref v0.3.6
[INFO] [stderr]    Compiling constant_time_eq v0.1.5
[INFO] [stderr]    Compiling arrayvec v0.5.1
[INFO] [stderr]    Compiling rayon-core v1.7.0
[INFO] [stderr]    Compiling nix v0.15.0
[INFO] [stderr]     Checking void v1.0.2
[INFO] [stderr]     Checking pin-project-lite v0.1.11
[INFO] [stderr]     Checking wasmparser v0.51.4
[INFO] [stderr]    Compiling memchr v2.3.3
[INFO] [stderr]    Compiling eyre v0.6.1
[INFO] [stderr]     Checking gimli v0.22.0
[INFO] [stderr]     Checking hex v0.4.2
[INFO] [stderr]     Checking adler v0.2.3
[INFO] [stderr]     Checking either v1.5.3
[INFO] [stderr]     Checking ppv-lite86 v0.2.6
[INFO] [stderr]     Checking object v0.21.1
[INFO] [stderr]    Compiling openssl v0.10.30
[INFO] [stderr]     Checking once_cell v1.4.1
[INFO] [stderr]     Checking indenter v0.3.0
[INFO] [stderr]     Checking rustc-demangle v0.1.18
[INFO] [stderr]     Checking owo-colors v1.1.3
[INFO] [stderr]    Compiling unicode-segmentation v1.6.0
[INFO] [stderr]     Checking regex-syntax v0.6.14
[INFO] [stderr]     Checking humantime v2.0.1
[INFO] [stderr]    Compiling indexmap v1.3.2
[INFO] [stderr]    Compiling crossbeam-utils v0.7.2
[INFO] [stderr]    Compiling miniz_oxide v0.4.3
[INFO] [stderr]    Compiling num-traits v0.2.14
[INFO] [stderr]    Compiling num-integer v0.1.42
[INFO] [stderr]    Compiling generic-array v0.14.3
[INFO] [stderr]     Checking thread_local v1.0.1
[INFO] [stderr]     Checking tracing-core v0.1.17
[INFO] [stderr]     Checking sharded-slab v0.1.0
[INFO] [stderr]    Compiling proc-macro-error-attr v1.0.1
[INFO] [stderr]    Compiling proc-macro-error v1.0.1
[INFO] [stderr]     Checking form_urlencoded v1.0.0
[INFO] [stderr]    Compiling proc-macro2 v1.0.24
[INFO] [stderr]     Checking url v2.2.0
[INFO] [stderr]     Checking lock_api v0.3.3
[INFO] [stderr]    Compiling quote v1.0.2
[INFO] [stderr]     Checking c2-chacha v0.2.3
[INFO] [stderr]    Compiling semver v0.9.0
[INFO] [stderr]    Compiling crossbeam-epoch v0.8.0
[INFO] [stderr]    Compiling cranelift-codegen-meta v0.59.0
[INFO] [stderr]    Compiling heck v0.3.1
[INFO] [stderr]     Checking tracing-subscriber v0.2.14
[INFO] [stderr]     Checking cranelift-bforest v0.59.0
[INFO] [stderr]     Checking addr2line v0.13.0
[INFO] [stderr]    Compiling blake3 v0.3.6
[INFO] [stderr]    Compiling openssl-sys v0.9.58
[INFO] [stderr]     Checking aho-corasick v0.7.8
[INFO] [stderr]    Compiling rustc_version v0.2.3
[INFO] [stderr]     Checking generic-array v0.12.3
[INFO] [stderr]     Checking num_cpus v1.13.0
[INFO] [stderr]     Checking parking_lot_core v0.7.0
[INFO] [stderr]     Checking getrandom v0.1.14
[INFO] [stderr]     Checking errno v0.2.4
[INFO] [stderr]     Checking page_size v0.4.2
[INFO] [stderr]     Checking atty v0.2.14
[INFO] [stderr]     Checking backtrace v0.3.53
[INFO] [stderr]     Checking dirs-sys v0.3.5
[INFO] [stderr]     Checking memmap v0.7.0
[INFO] [stderr]     Checking time v0.1.43
[INFO] [stderr]     Checking regex v1.3.4
[INFO] [stderr]    Compiling memoffset v0.5.3
[INFO] [stderr]    Compiling raw-cpuid v7.0.3
[INFO] [stderr]     Checking digest v0.9.0
[INFO] [stderr]     Checking crypto-mac v0.8.0
[INFO] [stderr]     Checking clap v2.33.0
[INFO] [stderr]     Checking digest v0.8.1
[INFO] [stderr]     Checking rand_core v0.5.1
[INFO] [stderr]     Checking parking_lot v0.10.0
[INFO] [stderr]     Checking chrono v0.4.19
[INFO] [stderr]     Checking dirs v3.0.1
[INFO] [stderr]     Checking env_logger v0.8.1
[INFO] [stderr]     Checking rand_chacha v0.2.1
[INFO] [stderr]     Checking rand v0.7.3
[INFO] [stderr]     Checking crossbeam-queue v0.2.1
[INFO] [stderr]     Checking crossbeam-deque v0.7.2
[INFO] [stderr]    Compiling wasmer-runtime-core v0.17.1
[INFO] [stderr]     Checking rayon v1.3.0
[INFO] [stderr]    Compiling syn-mid v0.5.0
[INFO] [stderr]    Compiling cranelift-codegen v0.59.0
[INFO] [stderr]    Compiling serde_derive v1.0.104
[INFO] [stderr]    Compiling thiserror-impl v1.0.22
[INFO] [stderr]    Compiling tracing-attributes v0.1.11
[INFO] [stderr]    Compiling num-derive v0.3.3
[INFO] [stderr]    Compiling structopt-derive v0.4.13
[INFO] [stderr]     Checking thiserror v1.0.22
[INFO] [stderr]     Checking tracing v0.1.21
[INFO] [stderr]     Checking tracing-error v0.1.2
[INFO] [stderr]     Checking color-spantrace v0.1.4
[INFO] [stderr]     Checking color-eyre v0.5.7
[INFO] [stderr]     Checking structopt v0.3.20
[INFO] [stderr]     Checking serde_bytes v0.11.3
[INFO] [stderr]     Checking serde-bench v0.0.7
[INFO] [stderr]     Checking bincode v1.2.1
[INFO] [stderr]     Checking gimli v0.20.0
[INFO] [stderr]     Checking wasmer-clif-fork-frontend v0.59.0
[INFO] [stderr]     Checking cranelift-native v0.59.0
[INFO] [stderr]     Checking wasmer-clif-fork-wasm v0.59.0
[INFO] [stderr]     Checking wasmer-clif-backend v0.17.1
[INFO] [stderr]     Checking wasmer-runtime v0.17.1
[INFO] [stderr]     Checking pahi-olin v0.2.0 (/opt/rustwide/workdir/pahi-olin)
[INFO] [stderr]  Documenting pahi-olin v0.2.0 (/opt/rustwide/workdir/pahi-olin)
[INFO] [stdout] error[E0412]: cannot find type `NoneError` in module `std::option`
[INFO] [stdout]   --> pahi-olin/src/abi/env.rs:10:31
[INFO] [stdout]    |
[INFO] [stdout] 10 | ) -> Result<i32, std::option::NoneError> {
[INFO] [stdout]    |                               ^^^^^^^^^ not found in `std::option`
[INFO] [stdout] 
[INFO] [stdout] 
[INFO] [stdout] error[E0412]: cannot find type `NoneError` in module `std::option`
[INFO] [stdout]   --> pahi-olin/src/abi/resource.rs:99:31
[INFO] [stdout]    |
[INFO] [stdout] 99 | ) -> Result<i32, std::option::NoneError> {
[INFO] [stdout]    |                               ^^^^^^^^^ not found in `std::option`
[INFO] [stdout] 
[INFO] [stdout] 
[INFO] [stdout] error[E0412]: cannot find type `NoneError` in module `std::option`
[INFO] [stdout]    --> pahi-olin/src/abi/resource.rs:138:31
[INFO] [stdout]     |
[INFO] [stdout] 138 | ) -> Result<i32, std::option::NoneError> {
[INFO] [stdout]     |                               ^^^^^^^^^ not found in `std::option`
[INFO] [stdout] 
[INFO] [stdout] 
[INFO] [stdout] error[E0412]: cannot find type `NoneError` in module `std::option`
[INFO] [stdout]    --> pahi-olin/src/abi/resource.rs:164:66
[INFO] [stdout]     |
[INFO] [stdout] 164 | pub fn flush(ctx: &mut Ctx, fd: u32) -> Result<i32, std::option::NoneError> {
[INFO] [stdout]     |                                                                  ^^^^^^^^^ not found in `std::option`
[INFO] [stdout] 
[INFO] [stdout] 
[INFO] [stdout] error[E0554]: `#![feature]` may not be used on the beta release channel
[INFO] [stdout]  --> pahi-olin/src/lib.rs:1:1
[INFO] [stdout]   |
[INFO] [stdout] 1 | #![feature(try_trait)]
[INFO] [stdout]   | ^^^^^^^^^^^^^^^^^^^^^^
[INFO] [stdout] 
[INFO] [stdout] 
[INFO] [stdout] error[E0412]: cannot find type `NoneError` in module `std::option`
[INFO] [stdout]   --> pahi-olin/src/abi/env.rs:10:31
[INFO] [stdout]    |
[INFO] [stdout] 10 | ) -> Result<i32, std::option::NoneError> {
[INFO] [stdout]    |                               ^^^^^^^^^ not found in `std::option`
[INFO] [stdout] 
[INFO] [stdout] 
[INFO] [stdout] error[E0412]: cannot find type `NoneError` in module `std::option`
[INFO] [stdout]   --> pahi-olin/src/abi/resource.rs:99:31
[INFO] [stdout]    |
[INFO] [stdout] 99 | ) -> Result<i32, std::option::NoneError> {
[INFO] [stdout]    |                               ^^^^^^^^^ not found in `std::option`
[INFO] [stdout] 
[INFO] [stdout] 
[INFO] [stdout] error[E0412]: cannot find type `NoneError` in module `std::option`
[INFO] [stdout]    --> pahi-olin/src/abi/resource.rs:138:31
[INFO] [stdout]     |
[INFO] [stdout] 138 | ) -> Result<i32, std::option::NoneError> {
[INFO] [stdout]     |                               ^^^^^^^^^ not found in `std::option`
[INFO] [stdout] 
[INFO] [stdout] 
[INFO] [stdout] error[E0412]: cannot find type `NoneError` in module `std::option`
[INFO] [stdout]    --> pahi-olin/src/abi/resource.rs:164:66
[INFO] [stdout]     |
[INFO] [stdout] 164 | pub fn flush(ctx: &mut Ctx, fd: u32) -> Result<i32, std::option::NoneError> {
[INFO] [stdout]     |                                                                  ^^^^^^^^^ not found in `std::option`
[INFO] [stdout] 
[INFO] [stdout] 
[INFO] [stdout] error[E0554]: `#![feature]` may not be used on the beta release channel
[INFO] [stdout]  --> pahi-olin/src/lib.rs:1:1
[INFO] [stdout]   |
[INFO] [stdout] 1 | #![feature(try_trait)]
[INFO] [stdout]   | ^^^^^^^^^^^^^^^^^^^^^^
[INFO] [stdout] 
[INFO] [stdout] 
[INFO] [stdout] error: Compilation failed, aborting rustdoc
[INFO] [stdout] 
[INFO] [stdout] 
[INFO] [stdout] error: aborting due to 6 previous errors
[INFO] [stdout] 
[INFO] [stdout] 
[INFO] [stdout] Some errors have detailed explanations: E0412, E0554.
[INFO] [stdout] 
[INFO] [stdout] For more information about an error, try `rustc --explain E0412`.
[INFO] [stdout] 
[INFO] [stderr] error: could not document `pahi-olin`
[INFO] [stderr] 
[INFO] [stderr] Caused by:
[INFO] [stderr]   process didn't exit successfully: `rustdoc --edition=2018 --crate-type lib --crate-name pahi_olin pahi-olin/src/lib.rs -o /opt/rustwide/target/doc --error-format=json --json=diagnostic-rendered-ansi --document-private-items -L dependency=/opt/rustwide/target/debug/deps --extern chrono=/opt/rustwide/target/debug/deps/libchrono-315f1fe39bc8575a.rmeta --extern color_eyre=/opt/rustwide/target/debug/deps/libcolor_eyre-35976f3ddddf474d.rmeta --extern dirs=/opt/rustwide/target/debug/deps/libdirs-a5b5e40f8dc80870.rmeta --extern log=/opt/rustwide/target/debug/deps/liblog-91c13f26229124ab.rmeta --extern num_derive=/opt/rustwide/target/debug/deps/libnum_derive-563c811f16d4cf99.so --extern num_traits=/opt/rustwide/target/debug/deps/libnum_traits-0c2d4cdc79cefca6.rmeta --extern openssl=/opt/rustwide/target/debug/deps/libopenssl-e0a5721780e873df.rmeta --extern rand=/opt/rustwide/target/debug/deps/librand-5fbb9eab98d93737.rmeta --extern thiserror=/opt/rustwide/target/debug/deps/libthiserror-efff4d3a59dd715c.rmeta --extern url=/opt/rustwide/target/debug/deps/liburl-4389650e5e4f3a71.rmeta --extern wasmer_runtime=/opt/rustwide/target/debug/deps/libwasmer_runtime-880db0df6763ce46.rmeta --cap-lints=warn --crate-version 0.2.0` (exit status: 1)
[INFO] [stderr] warning: build failed, waiting for other jobs to finish...
[INFO] [stdout] error[E0277]: the trait bound `for<'r> fn(&'r mut Ctx, WasmPtr<u8, Array>, u32, WasmPtr<u8, Array>, u32) -> Result<i32, [type error]> {abi::env::get}: wasmer_runtime_core::typed_func::HostFunction<_, _, _>` is not satisfied
[INFO] [stdout]    --> pahi-olin/src/lib.rs:101:32
[INFO] [stdout]     |
[INFO] [stdout] 101 |             "env_get" => func!(abi::env::get),
[INFO] [stdout]     |                                ^^^^^^^^^^^^^ the trait `wasmer_runtime_core::typed_func::HostFunction<_, _, _>` is not implemented for `for<'r> fn(&'r mut Ctx, WasmPtr<u8, Array>, u32, WasmPtr<u8, Array>, u32) -> Result<i32, [type error]> {abi::env::get}`
[INFO] [stdout]     | 
[INFO] [stdout]    ::: pahi-olin/src/abi/env.rs:4:8
[INFO] [stdout]     |
[INFO] [stdout] 4   | pub fn get(
[INFO] [stdout]     |        --- consider calling this function
[INFO] [stdout]     |
[INFO] [stdout] note: required by `Func::<'a, Args, Rets, wasmer_runtime_core::typed_func::Host>::new`
[INFO] [stdout]    --> /opt/rustwide/cargo-home/registry/src/github.com-1ecc6299db9ec823/wasmer-runtime-core-0.17.1/src/typed_func.rs:284:5
[INFO] [stdout]     |
[INFO] [stdout] 284 | /     pub fn new<F, Kind>(func: F) -> Self
[INFO] [stdout] 285 | |     where
[INFO] [stdout] 286 | |         Kind: HostFunctionKind,
[INFO] [stdout] 287 | |         F: HostFunction<Kind, Args, Rets>,
[INFO] [stdout]     | |__________________________________________^
[INFO] [stdout] help: use parentheses to call the function
[INFO] [stdout]     |
[INFO] [stdout] 101 |             "env_get" => func!(abi::env::get(ctx, key_ptr, key_len, value_ptr, value_len)),
[INFO] [stdout]     |                                             ^^^^^^^^^^^^^^^^^^^^^^^^^^^^^^^^^^^^^^^^^^^^^
[INFO] [stdout] 
[INFO] [stdout] 
[INFO] [stdout] error[E0277]: the trait bound `for<'r> fn(&'r mut Ctx, u32, WasmPtr<u8, Array>, u32) -> Result<i32, [type error]> {abi::resource::read}: wasmer_runtime_core::typed_func::HostFunction<_, _, _>` is not satisfied
[INFO] [stdout]    --> pahi-olin/src/lib.rs:120:38
[INFO] [stdout]     |
[INFO] [stdout] 120 |             "resource_read" => func!(abi::resource::read),
[INFO] [stdout]     |                                      ^^^^^^^^^^^^^^^^^^^ the trait `wasmer_runtime_core::typed_func::HostFunction<_, _, _>` is not implemented for `for<'r> fn(&'r mut Ctx, u32, WasmPtr<u8, Array>, u32) -> Result<i32, [type error]> {abi::resource::read}`
[INFO] [stdout]     | 
[INFO] [stdout]    ::: pahi-olin/src/abi/resource.rs:94:8
[INFO] [stdout]     |
[INFO] [stdout] 94  | pub fn read(
[INFO] [stdout]     |        ---- consider calling this function
[INFO] [stdout]     |
[INFO] [stdout] note: required by `Func::<'a, Args, Rets, wasmer_runtime_core::typed_func::Host>::new`
[INFO] [stdout]    --> /opt/rustwide/cargo-home/registry/src/github.com-1ecc6299db9ec823/wasmer-runtime-core-0.17.1/src/typed_func.rs:284:5
[INFO] [stdout]     |
[INFO] [stdout] 284 | /     pub fn new<F, Kind>(func: F) -> Self
[INFO] [stdout] 285 | |     where
[INFO] [stdout] 286 | |         Kind: HostFunctionKind,
[INFO] [stdout] 287 | |         F: HostFunction<Kind, Args, Rets>,
[INFO] [stdout]     | |__________________________________________^
[INFO] [stdout] help: use parentheses to call the function
[INFO] [stdout]     |
[INFO] [stdout] 120 |             "resource_read" => func!(abi::resource::read(ctx, fd, ptr, len)),
[INFO] [stdout]     |                                                         ^^^^^^^^^^^^^^^^^^^
[INFO] [stdout] 
[INFO] [stdout] 
[INFO] [stdout] error[E0277]: the trait bound `for<'r> fn(&'r mut Ctx, u32, WasmPtr<u8, Array>, u32) -> Result<i32, [type error]> {abi::resource::write}: wasmer_runtime_core::typed_func::HostFunction<_, _, _>` is not satisfied
[INFO] [stdout]    --> pahi-olin/src/lib.rs:121:39
[INFO] [stdout]     |
[INFO] [stdout] 121 |             "resource_write" => func!(abi::resource::write),
[INFO] [stdout]     |                                       ^^^^^^^^^^^^^^^^^^^^ the trait `wasmer_runtime_core::typed_func::HostFunction<_, _, _>` is not implemented for `for<'r> fn(&'r mut Ctx, u32, WasmPtr<u8, Array>, u32) -> Result<i32, [type error]> {abi::resource::write}`
[INFO] [stdout]     | 
[INFO] [stdout]    ::: pahi-olin/src/abi/resource.rs:133:8
[INFO] [stdout]     |
[INFO] [stdout] 133 | pub fn write(
[INFO] [stdout]     |        ----- consider calling this function
[INFO] [stdout]     |
[INFO] [stdout] note: required by `Func::<'a, Args, Rets, wasmer_runtime_core::typed_func::Host>::new`
[INFO] [stdout]    --> /opt/rustwide/cargo-home/registry/src/github.com-1ecc6299db9ec823/wasmer-runtime-core-0.17.1/src/typed_func.rs:284:5
[INFO] [stdout]     |
[INFO] [stdout] 284 | /     pub fn new<F, Kind>(func: F) -> Self
[INFO] [stdout] 285 | |     where
[INFO] [stdout] 286 | |         Kind: HostFunctionKind,
[INFO] [stdout] 287 | |         F: HostFunction<Kind, Args, Rets>,
[INFO] [stdout]     | |__________________________________________^
[INFO] [stdout] help: use parentheses to call the function
[INFO] [stdout]     |
[INFO] [stdout] 121 |             "resource_write" => func!(abi::resource::write(ctx, fd, ptr, len)),
[INFO] [stdout]     |                                                           ^^^^^^^^^^^^^^^^^^^
[INFO] [stdout] 
[INFO] [stdout] 
[INFO] [stdout] error[E0277]: the trait bound `for<'r> fn(&'r mut Ctx, u32) -> Result<i32, [type error]> {abi::resource::flush}: wasmer_runtime_core::typed_func::HostFunction<_, _, _>` is not satisfied
[INFO] [stdout]    --> pahi-olin/src/lib.rs:122:39
[INFO] [stdout]     |
[INFO] [stdout] 122 |             "resource_flush" => func!(abi::resource::flush),
[INFO] [stdout]     |                                       ^^^^^^^^^^^^^^^^^^^^ the trait `wasmer_runtime_core::typed_func::HostFunction<_, _, _>` is not implemented for `for<'r> fn(&'r mut Ctx, u32) -> Result<i32, [type error]> {abi::resource::flush}`
[INFO] [stdout]     | 
[INFO] [stdout]    ::: pahi-olin/src/abi/resource.rs:164:8
[INFO] [stdout]     |
[INFO] [stdout] 164 | pub fn flush(ctx: &mut Ctx, fd: u32) -> Result<i32, std::option::NoneError> {
[INFO] [stdout]     |        ----- consider calling this function
[INFO] [stdout]     |
[INFO] [stdout] note: required by `Func::<'a, Args, Rets, wasmer_runtime_core::typed_func::Host>::new`
[INFO] [stdout]    --> /opt/rustwide/cargo-home/registry/src/github.com-1ecc6299db9ec823/wasmer-runtime-core-0.17.1/src/typed_func.rs:284:5
[INFO] [stdout]     |
[INFO] [stdout] 284 | /     pub fn new<F, Kind>(func: F) -> Self
[INFO] [stdout] 285 | |     where
[INFO] [stdout] 286 | |         Kind: HostFunctionKind,
[INFO] [stdout] 287 | |         F: HostFunction<Kind, Args, Rets>,
[INFO] [stdout]     | |__________________________________________^
[INFO] [stdout] help: use parentheses to call the function
[INFO] [stdout]     |
[INFO] [stdout] 122 |             "resource_flush" => func!(abi::resource::flush(ctx, fd)),
[INFO] [stdout]     |                                                           ^^^^^^^^^
[INFO] [stdout] 
[INFO] [stdout] 
[INFO] [stdout] error[E0277]: the trait bound `for<'r> fn(&'r mut Ctx, WasmPtr<u8, Array>, u32, WasmPtr<u8, Array>, u32) -> Result<i32, [type error]> {abi::env::get}: wasmer_runtime_core::typed_func::HostFunction<_, _, _>` is not satisfied
[INFO] [stdout]    --> pahi-olin/src/lib.rs:140:32
[INFO] [stdout]     |
[INFO] [stdout] 140 |             "env_get" => func!(abi::env::get),
[INFO] [stdout]     |                                ^^^^^^^^^^^^^ the trait `wasmer_runtime_core::typed_func::HostFunction<_, _, _>` is not implemented for `for<'r> fn(&'r mut Ctx, WasmPtr<u8, Array>, u32, WasmPtr<u8, Array>, u32) -> Result<i32, [type error]> {abi::env::get}`
[INFO] [stdout]     | 
[INFO] [stdout]    ::: pahi-olin/src/abi/env.rs:4:8
[INFO] [stdout]     |
[INFO] [stdout] 4   | pub fn get(
[INFO] [stdout]     |        --- consider calling this function
[INFO] [stdout]     |
[INFO] [stdout] note: required by `Func::<'a, Args, Rets, wasmer_runtime_core::typed_func::Host>::new`
[INFO] [stdout]    --> /opt/rustwide/cargo-home/registry/src/github.com-1ecc6299db9ec823/wasmer-runtime-core-0.17.1/src/typed_func.rs:284:5
[INFO] [stdout]     |
[INFO] [stdout] 284 | /     pub fn new<F, Kind>(func: F) -> Self
[INFO] [stdout] 285 | |     where
[INFO] [stdout] 286 | |         Kind: HostFunctionKind,
[INFO] [stdout] 287 | |         F: HostFunction<Kind, Args, Rets>,
[INFO] [stdout]     | |__________________________________________^
[INFO] [stdout] help: use parentheses to call the function
[INFO] [stdout]     |
[INFO] [stdout] 140 |             "env_get" => func!(abi::env::get(ctx, key_ptr, key_len, value_ptr, value_len)),
[INFO] [stdout]     |                                             ^^^^^^^^^^^^^^^^^^^^^^^^^^^^^^^^^^^^^^^^^^^^^
[INFO] [stdout] 
[INFO] [stdout] 
[INFO] [stdout] error[E0277]: the trait bound `for<'r> fn(&'r mut Ctx, u32, WasmPtr<u8, Array>, u32) -> Result<i32, [type error]> {abi::resource::read}: wasmer_runtime_core::typed_func::HostFunction<_, _, _>` is not satisfied
[INFO] [stdout]    --> pahi-olin/src/lib.rs:159:38
[INFO] [stdout]     |
[INFO] [stdout] 159 |             "resource_read" => func!(abi::resource::read),
[INFO] [stdout]     |                                      ^^^^^^^^^^^^^^^^^^^ the trait `wasmer_runtime_core::typed_func::HostFunction<_, _, _>` is not implemented for `for<'r> fn(&'r mut Ctx, u32, WasmPtr<u8, Array>, u32) -> Result<i32, [type error]> {abi::resource::read}`
[INFO] [stdout]     | 
[INFO] [stdout]    ::: pahi-olin/src/abi/resource.rs:94:8
[INFO] [stdout]     |
[INFO] [stdout] 94  | pub fn read(
[INFO] [stdout]     |        ---- consider calling this function
[INFO] [stdout]     |
[INFO] [stdout] note: required by `Func::<'a, Args, Rets, wasmer_runtime_core::typed_func::Host>::new`
[INFO] [stdout]    --> /opt/rustwide/cargo-home/registry/src/github.com-1ecc6299db9ec823/wasmer-runtime-core-0.17.1/src/typed_func.rs:284:5
[INFO] [stdout]     |
[INFO] [stdout] 284 | /     pub fn new<F, Kind>(func: F) -> Self
[INFO] [stdout] 285 | |     where
[INFO] [stdout] 286 | |         Kind: HostFunctionKind,
[INFO] [stdout] 287 | |         F: HostFunction<Kind, Args, Rets>,
[INFO] [stdout]     | |__________________________________________^
[INFO] [stdout] help: use parentheses to call the function
[INFO] [stdout]     |
[INFO] [stdout] 159 |             "resource_read" => func!(abi::resource::read(ctx, fd, ptr, len)),
[INFO] [stdout]     |                                                         ^^^^^^^^^^^^^^^^^^^
[INFO] [stdout] 
[INFO] [stdout] 
[INFO] [stdout] error[E0277]: the trait bound `for<'r> fn(&'r mut Ctx, u32, WasmPtr<u8, Array>, u32) -> Result<i32, [type error]> {abi::resource::write}: wasmer_runtime_core::typed_func::HostFunction<_, _, _>` is not satisfied
[INFO] [stdout]    --> pahi-olin/src/lib.rs:160:39
[INFO] [stdout]     |
[INFO] [stdout] 160 |             "resource_write" => func!(abi::resource::write),
[INFO] [stdout]     |                                       ^^^^^^^^^^^^^^^^^^^^ the trait `wasmer_runtime_core::typed_func::HostFunction<_, _, _>` is not implemented for `for<'r> fn(&'r mut Ctx, u32, WasmPtr<u8, Array>, u32) -> Result<i32, [type error]> {abi::resource::write}`
[INFO] [stdout]     | 
[INFO] [stdout]    ::: pahi-olin/src/abi/resource.rs:133:8
[INFO] [stdout]     |
[INFO] [stdout] 133 | pub fn write(
[INFO] [stdout]     |        ----- consider calling this function
[INFO] [stdout]     |
[INFO] [stdout] note: required by `Func::<'a, Args, Rets, wasmer_runtime_core::typed_func::Host>::new`
[INFO] [stdout]    --> /opt/rustwide/cargo-home/registry/src/github.com-1ecc6299db9ec823/wasmer-runtime-core-0.17.1/src/typed_func.rs:284:5
[INFO] [stdout]     |
[INFO] [stdout] 284 | /     pub fn new<F, Kind>(func: F) -> Self
[INFO] [stdout] 285 | |     where
[INFO] [stdout] 286 | |         Kind: HostFunctionKind,
[INFO] [stdout] 287 | |         F: HostFunction<Kind, Args, Rets>,
[INFO] [stdout]     | |__________________________________________^
[INFO] [stdout] help: use parentheses to call the function
[INFO] [stdout]     |
[INFO] [stdout] 160 |             "resource_write" => func!(abi::resource::write(ctx, fd, ptr, len)),
[INFO] [stdout]     |                                                           ^^^^^^^^^^^^^^^^^^^
[INFO] [stdout] 
[INFO] [stdout] 
[INFO] [stdout] error[E0277]: the trait bound `for<'r> fn(&'r mut Ctx, u32) -> Result<i32, [type error]> {abi::resource::flush}: wasmer_runtime_core::typed_func::HostFunction<_, _, _>` is not satisfied
[INFO] [stdout]    --> pahi-olin/src/lib.rs:161:39
[INFO] [stdout]     |
[INFO] [stdout] 161 |             "resource_flush" => func!(abi::resource::flush),
[INFO] [stdout]     |                                       ^^^^^^^^^^^^^^^^^^^^ the trait `wasmer_runtime_core::typed_func::HostFunction<_, _, _>` is not implemented for `for<'r> fn(&'r mut Ctx, u32) -> Result<i32, [type error]> {abi::resource::flush}`
[INFO] [stdout]     | 
[INFO] [stdout]    ::: pahi-olin/src/abi/resource.rs:164:8
[INFO] [stdout]     |
[INFO] [stdout] 164 | pub fn flush(ctx: &mut Ctx, fd: u32) -> Result<i32, std::option::NoneError> {
[INFO] [stdout]     |        ----- consider calling this function
[INFO] [stdout]     |
[INFO] [stdout] note: required by `Func::<'a, Args, Rets, wasmer_runtime_core::typed_func::Host>::new`
[INFO] [stdout]    --> /opt/rustwide/cargo-home/registry/src/github.com-1ecc6299db9ec823/wasmer-runtime-core-0.17.1/src/typed_func.rs:284:5
[INFO] [stdout]     |
[INFO] [stdout] 284 | /     pub fn new<F, Kind>(func: F) -> Self
[INFO] [stdout] 285 | |     where
[INFO] [stdout] 286 | |         Kind: HostFunctionKind,
[INFO] [stdout] 287 | |         F: HostFunction<Kind, Args, Rets>,
[INFO] [stdout]     | |__________________________________________^
[INFO] [stdout] help: use parentheses to call the function
[INFO] [stdout]     |
[INFO] [stdout] 161 |             "resource_flush" => func!(abi::resource::flush(ctx, fd)),
[INFO] [stdout]     |                                                           ^^^^^^^^^
[INFO] [stdout] 
[INFO] [stdout] 
[INFO] [stdout] error: aborting due to 13 previous errors
[INFO] [stdout] 
[INFO] [stdout] 
[INFO] [stdout] Some errors have detailed explanations: E0277, E0412, E0554.
[INFO] [stdout] 
[INFO] [stdout] For more information about an error, try `rustc --explain E0277`.
[INFO] [stdout] 
[INFO] [stderr] error: build failed
[INFO] running `Command { std: "docker" "inspect" "914ebc9a72b5eed8bff6201a6c90b95ba9754f61943526125a44be3e111d8910", kill_on_drop: false }`
[INFO] running `Command { std: "docker" "rm" "-f" "914ebc9a72b5eed8bff6201a6c90b95ba9754f61943526125a44be3e111d8910", kill_on_drop: false }`
[INFO] [stdout] 914ebc9a72b5eed8bff6201a6c90b95ba9754f61943526125a44be3e111d8910
