[INFO] cloning repository https://github.com/WillDeJs/TextEditor
[INFO] running `Command { std: "git" "-c" "credential.helper=" "-c" "credential.helper=/workspace/cargo-home/bin/git-credential-null" "clone" "--bare" "https://github.com/WillDeJs/TextEditor" "/workspace/cache/git-repos/https%3A%2F%2Fgithub.com%2FWillDeJs%2FTextEditor", kill_on_drop: false }`
[INFO] [stderr] Cloning into bare repository '/workspace/cache/git-repos/https%3A%2F%2Fgithub.com%2FWillDeJs%2FTextEditor'...
[INFO] running `Command { std: "git" "rev-parse" "HEAD", kill_on_drop: false }`
[INFO] [stdout] 75aef697e9220a096b1c6b986fc3ea86dcaa9f23
[INFO] documenting WillDeJs/TextEditor against 1.54.0 for beta-1.55-rustdoc-1
[INFO] running `Command { std: "git" "clone" "/workspace/cache/git-repos/https%3A%2F%2Fgithub.com%2FWillDeJs%2FTextEditor" "/workspace/builds/worker-5/source", kill_on_drop: false }`
[INFO] [stderr] Cloning into '/workspace/builds/worker-5/source'...
[INFO] [stderr] done.
[INFO] validating manifest of git repo https://github.com/WillDeJs/TextEditor on toolchain 1.54.0
[INFO] running `Command { std: "/workspace/cargo-home/bin/cargo" "+1.54.0" "metadata" "--manifest-path" "Cargo.toml" "--no-deps", kill_on_drop: false }`
[INFO] started tweaking git repo https://github.com/WillDeJs/TextEditor
[INFO] finished tweaking git repo https://github.com/WillDeJs/TextEditor
[INFO] tweaked toml for git repo https://github.com/WillDeJs/TextEditor written to /workspace/builds/worker-5/source/Cargo.toml
[INFO] crate git repo https://github.com/WillDeJs/TextEditor already has a lockfile, it will not be regenerated
[INFO] running `Command { std: "/workspace/cargo-home/bin/cargo" "+1.54.0" "fetch" "--manifest-path" "Cargo.toml", kill_on_drop: false }`
[INFO] [stderr]     Blocking waiting for file lock on package cache
[INFO] [stderr]     Blocking waiting for file lock on package cache
[INFO] [stderr]  Downloading crates ...
[INFO] [stderr]   Downloaded winapi-build v0.1.1
[INFO] [stderr]   Downloaded fuchsia-zircon-sys v0.3.3
[INFO] [stderr]   Downloaded mio v0.6.23
[INFO] [stderr]   Downloaded crossterm_cursor v0.4.0
[INFO] [stderr]   Downloaded crossterm_utils v0.4.0
[INFO] [stderr]   Downloaded winapi v0.2.8
[INFO] [stderr]   Downloaded crossterm_style v0.5.2
[INFO] [stderr]   Downloaded iovec v0.1.4
[INFO] [stderr]   Downloaded fuchsia-zircon v0.3.3
[INFO] [stderr]   Downloaded crossterm_screen v0.3.2
[INFO] [stderr]   Downloaded ws2_32-sys v0.2.1
[INFO] [stderr]   Downloaded slab v0.4.3
[INFO] [stderr]   Downloaded crossterm_terminal v0.3.2
[INFO] [stderr]   Downloaded libc v0.2.93
[INFO] [stderr]   Downloaded crossterm_input v0.5.0
[INFO] [stderr]   Downloaded crossterm_winapi v0.3.0
[INFO] [stderr]   Downloaded kernel32-sys v0.2.2
[INFO] [stderr]   Downloaded miow v0.2.2
[INFO] [stderr]   Downloaded net2 v0.2.37
[INFO] [stderr]   Downloaded crossterm v0.11.1
[INFO] [stderr]   Downloaded crossterm_input v0.4.1
[INFO] [stderr]   Downloaded crossterm_utils v0.3.1
[INFO] [stderr]   Downloaded crossterm_winapi v0.2.1
[INFO] [stderr]   Downloaded crossterm_cursor v0.3.1
[INFO] running `Command { std: "docker" "create" "-v" "/var/lib/crater-agent-workspace/builds/worker-5/target:/opt/rustwide/target:rw,Z" "-v" "/var/lib/crater-agent-workspace/builds/worker-5/source:/opt/rustwide/workdir:ro,Z" "-v" "/var/lib/crater-agent-workspace/cargo-home:/opt/rustwide/cargo-home:ro,Z" "-v" "/var/lib/crater-agent-workspace/rustup-home:/opt/rustwide/rustup-home:ro,Z" "-e" "SOURCE_DIR=/opt/rustwide/workdir" "-e" "CARGO_TARGET_DIR=/opt/rustwide/target" "-e" "CARGO_HOME=/opt/rustwide/cargo-home" "-e" "RUSTUP_HOME=/opt/rustwide/rustup-home" "-w" "/opt/rustwide/workdir" "-m" "1610612736" "--user" "0:0" "--network" "none" "ghcr.io/rust-lang/crates-build-env/linux@sha256:34b6a614d2c27851fe6cbf88fbd1137609cefab8b10d0615aaeb6fd47975d74e" "/opt/rustwide/cargo-home/bin/cargo" "+1.54.0" "metadata" "--no-deps" "--format-version=1", kill_on_drop: false }`
[INFO] [stdout] 9e1c91a8a15a21a7ed428b07895df6e8f0c52ab729256ef99bf99af62b224136
[INFO] [stderr] WARNING: Your kernel does not support swap limit capabilities or the cgroup is not mounted. Memory limited without swap.
[INFO] running `Command { std: "docker" "start" "-a" "9e1c91a8a15a21a7ed428b07895df6e8f0c52ab729256ef99bf99af62b224136", kill_on_drop: false }`
[INFO] running `Command { std: "docker" "inspect" "9e1c91a8a15a21a7ed428b07895df6e8f0c52ab729256ef99bf99af62b224136", kill_on_drop: false }`
[INFO] running `Command { std: "docker" "rm" "-f" "9e1c91a8a15a21a7ed428b07895df6e8f0c52ab729256ef99bf99af62b224136", kill_on_drop: false }`
[INFO] [stdout] 9e1c91a8a15a21a7ed428b07895df6e8f0c52ab729256ef99bf99af62b224136
[INFO] running `Command { std: "docker" "create" "-v" "/var/lib/crater-agent-workspace/builds/worker-5/target:/opt/rustwide/target:rw,Z" "-v" "/var/lib/crater-agent-workspace/builds/worker-5/source:/opt/rustwide/workdir:ro,Z" "-v" "/var/lib/crater-agent-workspace/cargo-home:/opt/rustwide/cargo-home:ro,Z" "-v" "/var/lib/crater-agent-workspace/rustup-home:/opt/rustwide/rustup-home:ro,Z" "-e" "SOURCE_DIR=/opt/rustwide/workdir" "-e" "CARGO_TARGET_DIR=/opt/rustwide/target" "-e" "CARGO_INCREMENTAL=0" "-e" "RUST_BACKTRACE=full" "-e" "RUSTDOCFLAGS=--cap-lints=warn" "-e" "CARGO_HOME=/opt/rustwide/cargo-home" "-e" "RUSTUP_HOME=/opt/rustwide/rustup-home" "-w" "/opt/rustwide/workdir" "-m" "1610612736" "--user" "0:0" "--network" "none" "ghcr.io/rust-lang/crates-build-env/linux@sha256:34b6a614d2c27851fe6cbf88fbd1137609cefab8b10d0615aaeb6fd47975d74e" "/opt/rustwide/cargo-home/bin/cargo" "+1.54.0" "doc" "--frozen" "--no-deps" "--document-private-items" "--message-format=json", kill_on_drop: false }`
[INFO] [stdout] b096ca774da653cb1b11905fc88f93065c9a99e4b3077773b5b55d267e00da15
[INFO] [stderr] WARNING: Your kernel does not support swap limit capabilities or the cgroup is not mounted. Memory limited without swap.
[INFO] running `Command { std: "docker" "start" "-a" "b096ca774da653cb1b11905fc88f93065c9a99e4b3077773b5b55d267e00da15", kill_on_drop: false }`
[INFO] [stderr]     Checking crossterm_utils v0.4.0
[INFO] [stderr]     Checking crossterm_utils v0.3.1
[INFO] [stderr]     Checking crossterm_screen v0.3.2
[INFO] [stderr]     Checking crossterm_style v0.5.2
[INFO] [stderr]     Checking crossterm_cursor v0.3.1
[INFO] [stderr]     Checking crossterm_input v0.5.0
[INFO] [stderr]     Checking crossterm_input v0.4.1
[INFO] [stderr]     Checking crossterm_cursor v0.4.0
[INFO] [stderr]     Checking crossterm_terminal v0.3.2
[INFO] [stderr]     Checking crossterm v0.11.1
[INFO] [stderr]  Documenting text_editor v0.1.0 (/opt/rustwide/workdir)
[INFO] [stdout] error[E0583]: file not found for module `filetype`
[INFO] [stdout]   --> src/lib.rs:13:1
[INFO] [stdout]    |
[INFO] [stdout] 13 | pub mod filetype;
[INFO] [stdout]    | ^^^^^^^^^^^^^^^^^
[INFO] [stdout]    |
[INFO] [stdout]    = help: to create the module `filetype`, create file "src/filetype.rs" or "src/filetype/mod.rs"
[INFO] [stdout] 
[INFO] [stdout] 
[INFO] [stdout] error[E0432]: unresolved import `crate::filetype::FileType`
[INFO] [stdout]  --> src/document.rs:2:5
[INFO] [stdout]   |
[INFO] [stdout] 2 | use crate::filetype::FileType;
[INFO] [stdout]   |     ^^^^^^^^^^^^^^^^^^^^^^^^^ no `FileType` in `filetype`
[INFO] [stdout] 
[INFO] [stdout] 
[INFO] [stdout] error[E0432]: unresolved import `crate::filetype::FileType`
[INFO] [stdout]  --> src/row.rs:2:5
[INFO] [stdout]   |
[INFO] [stdout] 2 | use crate::filetype::FileType;
[INFO] [stdout]   |     ^^^^^^^^^^^^^^^^^^^^^^^^^ no `FileType` in `filetype`
[INFO] [stdout] 
[INFO] [stdout] 
[INFO] [stdout] error[E0432]: unresolved import `crate::filetype::FileType`
[INFO] [stdout]  --> src/highlighting.rs:1:5
[INFO] [stdout]   |
[INFO] [stdout] 1 | use crate::filetype::FileType;
[INFO] [stdout]   |     ^^^^^^^^^^^^^^^^^^^^^^^^^ no `FileType` in `filetype`
[INFO] [stdout] 
[INFO] [stdout] 
[INFO] [stdout] error[E0432]: unresolved import `crate::filetype::HighlightingOptions`
[INFO] [stdout]  --> src/highlighting.rs:2:5
[INFO] [stdout]   |
[INFO] [stdout] 2 | use crate::filetype::HighlightingOptions;
[INFO] [stdout]   |     ^^^^^^^^^^^^^^^^^^^^^^^^^^^^^^^^^^^^ no `HighlightingOptions` in `filetype`
[INFO] [stdout] 
[INFO] [stdout] 
[INFO] [stdout] error: Compilation failed, aborting rustdoc
[INFO] [stdout] 
[INFO] [stdout] 
[INFO] [stdout] error: aborting due to 6 previous errors
[INFO] [stdout] 
[INFO] [stdout] 
[INFO] [stdout] Some errors have detailed explanations: E0432, E0583.
[INFO] [stdout] 
[INFO] [stdout] For more information about an error, try `rustc --explain E0432`.
[INFO] [stdout] 
[INFO] [stderr] error: could not document `text_editor`
[INFO] [stderr] 
[INFO] [stderr] Caused by:
[INFO] [stderr]   process didn't exit successfully: `rustdoc --edition=2018 --crate-type lib --crate-name text_editor src/lib.rs -o /opt/rustwide/target/doc --error-format=json --json=diagnostic-rendered-ansi --document-private-items -L dependency=/opt/rustwide/target/debug/deps --extern crossterm=/opt/rustwide/target/debug/deps/libcrossterm-bb3d8e462f1c9307.rmeta --cap-lints=warn --crate-version 0.1.0` (exit status: 1)
[INFO] running `Command { std: "docker" "inspect" "b096ca774da653cb1b11905fc88f93065c9a99e4b3077773b5b55d267e00da15", kill_on_drop: false }`
[INFO] running `Command { std: "docker" "rm" "-f" "b096ca774da653cb1b11905fc88f93065c9a99e4b3077773b5b55d267e00da15", kill_on_drop: false }`
[INFO] [stdout] b096ca774da653cb1b11905fc88f93065c9a99e4b3077773b5b55d267e00da15
