[INFO] cloning repository https://github.com/Wepeel/Debugger
[INFO] running `Command { std: "git" "-c" "credential.helper=" "-c" "credential.helper=/workspace/cargo-home/bin/git-credential-null" "clone" "--bare" "https://github.com/Wepeel/Debugger" "/workspace/cache/git-repos/https%3A%2F%2Fgithub.com%2FWepeel%2FDebugger", kill_on_drop: false }`
[INFO] [stderr] Cloning into bare repository '/workspace/cache/git-repos/https%3A%2F%2Fgithub.com%2FWepeel%2FDebugger'...
[INFO] running `Command { std: "git" "rev-parse" "HEAD", kill_on_drop: false }`
[INFO] [stdout] 28a6d45ef37a02782f0072d174d548556032ad6e
[INFO] documenting Wepeel/Debugger against 1.54.0 for beta-1.55-rustdoc-1
[INFO] running `Command { std: "git" "clone" "/workspace/cache/git-repos/https%3A%2F%2Fgithub.com%2FWepeel%2FDebugger" "/workspace/builds/worker-4/source", kill_on_drop: false }`
[INFO] [stderr] Cloning into '/workspace/builds/worker-4/source'...
[INFO] [stderr] done.
[INFO] validating manifest of git repo https://github.com/Wepeel/Debugger on toolchain 1.54.0
[INFO] running `Command { std: "/workspace/cargo-home/bin/cargo" "+1.54.0" "metadata" "--manifest-path" "Cargo.toml" "--no-deps", kill_on_drop: false }`
[INFO] started tweaking git repo https://github.com/Wepeel/Debugger
[INFO] finished tweaking git repo https://github.com/Wepeel/Debugger
[INFO] tweaked toml for git repo https://github.com/Wepeel/Debugger written to /workspace/builds/worker-4/source/Cargo.toml
[INFO] crate git repo https://github.com/Wepeel/Debugger already has a lockfile, it will not be regenerated
[INFO] running `Command { std: "/workspace/cargo-home/bin/cargo" "+1.54.0" "fetch" "--manifest-path" "Cargo.toml", kill_on_drop: false }`
[INFO] running `Command { std: "docker" "create" "-v" "/var/lib/crater-agent-workspace/builds/worker-4/target:/opt/rustwide/target:rw,Z" "-v" "/var/lib/crater-agent-workspace/builds/worker-4/source:/opt/rustwide/workdir:ro,Z" "-v" "/var/lib/crater-agent-workspace/cargo-home:/opt/rustwide/cargo-home:ro,Z" "-v" "/var/lib/crater-agent-workspace/rustup-home:/opt/rustwide/rustup-home:ro,Z" "-e" "SOURCE_DIR=/opt/rustwide/workdir" "-e" "CARGO_TARGET_DIR=/opt/rustwide/target" "-e" "CARGO_HOME=/opt/rustwide/cargo-home" "-e" "RUSTUP_HOME=/opt/rustwide/rustup-home" "-w" "/opt/rustwide/workdir" "-m" "1610612736" "--user" "0:0" "--network" "none" "ghcr.io/rust-lang/crates-build-env/linux@sha256:34b6a614d2c27851fe6cbf88fbd1137609cefab8b10d0615aaeb6fd47975d74e" "/opt/rustwide/cargo-home/bin/cargo" "+1.54.0" "metadata" "--no-deps" "--format-version=1", kill_on_drop: false }`
[INFO] [stdout] 420c259e69081a38e918ccb7e6f11b6773189bd2b507f36f8c921be993f30bb4
[INFO] [stderr] WARNING: Your kernel does not support swap limit capabilities or the cgroup is not mounted. Memory limited without swap.
[INFO] running `Command { std: "docker" "start" "-a" "420c259e69081a38e918ccb7e6f11b6773189bd2b507f36f8c921be993f30bb4", kill_on_drop: false }`
[INFO] running `Command { std: "docker" "inspect" "420c259e69081a38e918ccb7e6f11b6773189bd2b507f36f8c921be993f30bb4", kill_on_drop: false }`
[INFO] running `Command { std: "docker" "rm" "-f" "420c259e69081a38e918ccb7e6f11b6773189bd2b507f36f8c921be993f30bb4", kill_on_drop: false }`
[INFO] [stdout] 420c259e69081a38e918ccb7e6f11b6773189bd2b507f36f8c921be993f30bb4
[INFO] running `Command { std: "docker" "create" "-v" "/var/lib/crater-agent-workspace/builds/worker-4/target:/opt/rustwide/target:rw,Z" "-v" "/var/lib/crater-agent-workspace/builds/worker-4/source:/opt/rustwide/workdir:ro,Z" "-v" "/var/lib/crater-agent-workspace/cargo-home:/opt/rustwide/cargo-home:ro,Z" "-v" "/var/lib/crater-agent-workspace/rustup-home:/opt/rustwide/rustup-home:ro,Z" "-e" "SOURCE_DIR=/opt/rustwide/workdir" "-e" "CARGO_TARGET_DIR=/opt/rustwide/target" "-e" "CARGO_INCREMENTAL=0" "-e" "RUST_BACKTRACE=full" "-e" "RUSTDOCFLAGS=--cap-lints=warn" "-e" "CARGO_HOME=/opt/rustwide/cargo-home" "-e" "RUSTUP_HOME=/opt/rustwide/rustup-home" "-w" "/opt/rustwide/workdir" "-m" "1610612736" "--user" "0:0" "--network" "none" "ghcr.io/rust-lang/crates-build-env/linux@sha256:34b6a614d2c27851fe6cbf88fbd1137609cefab8b10d0615aaeb6fd47975d74e" "/opt/rustwide/cargo-home/bin/cargo" "+1.54.0" "doc" "--frozen" "--no-deps" "--document-private-items" "--message-format=json", kill_on_drop: false }`
[INFO] [stdout] 6e1eb51fd5f93ed8e2cd10931a10005618637741aa41e63edfd398f16fae687d
[INFO] [stderr] WARNING: Your kernel does not support swap limit capabilities or the cgroup is not mounted. Memory limited without swap.
[INFO] running `Command { std: "docker" "start" "-a" "6e1eb51fd5f93ed8e2cd10931a10005618637741aa41e63edfd398f16fae687d", kill_on_drop: false }`
[INFO] [stderr]     Blocking waiting for file lock on package cache
[INFO] [stderr]     Blocking waiting for file lock on package cache
[INFO] [stderr]  Documenting debugger v0.1.0 (/opt/rustwide/workdir)
[INFO] [stdout] error[E0433]: failed to resolve: use of undeclared crate or module `types`
[INFO] [stdout]   --> src/process_operator.rs:10:25
[INFO] [stdout]    |
[INFO] [stdout] 10 |     pub fn new(errcode: types::ErrorCode) -> Self {
[INFO] [stdout]    |                         ^^^^^ use of undeclared crate or module `types`
[INFO] [stdout] 
[INFO] [stdout] 
[INFO] [stdout] error[E0433]: failed to resolve: use of undeclared crate or module `types`
[INFO] [stdout]   --> src/process_operator.rs:36:18
[INFO] [stdout]    |
[INFO] [stdout] 36 |         address: types::AddressType,
[INFO] [stdout]    |                  ^^^^^ use of undeclared crate or module `types`
[INFO] [stdout] 
[INFO] [stdout] 
[INFO] [stdout] error[E0433]: failed to resolve: use of undeclared crate or module `types`
[INFO] [stdout]   --> src/process_operator.rs:37:15
[INFO] [stdout]    |
[INFO] [stdout] 37 |         data: types::ConstAddressType,
[INFO] [stdout]    |               ^^^^^ use of undeclared crate or module `types`
[INFO] [stdout] 
[INFO] [stdout] 
[INFO] [stdout] error[E0433]: failed to resolve: use of undeclared crate or module `types`
[INFO] [stdout]   --> src/process_operator.rs:42:18
[INFO] [stdout]    |
[INFO] [stdout] 42 |         address: types::ConstAddressType,
[INFO] [stdout]    |                  ^^^^^ use of undeclared crate or module `types`
[INFO] [stdout] 
[INFO] [stdout] 
[INFO] [stdout] error[E0433]: failed to resolve: use of undeclared crate or module `types`
[INFO] [stdout]   --> src/process_operator.rs:43:15
[INFO] [stdout]    |
[INFO] [stdout] 43 |         data: types::AddressType,
[INFO] [stdout]    |               ^^^^^ use of undeclared crate or module `types`
[INFO] [stdout] 
[INFO] [stdout] 
[INFO] [stdout] error: Compilation failed, aborting rustdoc
[INFO] [stdout] 
[INFO] [stdout] 
[INFO] [stdout] error: aborting due to 6 previous errors
[INFO] [stdout] 
[INFO] [stdout] 
[INFO] [stdout] For more information about this error, try `rustc --explain E0433`.
[INFO] [stdout] 
[INFO] [stderr] error: could not document `debugger`
[INFO] [stderr] 
[INFO] [stderr] Caused by:
[INFO] [stderr]   process didn't exit successfully: `rustdoc --edition=2018 --crate-type bin --crate-name debugger src/main.rs -o /opt/rustwide/target/doc --error-format=json --json=diagnostic-rendered-ansi --document-private-items -L dependency=/opt/rustwide/target/debug/deps --cap-lints=warn --crate-version 0.1.0` (exit status: 1)
[INFO] running `Command { std: "docker" "inspect" "6e1eb51fd5f93ed8e2cd10931a10005618637741aa41e63edfd398f16fae687d", kill_on_drop: false }`
[INFO] running `Command { std: "docker" "rm" "-f" "6e1eb51fd5f93ed8e2cd10931a10005618637741aa41e63edfd398f16fae687d", kill_on_drop: false }`
[INFO] [stdout] 6e1eb51fd5f93ed8e2cd10931a10005618637741aa41e63edfd398f16fae687d
