[INFO] cloning repository https://github.com/WaDelma/texturegen-gui
[INFO] running `Command { std: "git" "-c" "credential.helper=" "-c" "credential.helper=/workspace/cargo-home/bin/git-credential-null" "clone" "--bare" "https://github.com/WaDelma/texturegen-gui" "/workspace/cache/git-repos/https%3A%2F%2Fgithub.com%2FWaDelma%2Ftexturegen-gui", kill_on_drop: false }`
[INFO] [stderr] Cloning into bare repository '/workspace/cache/git-repos/https%3A%2F%2Fgithub.com%2FWaDelma%2Ftexturegen-gui'...
[INFO] running `Command { std: "git" "rev-parse" "HEAD", kill_on_drop: false }`
[INFO] [stdout] dcde6d8caa9d1086217106f2d4a5a8cd40958d38
[INFO] documenting WaDelma/texturegen-gui against 1.54.0 for beta-1.55-rustdoc-1
[INFO] running `Command { std: "git" "clone" "/workspace/cache/git-repos/https%3A%2F%2Fgithub.com%2FWaDelma%2Ftexturegen-gui" "/workspace/builds/worker-7/source", kill_on_drop: false }`
[INFO] [stderr] Cloning into '/workspace/builds/worker-7/source'...
[INFO] [stderr] done.
[INFO] validating manifest of git repo https://github.com/WaDelma/texturegen-gui on toolchain 1.54.0
[INFO] running `Command { std: "/workspace/cargo-home/bin/cargo" "+1.54.0" "metadata" "--manifest-path" "Cargo.toml" "--no-deps", kill_on_drop: false }`
[INFO] started tweaking git repo https://github.com/WaDelma/texturegen-gui
[INFO] finished tweaking git repo https://github.com/WaDelma/texturegen-gui
[INFO] tweaked toml for git repo https://github.com/WaDelma/texturegen-gui written to /workspace/builds/worker-7/source/Cargo.toml
[INFO] crate git repo https://github.com/WaDelma/texturegen-gui already has a lockfile, it will not be regenerated
[INFO] running `Command { std: "/workspace/cargo-home/bin/cargo" "+1.54.0" "fetch" "--manifest-path" "Cargo.toml", kill_on_drop: false }`
[INFO] [stderr]     Blocking waiting for file lock on package cache
[INFO] [stderr]  Downloading crates ...
[INFO] [stderr]   Downloaded byteorder v0.5.1
[INFO] [stderr]   Downloaded wayland-sys v0.5.11
[INFO] [stderr]   Downloaded shell32-sys v0.1.1
[INFO] [stderr]   Downloaded enum_derive v0.1.3
[INFO] [stderr]   Downloaded core-foundation-sys v0.2.1
[INFO] [stderr]   Downloaded shared_library v0.1.4
[INFO] [stderr]   Downloaded tempfile v2.1.3
[INFO] [stderr]   Downloaded cocoa v0.2.5
[INFO] [stderr]   Downloaded user32-sys v0.1.2
[INFO] [stderr]   Downloaded wayland-scanner v0.5.11
[INFO] [stderr]   Downloaded dylib v0.0.1
[INFO] [stderr]   Downloaded byteorder v0.4.2
[INFO] [stderr]   Downloaded wayland-kbd v0.3.5
[INFO] [stderr]   Downloaded gdi32-sys v0.1.1
[INFO] [stderr]   Downloaded core-foundation v0.2.1
[INFO] [stderr]   Downloaded dbghelp-sys v0.2.0
[INFO] [stderr]   Downloaded num-traits v0.1.32
[INFO] [stderr]   Downloaded xml-rs v0.1.26
[INFO] [stderr]   Downloaded num-complex v0.1.32
[INFO] [stderr]   Downloaded gcc v0.3.28
[INFO] [stderr]   Downloaded num_cpus v0.2.11
[INFO] [stderr]   Downloaded dwmapi-sys v0.1.0
[INFO] [stderr]   Downloaded backtrace v0.1.8
[INFO] [stderr]   Downloaded objc v0.1.8
[INFO] [stderr]   Downloaded gl_generator v0.4.2
[INFO] [stderr]   Downloaded libc v0.2.11
[INFO] [stderr]   Downloaded gl_generator v0.3.0
[INFO] [stderr]   Downloaded memmap v0.2.3
[INFO] [stderr]   Downloaded gif v0.8.0
[INFO] [stderr]   Downloaded gl_generator v0.5.1
[INFO] [stderr]   Downloaded gleam v0.2.18
[INFO] [stderr]   Downloaded cgl v0.1.4
[INFO] [stderr]   Downloaded khronos_api v0.0.8
[INFO] [stderr]   Downloaded euclid v0.6.6
[INFO] [stderr]   Downloaded osmesa-sys v0.0.5
[INFO] [stderr]   Downloaded fs2 v0.2.4
[INFO] [stderr]   Downloaded libloading v0.2.2
[INFO] [stderr]   Downloaded smallvec v0.1.7
[INFO] [stderr]   Downloaded jpeg-decoder v0.1.4
[INFO] [stderr]   Downloaded bitflags v0.6.0
[INFO] [stderr]   Downloaded rayon v0.3.1
[INFO] [stderr]   Downloaded linked-hash-map v0.0.9
[INFO] [stderr]   Downloaded num-bigint v0.1.32
[INFO] [stderr]   Downloaded num-rational v0.1.32
[INFO] [stderr]   Downloaded num v0.1.32
[INFO] [stderr]   Downloaded debug-builders v0.1.0
[INFO] [stderr]   Downloaded android_glue v0.1.3
[INFO] [stderr]   Downloaded serde v0.7.4
[INFO] [stderr]   Downloaded crossbeam v0.2.9
[INFO] [stderr]   Downloaded dlib v0.3.0
[INFO] [stderr]   Downloaded core-graphics v0.3.0
[INFO] [stderr]   Downloaded xml-rs v0.2.2
[INFO] [stderr]   Downloaded bitflags v0.3.3
[INFO] [stderr]   Downloaded stb_truetype v0.2.0
[INFO] [stderr]   Downloaded backtrace-sys v0.1.4
[INFO] [stderr]   Downloaded khronos_api v1.0.0
[INFO] [stderr]   Downloaded wayland-window v0.2.3
[INFO] [stderr]   Downloaded winapi v0.2.6
[INFO] [stderr]   Downloaded glutin v0.4.9
[INFO] [stderr]   Downloaded xml-rs v0.3.2
[INFO] [stderr]   Downloaded png v0.5.0
[INFO] [stderr]   Downloaded x11-dl v2.3.1
[INFO] [stderr]   Downloaded wayland-client v0.5.11
[INFO] [stderr]   Downloaded custom_derive v0.1.5
[INFO] [stderr]   Downloaded odds v0.2.12
[INFO] [stderr]   Downloaded image v0.10.0
[INFO] [stderr]   Downloaded nodrop v0.1.6
[INFO] [stderr]   Downloaded arrayvec v0.3.16
[INFO] [stderr]   Downloaded fixedbitset v0.1.0
[INFO] [stderr]   Downloaded itertools v0.4.13
[INFO] [stderr]   Downloaded glium v0.13.5
[INFO] [stderr]   Downloaded rusttype v0.2.0
[INFO] [stderr]   Downloaded ndarray v0.3.1
[INFO] [stderr]   Downloaded nalgebra v0.6.0
[INFO] [stderr]   Downloaded daggy v0.4.0
[INFO] [stderr]   Downloaded petgraph v0.2.7
[INFO] running `Command { std: "docker" "create" "-v" "/var/lib/crater-agent-workspace/builds/worker-7/target:/opt/rustwide/target:rw,Z" "-v" "/var/lib/crater-agent-workspace/builds/worker-7/source:/opt/rustwide/workdir:ro,Z" "-v" "/var/lib/crater-agent-workspace/cargo-home:/opt/rustwide/cargo-home:ro,Z" "-v" "/var/lib/crater-agent-workspace/rustup-home:/opt/rustwide/rustup-home:ro,Z" "-e" "SOURCE_DIR=/opt/rustwide/workdir" "-e" "CARGO_TARGET_DIR=/opt/rustwide/target" "-e" "CARGO_HOME=/opt/rustwide/cargo-home" "-e" "RUSTUP_HOME=/opt/rustwide/rustup-home" "-w" "/opt/rustwide/workdir" "-m" "1610612736" "--user" "0:0" "--network" "none" "ghcr.io/rust-lang/crates-build-env/linux@sha256:34b6a614d2c27851fe6cbf88fbd1137609cefab8b10d0615aaeb6fd47975d74e" "/opt/rustwide/cargo-home/bin/cargo" "+1.54.0" "metadata" "--no-deps" "--format-version=1", kill_on_drop: false }`
[INFO] [stdout] f55355042783e859107f42e088d8c04b1519f30648f87cf15c3a284c33e3a61b
[INFO] [stderr] WARNING: Your kernel does not support swap limit capabilities or the cgroup is not mounted. Memory limited without swap.
[INFO] running `Command { std: "docker" "start" "-a" "f55355042783e859107f42e088d8c04b1519f30648f87cf15c3a284c33e3a61b", kill_on_drop: false }`
[INFO] running `Command { std: "docker" "inspect" "f55355042783e859107f42e088d8c04b1519f30648f87cf15c3a284c33e3a61b", kill_on_drop: false }`
[INFO] running `Command { std: "docker" "rm" "-f" "f55355042783e859107f42e088d8c04b1519f30648f87cf15c3a284c33e3a61b", kill_on_drop: false }`
[INFO] [stdout] f55355042783e859107f42e088d8c04b1519f30648f87cf15c3a284c33e3a61b
[INFO] running `Command { std: "docker" "create" "-v" "/var/lib/crater-agent-workspace/builds/worker-7/target:/opt/rustwide/target:rw,Z" "-v" "/var/lib/crater-agent-workspace/builds/worker-7/source:/opt/rustwide/workdir:ro,Z" "-v" "/var/lib/crater-agent-workspace/cargo-home:/opt/rustwide/cargo-home:ro,Z" "-v" "/var/lib/crater-agent-workspace/rustup-home:/opt/rustwide/rustup-home:ro,Z" "-e" "SOURCE_DIR=/opt/rustwide/workdir" "-e" "CARGO_TARGET_DIR=/opt/rustwide/target" "-e" "CARGO_INCREMENTAL=0" "-e" "RUST_BACKTRACE=full" "-e" "RUSTDOCFLAGS=--cap-lints=warn" "-e" "CARGO_HOME=/opt/rustwide/cargo-home" "-e" "RUSTUP_HOME=/opt/rustwide/rustup-home" "-w" "/opt/rustwide/workdir" "-m" "1610612736" "--user" "0:0" "--network" "none" "ghcr.io/rust-lang/crates-build-env/linux@sha256:34b6a614d2c27851fe6cbf88fbd1137609cefab8b10d0615aaeb6fd47975d74e" "/opt/rustwide/cargo-home/bin/cargo" "+1.54.0" "doc" "--frozen" "--no-deps" "--document-private-items" "--message-format=json", kill_on_drop: false }`
[INFO] [stdout] 63c2747525d0cfc11da63768b6b1a5d7d314f564dc16b1d0f5431bc1a193a8c4
[INFO] [stderr] WARNING: Your kernel does not support swap limit capabilities or the cgroup is not mounted. Memory limited without swap.
[INFO] running `Command { std: "docker" "start" "-a" "63c2747525d0cfc11da63768b6b1a5d7d314f564dc16b1d0f5431bc1a193a8c4", kill_on_drop: false }`
[INFO] [stderr]    Compiling bitflags v0.6.0
[INFO] [stderr]     Checking rustc-serialize v0.3.19
[INFO] [stderr]     Checking fixedbitset v0.1.0
[INFO] [stderr]    Compiling khronos_api v0.0.8
[INFO] [stderr]     Checking odds v0.2.12
[INFO] [stderr]     Checking itertools v0.4.13
[INFO] [stderr]     Checking custom_derive v0.1.5
[INFO] [stderr]     Checking enum_derive v0.1.3
[INFO] [stderr]     Checking dylib v0.0.1
[INFO] [stderr]     Checking num_cpus v0.2.11
[INFO] [stderr]     Checking num-integer v0.1.32
[INFO] [stderr]    Compiling miniz-sys v0.1.7
[INFO] [stderr]     Checking stb_truetype v0.2.0
[INFO] [stderr]     Checking deque v0.3.1
[INFO] [stderr]    Compiling gl_generator v0.4.2
[INFO] [stderr]    Compiling ndarray v0.3.1
[INFO] [stderr]     Checking osmesa-sys v0.0.5
[INFO] [stderr]    Compiling xml-rs v0.3.2
[INFO] [stderr]    Compiling xml-rs v0.1.26
[INFO] [stderr]     Checking dbghelp-sys v0.2.0
[INFO] [stderr]     Checking libloading v0.2.2
[INFO] [stdout] error[E0642]: patterns aren't allowed in functions without bodies
[INFO] [stdout]    --> /opt/rustwide/cargo-home/registry/src/github.com-1ecc6299db9ec823/rustc-serialize-0.3.19/src/serialize.rs:147:45
[INFO] [stdout]     |
[INFO] [stdout] 147 | ...                   &f_name: &str,
[INFO] [stdout]     |                       ^^^^^^^ pattern not allowed in function without body
[INFO] [stdout] 
[INFO] [stdout] 
[INFO] [stderr]     Checking fs2 v0.2.4
[INFO] [stderr]     Checking tempfile v2.1.3
[INFO] [stderr]     Checking x11-dl v2.3.1
[INFO] [stderr]     Checking petgraph v0.2.7
[INFO] [stderr]     Checking rayon v0.3.1
[INFO] [stderr]     Checking nodrop v0.1.6
[INFO] [stderr]     Checking num-iter v0.1.32
[INFO] [stderr]     Checking memmap v0.2.3
[INFO] [stderr]     Checking backtrace v0.1.8
[INFO] [stderr]     Checking dlib v0.3.0
[INFO] [stdout] error[E0277]: the size for values of type `Self` cannot be known at compilation time
[INFO] [stdout]   --> /opt/rustwide/cargo-home/registry/src/github.com-1ecc6299db9ec823/rayon-0.3.1/src/par_iter/internal.rs:25:40
[INFO] [stdout]    |
[INFO] [stdout] 25 |     fn split_at(self, index: usize) -> (Self, Self);
[INFO] [stdout]    |                                        ^^^^^^^^^^^^ doesn't have a size known at compile-time
[INFO] [stdout]    |
[INFO] [stdout]    = note: only the last element of a tuple may have a dynamically sized type
[INFO] [stdout] help: consider further restricting `Self`
[INFO] [stdout]    |
[INFO] [stdout] 25 |     fn split_at(self, index: usize) -> (Self, Self) where Self: Sized;
[INFO] [stdout]    |                                                     ^^^^^^^^^^^^^^^^^
[INFO] [stdout] 
[INFO] [stdout] 
[INFO] [stdout] error[E0277]: the size for values of type `Self` cannot be known at compilation time
[INFO] [stdout]   --> /opt/rustwide/cargo-home/registry/src/github.com-1ecc6299db9ec823/rayon-0.3.1/src/par_iter/internal.rs:42:40
[INFO] [stdout]    |
[INFO] [stdout] 42 |     fn split_at(self, index: usize) -> (Self, Self, Self::Reducer);
[INFO] [stdout]    |                                        ^^^^^^^^^^^^^^^^^^^^^^^^^^^ doesn't have a size known at compile-time
[INFO] [stdout]    |
[INFO] [stdout]    = note: only the last element of a tuple may have a dynamically sized type
[INFO] [stdout] help: consider further restricting `Self`
[INFO] [stdout]    |
[INFO] [stdout] 42 |     fn split_at(self, index: usize) -> (Self, Self, Self::Reducer) where Self: Sized;
[INFO] [stdout]    |                                                                    ^^^^^^^^^^^^^^^^^
[INFO] [stdout] 
[INFO] [stdout] 
[INFO] [stdout] error: aborting due to 2 previous errors
[INFO] [stdout] 
[INFO] [stdout] 
[INFO] [stdout] For more information about this error, try `rustc --explain E0277`.
[INFO] [stdout] 
[INFO] [stderr] error: could not compile `rayon`
[INFO] [stderr] 
[INFO] [stderr] To learn more, run the command again with --verbose.
[INFO] [stderr] warning: build failed, waiting for other jobs to finish...
[INFO] [stdout] error[E0034]: multiple applicable items in scope
[INFO] [stdout]    --> /opt/rustwide/cargo-home/registry/src/github.com-1ecc6299db9ec823/petgraph-0.2.7/src/graph.rs:428:21
[INFO] [stdout]     |
[INFO] [stdout] 428 |         assert!(Ix::max().index() == !0 || NodeIndex::end() != node_idx);
[INFO] [stdout]     |                     ^^^ multiple `max` found
[INFO] [stdout]     |
[INFO] [stdout] note: candidate #1 is defined in the trait `IndexType`
[INFO] [stdout]    --> /opt/rustwide/cargo-home/registry/src/github.com-1ecc6299db9ec823/petgraph-0.2.7/src/graph.rs:31:5
[INFO] [stdout]     |
[INFO] [stdout] 31  |     fn max() -> Self;
[INFO] [stdout]     |     ^^^^^^^^^^^^^^^^^
[INFO] [stdout] note: candidate #2 is defined in the trait `Ord`
[INFO] [stdout] help: disambiguate the associated function for candidate #1
[INFO] [stdout]     |
[INFO] [stdout] 428 |         assert!(IndexType::max().index() == !0 || NodeIndex::end() != node_idx);
[INFO] [stdout]     |                 ^^^^^^^^^^^^^^
[INFO] [stdout] help: disambiguate the associated function for candidate #2
[INFO] [stdout]     |
[INFO] [stdout] 428 |         assert!(Ord::max().index() == !0 || NodeIndex::end() != node_idx);
[INFO] [stdout]     |                 ^^^^^^^^
[INFO] [stdout] 
[INFO] [stdout] 
[INFO] [stdout] error[E0308]: mismatched types
[INFO] [stdout]    --> /opt/rustwide/cargo-home/registry/src/github.com-1ecc6299db9ec823/petgraph-0.2.7/src/graph.rs:428:38
[INFO] [stdout]     |
[INFO] [stdout] 376 | impl<N, E, Ty, Ix> Graph<N, E, Ty, Ix>
[INFO] [stdout]     |                -- this type parameter
[INFO] [stdout] ...
[INFO] [stdout] 428 |         assert!(Ix::max().index() == !0 || NodeIndex::end() != node_idx);
[INFO] [stdout]     |                                      ^^ expected type parameter `Ix`, found integer
[INFO] [stdout]     |
[INFO] [stdout]     = note: expected type parameter `Ix`
[INFO] [stdout]                          found type `{integer}`
[INFO] [stdout] 
[INFO] [stdout] 
[INFO] [stdout] error[E0034]: multiple applicable items in scope
[INFO] [stdout]    --> /opt/rustwide/cargo-home/registry/src/github.com-1ecc6299db9ec823/petgraph-0.2.7/src/graph.rs:465:21
[INFO] [stdout]     |
[INFO] [stdout] 465 |         assert!(Ix::max().index() == !0 || EdgeIndex::end() != edge_idx);
[INFO] [stdout]     |                     ^^^ multiple `max` found
[INFO] [stdout]     |
[INFO] [stdout] note: candidate #1 is defined in the trait `IndexType`
[INFO] [stdout]    --> /opt/rustwide/cargo-home/registry/src/github.com-1ecc6299db9ec823/petgraph-0.2.7/src/graph.rs:31:5
[INFO] [stdout]     |
[INFO] [stdout] 31  |     fn max() -> Self;
[INFO] [stdout]     |     ^^^^^^^^^^^^^^^^^
[INFO] [stdout] note: candidate #2 is defined in the trait `Ord`
[INFO] [stdout] help: disambiguate the associated function for candidate #1
[INFO] [stdout]     |
[INFO] [stdout] 465 |         assert!(IndexType::max().index() == !0 || EdgeIndex::end() != edge_idx);
[INFO] [stdout]     |                 ^^^^^^^^^^^^^^
[INFO] [stdout] help: disambiguate the associated function for candidate #2
[INFO] [stdout]     |
[INFO] [stdout] 465 |         assert!(Ord::max().index() == !0 || EdgeIndex::end() != edge_idx);
[INFO] [stdout]     |                 ^^^^^^^^
[INFO] [stdout] 
[INFO] [stdout] 
[INFO] [stdout] error[E0308]: mismatched types
[INFO] [stdout]    --> /opt/rustwide/cargo-home/registry/src/github.com-1ecc6299db9ec823/petgraph-0.2.7/src/graph.rs:465:38
[INFO] [stdout]     |
[INFO] [stdout] 376 | impl<N, E, Ty, Ix> Graph<N, E, Ty, Ix>
[INFO] [stdout]     |                -- this type parameter
[INFO] [stdout] ...
[INFO] [stdout] 465 |         assert!(Ix::max().index() == !0 || EdgeIndex::end() != edge_idx);
[INFO] [stdout]     |                                      ^^ expected type parameter `Ix`, found integer
[INFO] [stdout]     |
[INFO] [stdout]     = note: expected type parameter `Ix`
[INFO] [stdout]                          found type `{integer}`
[INFO] [stdout] 
[INFO] [stdout] 
[INFO] [stdout] error: aborting due to 4 previous errors
[INFO] [stdout] 
[INFO] [stdout] 
[INFO] [stdout] Some errors have detailed explanations: E0034, E0308.
[INFO] [stdout] 
[INFO] [stdout] For more information about an error, try `rustc --explain E0034`.
[INFO] [stdout] 
[INFO] [stdout] error: aborting due to previous error
[INFO] [stdout] 
[INFO] [stdout] 
[INFO] [stdout] For more information about this error, try `rustc --explain E0642`.
[INFO] [stdout] 
[INFO] [stderr] error: build failed
[INFO] running `Command { std: "docker" "inspect" "63c2747525d0cfc11da63768b6b1a5d7d314f564dc16b1d0f5431bc1a193a8c4", kill_on_drop: false }`
[INFO] running `Command { std: "docker" "rm" "-f" "63c2747525d0cfc11da63768b6b1a5d7d314f564dc16b1d0f5431bc1a193a8c4", kill_on_drop: false }`
[INFO] [stdout] 63c2747525d0cfc11da63768b6b1a5d7d314f564dc16b1d0f5431bc1a193a8c4
