[INFO] cloning repository https://github.com/Voodlaz/Prettycode_blog
[INFO] running `Command { std: "git" "-c" "credential.helper=" "-c" "credential.helper=/workspace/cargo-home/bin/git-credential-null" "clone" "--bare" "https://github.com/Voodlaz/Prettycode_blog" "/workspace/cache/git-repos/https%3A%2F%2Fgithub.com%2FVoodlaz%2FPrettycode_blog", kill_on_drop: false }`
[INFO] [stderr] Cloning into bare repository '/workspace/cache/git-repos/https%3A%2F%2Fgithub.com%2FVoodlaz%2FPrettycode_blog'...
[INFO] running `Command { std: "git" "rev-parse" "HEAD", kill_on_drop: false }`
[INFO] [stdout] 3fb22d420e6c05dfec297e62aedf14b205ce7896
[INFO] documenting Voodlaz/Prettycode_blog against beta-2021-08-01 for beta-1.55-rustdoc-1
[INFO] running `Command { std: "git" "clone" "/workspace/cache/git-repos/https%3A%2F%2Fgithub.com%2FVoodlaz%2FPrettycode_blog" "/workspace/builds/worker-2/source", kill_on_drop: false }`
[INFO] [stderr] Cloning into '/workspace/builds/worker-2/source'...
[INFO] [stderr] done.
[INFO] [stderr] Updating files:  40% (1832/4512)
Updating files:  41% (1850/4512)
Updating files:  42% (1896/4512)
Updating files:  43% (1941/4512)
Updating files:  44% (1986/4512)
Updating files:  45% (2031/4512)
Updating files:  45% (2048/4512)
Updating files:  45% (2063/4512)
Updating files:  46% (2076/4512)
Updating files:  46% (2109/4512)
Updating files:  47% (2121/4512)
Updating files:  48% (2166/4512)
Updating files:  49% (2211/4512)
Updating files:  49% (2229/4512)
Updating files:  50% (2256/4512)
Updating files:  50% (2277/4512)
Updating files:  50% (2291/4512)
Updating files:  51% (2302/4512)
Updating files:  51% (2345/4512)
Updating files:  52% (2347/4512)
Updating files:  53% (2392/4512)
Updating files:  54% (2437/4512)
Updating files:  55% (2482/4512)
Updating files:  55% (2522/4512)
Updating files:  56% (2527/4512)
Updating files:  56% (2529/4512)
Updating files:  57% (2572/4512)
Updating files:  58% (2617/4512)
Updating files:  59% (2663/4512)
Updating files:  60% (2708/4512)
Updating files:  61% (2753/4512)
Updating files:  62% (2798/4512)
Updating files:  63% (2843/4512)
Updating files:  64% (2888/4512)
Updating files:  65% (2933/4512)
Updating files:  66% (2978/4512)
Updating files:  67% (3024/4512)
Updating files:  68% (3069/4512)
Updating files:  69% (3114/4512)
Updating files:  70% (3159/4512)
Updating files:  71% (3204/4512)
Updating files:  72% (3249/4512)
Updating files:  72% (3279/4512)
Updating files:  73% (3294/4512)
Updating files:  74% (3339/4512)
Updating files:  75% (3384/4512)
Updating files:  76% (3430/4512)
Updating files:  77% (3475/4512)
Updating files:  78% (3520/4512)
Updating files:  79% (3565/4512)
Updating files:  80% (3610/4512)
Updating files:  81% (3655/4512)
Updating files:  82% (3700/4512)
Updating files:  83% (3745/4512)
Updating files:  84% (3791/4512)
Updating files:  85% (3836/4512)
Updating files:  86% (3881/4512)
Updating files:  87% (3926/4512)
Updating files:  88% (3971/4512)
Updating files:  89% (4016/4512)
Updating files:  90% (4061/4512)
Updating files:  91% (4106/4512)
Updating files:  92% (4152/4512)
Updating files:  93% (4197/4512)
Updating files:  93% (4223/4512)
Updating files:  94% (4242/4512)
Updating files:  95% (4287/4512)
Updating files:  96% (4332/4512)
Updating files:  97% (4377/4512)
Updating files:  98% (4422/4512)
Updating files:  99% (4467/4512)
Updating files:  99% (4509/4512)
Updating files: 100% (4512/4512)
Updating files: 100% (4512/4512), done.
[INFO] validating manifest of git repo https://github.com/Voodlaz/Prettycode_blog on toolchain beta-2021-08-01
[INFO] running `Command { std: "/workspace/cargo-home/bin/cargo" "+beta-2021-08-01" "metadata" "--manifest-path" "Cargo.toml" "--no-deps", kill_on_drop: false }`
[INFO] started tweaking git repo https://github.com/Voodlaz/Prettycode_blog
[INFO] finished tweaking git repo https://github.com/Voodlaz/Prettycode_blog
[INFO] tweaked toml for git repo https://github.com/Voodlaz/Prettycode_blog written to /workspace/builds/worker-2/source/Cargo.toml
[INFO] crate git repo https://github.com/Voodlaz/Prettycode_blog already has a lockfile, it will not be regenerated
[INFO] running `Command { std: "/workspace/cargo-home/bin/cargo" "+beta-2021-08-01" "fetch" "--manifest-path" "Cargo.toml", kill_on_drop: false }`
[INFO] running `Command { std: "docker" "create" "-v" "/var/lib/crater-agent-workspace/builds/worker-2/target:/opt/rustwide/target:rw,Z" "-v" "/var/lib/crater-agent-workspace/builds/worker-2/source:/opt/rustwide/workdir:ro,Z" "-v" "/var/lib/crater-agent-workspace/cargo-home:/opt/rustwide/cargo-home:ro,Z" "-v" "/var/lib/crater-agent-workspace/rustup-home:/opt/rustwide/rustup-home:ro,Z" "-e" "SOURCE_DIR=/opt/rustwide/workdir" "-e" "CARGO_TARGET_DIR=/opt/rustwide/target" "-e" "CARGO_HOME=/opt/rustwide/cargo-home" "-e" "RUSTUP_HOME=/opt/rustwide/rustup-home" "-w" "/opt/rustwide/workdir" "-m" "1610612736" "--user" "0:0" "--network" "none" "ghcr.io/rust-lang/crates-build-env/linux@sha256:34b6a614d2c27851fe6cbf88fbd1137609cefab8b10d0615aaeb6fd47975d74e" "/opt/rustwide/cargo-home/bin/cargo" "+beta-2021-08-01" "metadata" "--no-deps" "--format-version=1", kill_on_drop: false }`
[INFO] [stdout] efb5375ba34f815bdf5000a2f9f06f76787ad8f57c479ec4875955118166a710
[INFO] [stderr] WARNING: Your kernel does not support swap limit capabilities or the cgroup is not mounted. Memory limited without swap.
[INFO] running `Command { std: "docker" "start" "-a" "efb5375ba34f815bdf5000a2f9f06f76787ad8f57c479ec4875955118166a710", kill_on_drop: false }`
[INFO] running `Command { std: "docker" "inspect" "efb5375ba34f815bdf5000a2f9f06f76787ad8f57c479ec4875955118166a710", kill_on_drop: false }`
[INFO] running `Command { std: "docker" "rm" "-f" "efb5375ba34f815bdf5000a2f9f06f76787ad8f57c479ec4875955118166a710", kill_on_drop: false }`
[INFO] [stdout] efb5375ba34f815bdf5000a2f9f06f76787ad8f57c479ec4875955118166a710
[INFO] running `Command { std: "docker" "create" "-v" "/var/lib/crater-agent-workspace/builds/worker-2/target:/opt/rustwide/target:rw,Z" "-v" "/var/lib/crater-agent-workspace/builds/worker-2/source:/opt/rustwide/workdir:ro,Z" "-v" "/var/lib/crater-agent-workspace/cargo-home:/opt/rustwide/cargo-home:ro,Z" "-v" "/var/lib/crater-agent-workspace/rustup-home:/opt/rustwide/rustup-home:ro,Z" "-e" "SOURCE_DIR=/opt/rustwide/workdir" "-e" "CARGO_TARGET_DIR=/opt/rustwide/target" "-e" "CARGO_INCREMENTAL=0" "-e" "RUST_BACKTRACE=full" "-e" "RUSTDOCFLAGS=--cap-lints=warn" "-e" "CARGO_HOME=/opt/rustwide/cargo-home" "-e" "RUSTUP_HOME=/opt/rustwide/rustup-home" "-w" "/opt/rustwide/workdir" "-m" "1610612736" "--user" "0:0" "--network" "none" "ghcr.io/rust-lang/crates-build-env/linux@sha256:34b6a614d2c27851fe6cbf88fbd1137609cefab8b10d0615aaeb6fd47975d74e" "/opt/rustwide/cargo-home/bin/cargo" "+beta-2021-08-01" "doc" "--frozen" "--no-deps" "--document-private-items" "--message-format=json", kill_on_drop: false }`
[INFO] [stdout] dcf47f0f9e9b1403676b069e62eb07634473ba78ce2468cc2a4cd3a83e95187d
[INFO] [stderr] WARNING: Your kernel does not support swap limit capabilities or the cgroup is not mounted. Memory limited without swap.
[INFO] running `Command { std: "docker" "start" "-a" "dcf47f0f9e9b1403676b069e62eb07634473ba78ce2468cc2a4cd3a83e95187d", kill_on_drop: false }`
[INFO] [stderr]     Blocking waiting for file lock on package cache
[INFO] [stderr]    Compiling syn v1.0.17
[INFO] [stderr]    Compiling backtrace-sys v0.1.37
[INFO] [stderr]    Compiling rocket_contrib_codegen v0.4.4
[INFO] [stderr]    Compiling pear_codegen v0.1.2
[INFO] [stderr]    Compiling idna v0.1.5
[INFO] [stderr]    Compiling rocket_codegen v0.4.4
[INFO] [stderr]     Checking parking_lot_core v0.7.2
[INFO] [stderr]    Compiling rocket v0.4.4
[INFO] [stderr]    Compiling time v0.1.42
[INFO] [stderr]    Compiling num_cpus v1.13.0
[INFO] [stderr]    Compiling ring v0.13.5
[INFO] [stderr]     Checking aho-corasick v0.6.10
[INFO] [stderr]    Compiling devise_core v0.2.0
[INFO] [stderr]     Checking hyper v0.10.16
[INFO] [stderr]     Checking mio-extras v2.0.6
[INFO] [stdout] error[E0554]: `#![feature]` may not be used on the beta release channel
[INFO] [stdout]  --> /opt/rustwide/cargo-home/registry/src/github.com-1ecc6299db9ec823/devise_core-0.2.0/src/lib.rs:1:1
[INFO] [stdout]   |
[INFO] [stdout] 1 | #![feature(proc_macro_diagnostic, proc_macro_span)]
[INFO] [stdout]   | ^^^^^^^^^^^^^^^^^^^^^^^^^^^^^^^^^^^^^^^^^^^^^^^^^^^
[INFO] [stdout] 
[INFO] [stdout] 
[INFO] [stdout] error[E0554]: `#![feature]` may not be used on the beta release channel
[INFO] [stdout]  --> /opt/rustwide/cargo-home/registry/src/github.com-1ecc6299db9ec823/devise_core-0.2.0/src/lib.rs:2:1
[INFO] [stdout]   |
[INFO] [stdout] 2 | #![feature(crate_visibility_modifier)]
[INFO] [stdout]   | ^^^^^^^^^^^^^^^^^^^^^^^^^^^^^^^^^^^^^^
[INFO] [stdout] 
[INFO] [stdout] 
[INFO] [stdout] error[E0554]: `#![feature]` may not be used on the beta release channel
[INFO] [stdout]  --> /opt/rustwide/cargo-home/registry/src/github.com-1ecc6299db9ec823/devise_core-0.2.0/src/lib.rs:3:1
[INFO] [stdout]   |
[INFO] [stdout] 3 | #![feature(concat_idents)]
[INFO] [stdout]   | ^^^^^^^^^^^^^^^^^^^^^^^^^^
[INFO] [stdout] 
[INFO] [stdout] 
[INFO] [stderr]     Checking chrono v0.4.11
[INFO] [stderr]     Checking parking_lot v0.10.2
[INFO] [stderr]     Checking notify v4.0.15
[INFO] [stdout] error: aborting due to 3 previous errors
[INFO] [stdout] 
[INFO] [stdout] 
[INFO] [stdout] For more information about this error, try `rustc --explain E0554`.
[INFO] [stdout] 
[INFO] [stderr] error: failed to run custom build command for `pear_codegen v0.1.2`
[INFO] [stderr] 
[INFO] [stderr] Caused by:
[INFO] [stderr]   process didn't exit successfully: `/opt/rustwide/target/debug/build/pear_codegen-8a6f8fb3aa088faf/build-script-build` (exit status: 101)
[INFO] [stderr]   --- stderr
[INFO] [stderr]   [1;31mError:[0m [37mPear requires a nightly or dev version of Rust.[0m
[INFO] [stderr]   [37mInstalled version is:[0m [33m1.55.0-beta.3 (2021-07-31)[0m. [37mMinimum required:[0m [33m1.31.0-nightly (2018-10-05)[0m.
[INFO] [stderr]   thread 'main' panicked at 'Aborting compilation due to incompatible compiler.', /opt/rustwide/cargo-home/registry/src/github.com-1ecc6299db9ec823/pear_codegen-0.1.2/build.rs:31:13
[INFO] [stderr]   stack backtrace:
[INFO] [stderr]      0:     0x563b6c707a50 - std::backtrace_rs::backtrace::libunwind::trace::hff4d1766e93f64f1
[INFO] [stderr]                                  at /rustc/53fd98ca776cb875bc9e5514f56b52eb74f9e7a9/library/std/src/../../backtrace/src/backtrace/libunwind.rs:90:5
[INFO] [stderr]      1:     0x563b6c707a50 - std::backtrace_rs::backtrace::trace_unsynchronized::h56bbc8eb78770bcb
[INFO] [stderr]                                  at /rustc/53fd98ca776cb875bc9e5514f56b52eb74f9e7a9/library/std/src/../../backtrace/src/backtrace/mod.rs:66:5
[INFO] [stderr]      2:     0x563b6c707a50 - std::sys_common::backtrace::_print_fmt::h5c8e75464faca780
[INFO] [stderr]                                  at /rustc/53fd98ca776cb875bc9e5514f56b52eb74f9e7a9/library/std/src/sys_common/backtrace.rs:67:5
[INFO] [stderr]      3:     0x563b6c707a50 - <std::sys_common::backtrace::_print::DisplayBacktrace as core::fmt::Display>::fmt::h48b88277def8b362
[INFO] [stderr]                                  at /rustc/53fd98ca776cb875bc9e5514f56b52eb74f9e7a9/library/std/src/sys_common/backtrace.rs:46:22
[INFO] [stderr]      4:     0x563b6c724a2c - core::fmt::write::h3381b3176fe2b3d3
[INFO] [stderr]                                  at /rustc/53fd98ca776cb875bc9e5514f56b52eb74f9e7a9/library/core/src/fmt/mod.rs:1115:17
[INFO] [stderr]      5:     0x563b6c705915 - std::io::Write::write_fmt::hd42607e5d8e44db0
[INFO] [stderr]                                  at /rustc/53fd98ca776cb875bc9e5514f56b52eb74f9e7a9/library/std/src/io/mod.rs:1665:15
[INFO] [stderr]      6:     0x563b6c70968b - std::sys_common::backtrace::_print::ha537687d6c17dd0d
[INFO] [stderr]                                  at /rustc/53fd98ca776cb875bc9e5514f56b52eb74f9e7a9/library/std/src/sys_common/backtrace.rs:49:5
[INFO] [stderr]      7:     0x563b6c70968b - std::sys_common::backtrace::print::h61376ae57d131d72
[INFO] [stderr]                                  at /rustc/53fd98ca776cb875bc9e5514f56b52eb74f9e7a9/library/std/src/sys_common/backtrace.rs:36:9
[INFO] [stderr]      8:     0x563b6c70968b - std::panicking::default_hook::{{closure}}::h0f7208c0b9644a54
[INFO] [stderr]                                  at /rustc/53fd98ca776cb875bc9e5514f56b52eb74f9e7a9/library/std/src/panicking.rs:208:50
[INFO] [stderr]      9:     0x563b6c709161 - std::panicking::default_hook::hdac7fc06578c14ce
[INFO] [stderr]                                  at /rustc/53fd98ca776cb875bc9e5514f56b52eb74f9e7a9/library/std/src/panicking.rs:225:9
[INFO] [stderr]     10:     0x563b6c709d54 - std::panicking::rust_panic_with_hook::h72b21c283da3d1ef
[INFO] [stderr]                                  at /rustc/53fd98ca776cb875bc9e5514f56b52eb74f9e7a9/library/std/src/panicking.rs:622:17
[INFO] [stderr]     11:     0x563b6c6db94f - std::panicking::begin_panic::{{closure}}::hba73d0855ae5a9d9
[INFO] [stderr]                                  at /rustc/53fd98ca776cb875bc9e5514f56b52eb74f9e7a9/library/std/src/panicking.rs:542:9
[INFO] [stderr]     12:     0x563b6c6db608 - std::sys_common::backtrace::__rust_end_short_backtrace::h9e764acc0a21a848
[INFO] [stderr]                                  at /rustc/53fd98ca776cb875bc9e5514f56b52eb74f9e7a9/library/std/src/sys_common/backtrace.rs:141:18
[INFO] [stderr]     13:     0x563b6c6db895 - std::panicking::begin_panic::hbeeffa192c996c27
[INFO] [stderr]                                  at /rustc/53fd98ca776cb875bc9e5514f56b52eb74f9e7a9/library/std/src/panicking.rs:541:12
[INFO] [stderr]     14:     0x563b6c6da15f - build_script_build::main::hb1d60aa5fe400f5c
[INFO] [stderr]                                  at /opt/rustwide/cargo-home/registry/src/github.com-1ecc6299db9ec823/pear_codegen-0.1.2/build.rs:31:13
[INFO] [stderr]     15:     0x563b6c6dc47b - core::ops::function::FnOnce::call_once::h7a070acc28e7dde7
[INFO] [stderr]                                  at /rustc/53fd98ca776cb875bc9e5514f56b52eb74f9e7a9/library/core/src/ops/function.rs:227:5
[INFO] [stderr]     16:     0x563b6c6db64e - std::sys_common::backtrace::__rust_begin_short_backtrace::h54927af071a08183
[INFO] [stderr]                                  at /rustc/53fd98ca776cb875bc9e5514f56b52eb74f9e7a9/library/std/src/sys_common/backtrace.rs:125:18
[INFO] [stderr]     17:     0x563b6c6db351 - std::rt::lang_start::{{closure}}::he9892ba086d4de08
[INFO] [stderr]                                  at /rustc/53fd98ca776cb875bc9e5514f56b52eb74f9e7a9/library/std/src/rt.rs:63:18
[INFO] [stderr]     18:     0x563b6c70a25a - core::ops::function::impls::<impl core::ops::function::FnOnce<A> for &F>::call_once::ha88a7d1a4d24e549
[INFO] [stderr]                                  at /rustc/53fd98ca776cb875bc9e5514f56b52eb74f9e7a9/library/core/src/ops/function.rs:259:13
[INFO] [stderr]     19:     0x563b6c70a25a - std::panicking::try::do_call::hd3b1d7740607ccc7
[INFO] [stderr]                                  at /rustc/53fd98ca776cb875bc9e5514f56b52eb74f9e7a9/library/std/src/panicking.rs:401:40
[INFO] [stderr]     20:     0x563b6c70a25a - std::panicking::try::h0ee8c65ac7461507
[INFO] [stderr]                                  at /rustc/53fd98ca776cb875bc9e5514f56b52eb74f9e7a9/library/std/src/panicking.rs:365:19
[INFO] [stderr]     21:     0x563b6c70a25a - std::panic::catch_unwind::head47f0de4ccd838
[INFO] [stderr]                                  at /rustc/53fd98ca776cb875bc9e5514f56b52eb74f9e7a9/library/std/src/panic.rs:434:14
[INFO] [stderr]     22:     0x563b6c70a25a - std::rt::lang_start_internal::{{closure}}::hbc7de8ec820ac085
[INFO] [stderr]                                  at /rustc/53fd98ca776cb875bc9e5514f56b52eb74f9e7a9/library/std/src/rt.rs:45:48
[INFO] [stderr]     23:     0x563b6c70a25a - std::panicking::try::do_call::h2609e52e8bad4a7b
[INFO] [stderr]                                  at /rustc/53fd98ca776cb875bc9e5514f56b52eb74f9e7a9/library/std/src/panicking.rs:401:40
[INFO] [stderr]     24:     0x563b6c70a25a - std::panicking::try::hd0929f0b603e0389
[INFO] [stderr]                                  at /rustc/53fd98ca776cb875bc9e5514f56b52eb74f9e7a9/library/std/src/panicking.rs:365:19
[INFO] [stderr]     25:     0x563b6c70a25a - std::panic::catch_unwind::h27902b81c3e47571
[INFO] [stderr]                                  at /rustc/53fd98ca776cb875bc9e5514f56b52eb74f9e7a9/library/std/src/panic.rs:434:14
[INFO] [stderr]     26:     0x563b6c70a25a - std::rt::lang_start_internal::h3fb2d794dd391e3e
[INFO] [stderr]                                  at /rustc/53fd98ca776cb875bc9e5514f56b52eb74f9e7a9/library/std/src/rt.rs:45:20
[INFO] [stderr]     27:     0x563b6c6db320 - std::rt::lang_start::hce9d69347bd5d8d4
[INFO] [stderr]                                  at /rustc/53fd98ca776cb875bc9e5514f56b52eb74f9e7a9/library/std/src/rt.rs:62:5
[INFO] [stderr]     28:     0x563b6c6daddc - main
[INFO] [stderr]     29:     0x7f0e1fb290b3 - __libc_start_main
[INFO] [stderr]     30:     0x563b6c6d993e - _start
[INFO] [stderr]     31:                0x0 - <unknown>
[INFO] [stderr] warning: build failed, waiting for other jobs to finish...
[INFO] [stderr] error: build failed
[INFO] running `Command { std: "docker" "inspect" "dcf47f0f9e9b1403676b069e62eb07634473ba78ce2468cc2a4cd3a83e95187d", kill_on_drop: false }`
[INFO] running `Command { std: "docker" "rm" "-f" "dcf47f0f9e9b1403676b069e62eb07634473ba78ce2468cc2a4cd3a83e95187d", kill_on_drop: false }`
[INFO] [stdout] dcf47f0f9e9b1403676b069e62eb07634473ba78ce2468cc2a4cd3a83e95187d
