[INFO] cloning repository https://github.com/Vlad-Shcherbina/rusty_sand
[INFO] running `Command { std: "git" "-c" "credential.helper=" "-c" "credential.helper=/workspace/cargo-home/bin/git-credential-null" "clone" "--bare" "https://github.com/Vlad-Shcherbina/rusty_sand" "/workspace/cache/git-repos/https%3A%2F%2Fgithub.com%2FVlad-Shcherbina%2Frusty_sand", kill_on_drop: false }`
[INFO] [stderr] Cloning into bare repository '/workspace/cache/git-repos/https%3A%2F%2Fgithub.com%2FVlad-Shcherbina%2Frusty_sand'...
[INFO] running `Command { std: "git" "rev-parse" "HEAD", kill_on_drop: false }`
[INFO] [stdout] 26c085a38477022be627a28d81c6f2caa04ace8c
[INFO] documenting Vlad-Shcherbina/rusty_sand against beta-2021-08-01 for beta-1.55-rustdoc-1
[INFO] running `Command { std: "git" "clone" "/workspace/cache/git-repos/https%3A%2F%2Fgithub.com%2FVlad-Shcherbina%2Frusty_sand" "/workspace/builds/worker-0/source", kill_on_drop: false }`
[INFO] [stderr] Cloning into '/workspace/builds/worker-0/source'...
[INFO] [stderr] done.
[INFO] validating manifest of git repo https://github.com/Vlad-Shcherbina/rusty_sand on toolchain beta-2021-08-01
[INFO] running `Command { std: "/workspace/cargo-home/bin/cargo" "+beta-2021-08-01" "metadata" "--manifest-path" "Cargo.toml" "--no-deps", kill_on_drop: false }`
[INFO] started tweaking git repo https://github.com/Vlad-Shcherbina/rusty_sand
[INFO] finished tweaking git repo https://github.com/Vlad-Shcherbina/rusty_sand
[INFO] tweaked toml for git repo https://github.com/Vlad-Shcherbina/rusty_sand written to /workspace/builds/worker-0/source/Cargo.toml
[INFO] crate git repo https://github.com/Vlad-Shcherbina/rusty_sand already has a lockfile, it will not be regenerated
[INFO] running `Command { std: "/workspace/cargo-home/bin/cargo" "+beta-2021-08-01" "fetch" "--manifest-path" "Cargo.toml", kill_on_drop: false }`
[INFO] [stderr]     Blocking waiting for file lock on package cache
[INFO] [stderr]  Downloading crates ...
[INFO] [stderr]   Downloaded mimalloc v0.1.19
[INFO] [stderr]   Downloaded libmimalloc-sys v0.1.15
[INFO] running `Command { std: "docker" "create" "-v" "/var/lib/crater-agent-workspace/builds/worker-0/target:/opt/rustwide/target:rw,Z" "-v" "/var/lib/crater-agent-workspace/builds/worker-0/source:/opt/rustwide/workdir:ro,Z" "-v" "/var/lib/crater-agent-workspace/cargo-home:/opt/rustwide/cargo-home:ro,Z" "-v" "/var/lib/crater-agent-workspace/rustup-home:/opt/rustwide/rustup-home:ro,Z" "-e" "SOURCE_DIR=/opt/rustwide/workdir" "-e" "CARGO_TARGET_DIR=/opt/rustwide/target" "-e" "CARGO_HOME=/opt/rustwide/cargo-home" "-e" "RUSTUP_HOME=/opt/rustwide/rustup-home" "-w" "/opt/rustwide/workdir" "-m" "1610612736" "--user" "0:0" "--network" "none" "ghcr.io/rust-lang/crates-build-env/linux@sha256:34b6a614d2c27851fe6cbf88fbd1137609cefab8b10d0615aaeb6fd47975d74e" "/opt/rustwide/cargo-home/bin/cargo" "+beta-2021-08-01" "metadata" "--no-deps" "--format-version=1", kill_on_drop: false }`
[INFO] [stdout] a4ee50c13d2c2e03e04f4be6376d9026652d6cbbb79c76e54cd5631f1f160a4d
[INFO] [stderr] WARNING: Your kernel does not support swap limit capabilities or the cgroup is not mounted. Memory limited without swap.
[INFO] running `Command { std: "docker" "start" "-a" "a4ee50c13d2c2e03e04f4be6376d9026652d6cbbb79c76e54cd5631f1f160a4d", kill_on_drop: false }`
[INFO] running `Command { std: "docker" "inspect" "a4ee50c13d2c2e03e04f4be6376d9026652d6cbbb79c76e54cd5631f1f160a4d", kill_on_drop: false }`
[INFO] running `Command { std: "docker" "rm" "-f" "a4ee50c13d2c2e03e04f4be6376d9026652d6cbbb79c76e54cd5631f1f160a4d", kill_on_drop: false }`
[INFO] [stdout] a4ee50c13d2c2e03e04f4be6376d9026652d6cbbb79c76e54cd5631f1f160a4d
[INFO] running `Command { std: "docker" "create" "-v" "/var/lib/crater-agent-workspace/builds/worker-0/target:/opt/rustwide/target:rw,Z" "-v" "/var/lib/crater-agent-workspace/builds/worker-0/source:/opt/rustwide/workdir:ro,Z" "-v" "/var/lib/crater-agent-workspace/cargo-home:/opt/rustwide/cargo-home:ro,Z" "-v" "/var/lib/crater-agent-workspace/rustup-home:/opt/rustwide/rustup-home:ro,Z" "-e" "SOURCE_DIR=/opt/rustwide/workdir" "-e" "CARGO_TARGET_DIR=/opt/rustwide/target" "-e" "CARGO_INCREMENTAL=0" "-e" "RUST_BACKTRACE=full" "-e" "RUSTDOCFLAGS=--cap-lints=warn" "-e" "CARGO_HOME=/opt/rustwide/cargo-home" "-e" "RUSTUP_HOME=/opt/rustwide/rustup-home" "-w" "/opt/rustwide/workdir" "-m" "1610612736" "--user" "0:0" "--network" "none" "ghcr.io/rust-lang/crates-build-env/linux@sha256:34b6a614d2c27851fe6cbf88fbd1137609cefab8b10d0615aaeb6fd47975d74e" "/opt/rustwide/cargo-home/bin/cargo" "+beta-2021-08-01" "doc" "--frozen" "--no-deps" "--document-private-items" "--message-format=json", kill_on_drop: false }`
[INFO] [stderr] WARNING: Your kernel does not support swap limit capabilities or the cgroup is not mounted. Memory limited without swap.
[INFO] [stdout] 69fc326071a6556b4c6d7a17725eb767e265431b9f84549f7f4cd10545150525
[INFO] running `Command { std: "docker" "start" "-a" "69fc326071a6556b4c6d7a17725eb767e265431b9f84549f7f4cd10545150525", kill_on_drop: false }`
[INFO] [stderr]     Checking amd64_gen v0.1.0 (/opt/rustwide/workdir/amd64_gen)
[INFO] [stderr]  Documenting amd64_gen v0.1.0 (/opt/rustwide/workdir/amd64_gen)
[INFO] [stderr]     Checking exe_buf v0.1.0 (/opt/rustwide/workdir/exe_buf)
[INFO] [stderr]  Documenting exe_buf v0.1.0 (/opt/rustwide/workdir/exe_buf)
[INFO] [stderr]     Checking tempfile v3.1.0
[INFO] [stderr]     Checking rusty_sand v0.1.0 (/opt/rustwide/workdir/rusty_sand)
[INFO] [stderr]  Documenting rusty_sand v0.1.0 (/opt/rustwide/workdir/rusty_sand)
[INFO] [stderr]  Documenting binutils v0.1.0 (/opt/rustwide/workdir/binutils)
[INFO] [stdout] error[E0554]: `#![feature]` may not be used on the beta release channel
[INFO] [stdout]  --> rusty_sand/src/lib.rs:1:1
[INFO] [stdout]   |
[INFO] [stdout] 1 | #![feature(asm)]
[INFO] [stdout]   | ^^^^^^^^^^^^^^^^
[INFO] [stdout] 
[INFO] [stdout] 
[INFO] [stdout] error[E0554]: `#![feature]` may not be used on the beta release channel
[INFO] [stdout]  --> rusty_sand/src/lib.rs:2:1
[INFO] [stdout]   |
[INFO] [stdout] 2 | #![feature(llvm_asm)]
[INFO] [stdout]   | ^^^^^^^^^^^^^^^^^^^^^
[INFO] [stdout] 
[INFO] [stdout] 
[INFO] [stdout] error[E0554]: `#![feature]` may not be used on the beta release channel
[INFO] [stdout]  --> rusty_sand/src/lib.rs:3:1
[INFO] [stdout]   |
[INFO] [stdout] 3 | #![feature(naked_functions)]
[INFO] [stdout]   | ^^^^^^^^^^^^^^^^^^^^^^^^^^^^
[INFO] [stdout] 
[INFO] [stdout] 
[INFO] [stdout] error[E0554]: `#![feature]` may not be used on the beta release channel
[INFO] [stdout]  --> rusty_sand/src/lib.rs:4:1
[INFO] [stdout]   |
[INFO] [stdout] 4 | #![feature(slice_fill)]
[INFO] [stdout]   | ^^^^^^^^^^^^^^^^^^^^^^^
[INFO] [stdout] 
[INFO] [stdout] 
[INFO] [stdout] error: Compilation failed, aborting rustdoc
[INFO] [stdout] 
[INFO] [stdout] 
[INFO] [stdout] error: aborting due to 5 previous errors
[INFO] [stdout] 
[INFO] [stdout] 
[INFO] [stdout] For more information about this error, try `rustc --explain E0554`.
[INFO] [stdout] 
[INFO] [stderr] error: could not document `rusty_sand`
[INFO] [stderr] 
[INFO] [stderr] Caused by:
[INFO] [stderr]   process didn't exit successfully: `rustdoc --edition=2018 --crate-type lib --crate-name rusty_sand rusty_sand/src/lib.rs -o /opt/rustwide/target/doc --error-format=json --json=diagnostic-rendered-ansi --document-private-items -L dependency=/opt/rustwide/target/debug/deps --extern amd64_gen=/opt/rustwide/target/debug/deps/libamd64_gen-5a44b28491cb9b97.rmeta --extern exe_buf=/opt/rustwide/target/debug/deps/libexe_buf-29d18c27f404abfb.rmeta --extern memoffset=/opt/rustwide/target/debug/deps/libmemoffset-19d44002f8af29f4.rmeta --cap-lints=warn --crate-version 0.1.0` (exit status: 1)
[INFO] [stderr] warning: build failed, waiting for other jobs to finish...
[INFO] [stdout] error[E0554]: `#![feature]` may not be used on the beta release channel
[INFO] [stdout]  --> rusty_sand/src/lib.rs:1:1
[INFO] [stdout]   |
[INFO] [stdout] 1 | #![feature(asm)]
[INFO] [stdout]   | ^^^^^^^^^^^^^^^^
[INFO] [stdout] 
[INFO] [stdout] 
[INFO] [stdout] error[E0554]: `#![feature]` may not be used on the beta release channel
[INFO] [stdout]  --> rusty_sand/src/lib.rs:2:1
[INFO] [stdout]   |
[INFO] [stdout] 2 | #![feature(llvm_asm)]
[INFO] [stdout]   | ^^^^^^^^^^^^^^^^^^^^^
[INFO] [stdout] 
[INFO] [stdout] 
[INFO] [stdout] error[E0554]: `#![feature]` may not be used on the beta release channel
[INFO] [stdout]  --> rusty_sand/src/lib.rs:3:1
[INFO] [stdout]   |
[INFO] [stdout] 3 | #![feature(naked_functions)]
[INFO] [stdout]   | ^^^^^^^^^^^^^^^^^^^^^^^^^^^^
[INFO] [stdout] 
[INFO] [stdout] 
[INFO] [stdout] error[E0554]: `#![feature]` may not be used on the beta release channel
[INFO] [stdout]  --> rusty_sand/src/lib.rs:4:1
[INFO] [stdout]   |
[INFO] [stdout] 4 | #![feature(slice_fill)]
[INFO] [stdout]   | ^^^^^^^^^^^^^^^^^^^^^^^
[INFO] [stdout] 
[INFO] [stdout] 
[INFO] [stdout] warning: Rust ABI is unsupported in naked functions
[INFO] [stdout]   --> rusty_sand/src/jit.rs:91:11
[INFO] [stdout]    |
[INFO] [stdout] 91 | unsafe fn jit_trampoline() {
[INFO] [stdout]    |           ^^^^^^^^^^^^^^
[INFO] [stdout]    |
[INFO] [stdout]    = note: `#[warn(unsupported_naked_functions)]` on by default
[INFO] [stdout]    = warning: this was previously accepted by the compiler but is being phased out; it will become a hard error in a future release!
[INFO] [stdout]    = note: for more information, see issue #32408 <https://github.com/rust-lang/rust/issues/32408>
[INFO] [stdout] 
[INFO] [stdout] 
[INFO] [stdout] warning: asm in naked functions must use `noreturn` option
[INFO] [stdout]    --> rusty_sand/src/jit.rs:92:5
[INFO] [stdout]     |
[INFO] [stdout] 92  | /     asm!("
[INFO] [stdout] 93  | |     // push all win64 volatile registers
[INFO] [stdout] 94  | |     push rax
[INFO] [stdout] 95  | |     //push rcx
[INFO] [stdout] ...   |
[INFO] [stdout] 120 | |     compile = sym State::compile
[INFO] [stdout] 121 | |     );
[INFO] [stdout]     | |______^
[INFO] [stdout]     |
[INFO] [stdout]     = warning: this was previously accepted by the compiler but is being phased out; it will become a hard error in a future release!
[INFO] [stdout]     = note: for more information, see issue #32408 <https://github.com/rust-lang/rust/issues/32408>
[INFO] [stdout] 
[INFO] [stdout] 
[INFO] [stdout] error: aborting due to 4 previous errors; 2 warnings emitted
[INFO] [stdout] 
[INFO] [stdout] 
[INFO] [stdout] For more information about this error, try `rustc --explain E0554`.
[INFO] [stdout] 
[INFO] [stderr] error: build failed
[INFO] running `Command { std: "docker" "inspect" "69fc326071a6556b4c6d7a17725eb767e265431b9f84549f7f4cd10545150525", kill_on_drop: false }`
[INFO] running `Command { std: "docker" "rm" "-f" "69fc326071a6556b4c6d7a17725eb767e265431b9f84549f7f4cd10545150525", kill_on_drop: false }`
[INFO] [stdout] 69fc326071a6556b4c6d7a17725eb767e265431b9f84549f7f4cd10545150525
