[INFO] cloning repository https://github.com/USATU-Programming-project-2021/presx
[INFO] running `Command { std: "git" "-c" "credential.helper=" "-c" "credential.helper=/workspace/cargo-home/bin/git-credential-null" "clone" "--bare" "https://github.com/USATU-Programming-project-2021/presx" "/workspace/cache/git-repos/https%3A%2F%2Fgithub.com%2FUSATU-Programming-project-2021%2Fpresx", kill_on_drop: false }`
[INFO] [stderr] Cloning into bare repository '/workspace/cache/git-repos/https%3A%2F%2Fgithub.com%2FUSATU-Programming-project-2021%2Fpresx'...
[INFO] running `Command { std: "git" "rev-parse" "HEAD", kill_on_drop: false }`
[INFO] [stdout] d8ed6ccc699ace732ed6afcb59f7bdcff1741285
[INFO] documenting USATU-Programming-project-2021/presx against 1.54.0 for beta-1.55-rustdoc-1
[INFO] running `Command { std: "git" "clone" "/workspace/cache/git-repos/https%3A%2F%2Fgithub.com%2FUSATU-Programming-project-2021%2Fpresx" "/workspace/builds/worker-82/source", kill_on_drop: false }`
[INFO] [stderr] Cloning into '/workspace/builds/worker-82/source'...
[INFO] [stderr] done.
[INFO] validating manifest of git repo https://github.com/USATU-Programming-project-2021/presx on toolchain 1.54.0
[INFO] running `Command { std: "/workspace/cargo-home/bin/cargo" "+1.54.0" "metadata" "--manifest-path" "Cargo.toml" "--no-deps", kill_on_drop: false }`
[INFO] started tweaking git repo https://github.com/USATU-Programming-project-2021/presx
[INFO] finished tweaking git repo https://github.com/USATU-Programming-project-2021/presx
[INFO] tweaked toml for git repo https://github.com/USATU-Programming-project-2021/presx written to /workspace/builds/worker-82/source/Cargo.toml
[INFO] crate git repo https://github.com/USATU-Programming-project-2021/presx already has a lockfile, it will not be regenerated
[INFO] running `Command { std: "/workspace/cargo-home/bin/cargo" "+1.54.0" "fetch" "--manifest-path" "Cargo.toml", kill_on_drop: false }`
[INFO] [stderr]     Blocking waiting for file lock on package cache
[INFO] [stderr]     Blocking waiting for file lock on package cache
[INFO] [stderr]  Downloading crates ...
[INFO] [stderr]   Downloaded twox-hash v1.6.0
[INFO] [stderr]   Downloaded darling_core v0.10.2
[INFO] [stderr]   Downloaded darling v0.10.2
[INFO] [stderr]   Downloaded dispatch v0.2.0
[INFO] [stderr]   Downloaded wasm-bindgen-shared v0.2.69
[INFO] [stderr]   Downloaded servo-fontconfig v0.5.1
[INFO] [stderr]   Downloaded window_clipboard v0.2.0
[INFO] [stderr]   Downloaded objc-foundation v0.1.1
[INFO] [stderr]   Downloaded cmake v0.1.45
[INFO] [stderr]   Downloaded fixedbitset v0.2.0
[INFO] [stderr]   Downloaded spirv_headers v1.5.0
[INFO] [stderr]   Downloaded core-video-sys v0.1.4
[INFO] [stderr]   Downloaded rayon v1.5.0
[INFO] [stderr]   Downloaded dirs v2.0.2
[INFO] [stderr]   Downloaded xcursor v0.3.3
[INFO] [stderr]   Downloaded wayland-cursor v0.28.5
[INFO] [stderr]   Downloaded wasm-bindgen-backend v0.2.69
[INFO] [stderr]   Downloaded rusttype v0.9.2
[INFO] [stderr]   Downloaded ident_case v1.0.1
[INFO] [stderr]   Downloaded strsim v0.9.3
[INFO] [stderr]   Downloaded float-ord v0.2.0
[INFO] [stderr]   Downloaded owned_ttf_parser v0.6.0
[INFO] [stderr]   Downloaded iced_native v0.4.0
[INFO] [stderr]   Downloaded ab_glyph_rasterizer v0.1.4
[INFO] [stderr]   Downloaded cocoa-foundation v0.1.0
[INFO] [stderr]   Downloaded wio v0.2.2
[INFO] [stderr]   Downloaded core-text v19.2.0
[INFO] [stderr]   Downloaded cfg_aliases v0.1.1
[INFO] [stderr]   Downloaded owned_ttf_parser v0.12.0
[INFO] [stderr]   Downloaded gpu-alloc v0.3.0
[INFO] [stderr]   Downloaded approx v0.4.0
[INFO] [stderr]   Downloaded maybe-uninit v2.0.0
[INFO] [stderr]   Downloaded js-sys v0.3.46
[INFO] [stderr]   Downloaded wayland-sys v0.28.5
[INFO] [stderr]   Downloaded dlib v0.5.0
[INFO] [stderr]   Downloaded libloading v0.7.0
[INFO] [stderr]   Downloaded downcast-rs v1.2.0
[INFO] [stderr]   Downloaded ttf-parser v0.6.2
[INFO] [stderr]   Downloaded objc_exception v0.1.2
[INFO] [stderr]   Downloaded ndk-macro v0.2.0
[INFO] [stderr]   Downloaded net2 v0.2.37
[INFO] [stderr]   Downloaded ndk v0.2.1
[INFO] [stderr]   Downloaded tracing-attributes v0.1.15
[INFO] [stderr]   Downloaded ordered-float v2.1.1
[INFO] [stderr]   Downloaded xi-unicode v0.3.0
[INFO] [stderr]   Downloaded wgpu_glyph v0.11.0
[INFO] [stderr]   Downloaded glyph_brush v0.7.2
[INFO] [stderr]   Downloaded ab_glyph v0.2.10
[INFO] [stderr]   Downloaded bumpalo v2.6.0
[INFO] [stderr]   Downloaded gpu-alloc-types v0.2.0
[INFO] [stderr]   Downloaded svg_fmt v0.4.1
[INFO] [stderr]   Downloaded copyless v0.1.5
[INFO] [stderr]   Downloaded iced_winit v0.3.0
[INFO] [stderr]   Downloaded range-alloc v0.1.2
[INFO] [stderr]   Downloaded ash v0.31.0
[INFO] [stderr]   Downloaded gpu-descriptor v0.1.1
[INFO] [stderr]   Downloaded ndk-sys v0.2.1
[INFO] [stderr]   Downloaded calloop v0.6.5
[INFO] [stderr]   Downloaded memoffset v0.6.3
[INFO] [stderr]   Downloaded crossbeam-epoch v0.9.3
[INFO] [stderr]   Downloaded thunderdome v0.3.0
[INFO] [stderr]   Downloaded block v0.1.6
[INFO] [stderr]   Downloaded smithay-clipboard v0.6.3
[INFO] [stderr]   Downloaded glyph_brush_draw_cache v0.1.4
[INFO] [stderr]   Downloaded glyph_brush_layout v0.2.1
[INFO] [stderr]   Downloaded gfx-backend-dx11 v0.7.0
[INFO] [stderr]   Downloaded wgpu v0.7.1
[INFO] [stderr]   Downloaded iced_style v0.3.0
[INFO] [stderr]   Downloaded iced v0.3.0
[INFO] [stderr]   Downloaded khronos-egl v3.0.2
[INFO] [stderr]   Downloaded gfx-backend-empty v0.7.0
[INFO] [stderr]   Downloaded iced_web v0.4.0
[INFO] [stderr]   Downloaded d3d12 v0.3.2
[INFO] [stderr]   Downloaded dodrio v0.2.0
[INFO] [stderr]   Downloaded glow v0.7.2
[INFO] [stderr]   Downloaded expat-sys v2.1.6
[INFO] [stderr]   Downloaded gfx-backend-dx12 v0.7.0
[INFO] [stderr]   Downloaded metal v0.21.0
[INFO] [stderr]   Downloaded spirv_cross v0.23.1
[INFO] [stderr]   Downloaded bytemuck v1.5.1
[INFO] [stderr]   Downloaded freetype-sys v0.13.1
[INFO] [stderr]   Downloaded longest-increasing-subsequence v0.1.0
[INFO] [stderr]   Downloaded x11rb v0.8.1
[INFO] [stderr]   Downloaded slotmap v0.4.0
[INFO] [stderr]   Downloaded servo-fontconfig-sys v5.1.0
[INFO] [stderr]   Downloaded euclid v0.22.3
[INFO] [stderr]   Downloaded gfx-backend-gl v0.7.1
[INFO] [stderr]   Downloaded web-sys v0.3.46
[INFO] [stderr]   Downloaded gfx-auxil v0.8.0
[INFO] [stderr]   Downloaded gfx-backend-metal v0.7.0
[INFO] [stderr]   Downloaded gfx-backend-vulkan v0.7.0
[INFO] [stderr]   Downloaded gfx-hal v0.7.0
[INFO] [stderr]   Downloaded clipboard_macos v0.1.0
[INFO] [stderr]   Downloaded wgpu-core v0.7.1
[INFO] [stderr]   Downloaded wgpu-types v0.7.0
[INFO] [stderr]   Downloaded petgraph v0.5.1
[INFO] [stderr]   Downloaded clipboard-win v4.0.3
[INFO] [stderr]   Downloaded nix v0.20.0
[INFO] [stderr]   Downloaded gethostname v0.2.1
[INFO] [stderr]   Downloaded winit v0.24.0
[INFO] [stderr]   Downloaded syn v1.0.65
[INFO] [stderr]   Downloaded core-graphics v0.19.2
[INFO] [stderr]   Downloaded wayland-protocols v0.28.5
[INFO] [stderr]   Downloaded wasm-bindgen v0.2.69
[INFO] [stderr]   Downloaded cocoa v0.24.0
[INFO] [stderr]   Downloaded core-graphics v0.22.2
[INFO] [stderr]   Downloaded lazycell v1.3.0
[INFO] [stderr]   Downloaded miow v0.2.2
[INFO] [stderr]   Downloaded rayon-core v1.9.0
[INFO] [stderr]   Downloaded rustc-hash v1.1.0
[INFO] [stderr]   Downloaded core-graphics-types v0.1.1
[INFO] [stderr]   Downloaded iced_core v0.4.0
[INFO] [stderr]   Downloaded storage-map v0.3.0
[INFO] [stderr]   Downloaded inplace_it v0.3.3
[INFO] [stderr]   Downloaded objc_id v0.1.1
[INFO] [stderr]   Downloaded winapi-wsapoll v0.1.1
[INFO] [stderr]   Downloaded iced_futures v0.3.0
[INFO] [stderr]   Downloaded guillotiere v0.6.0
[INFO] [stderr]   Downloaded ttf-parser v0.12.0
[INFO] [stderr]   Downloaded error-code v2.0.2
[INFO] [stderr]   Downloaded str-buf v1.0.5
[INFO] [stderr]   Downloaded blake2b_simd v0.5.11
[INFO] [stderr]   Downloaded rust-argon2 v0.8.3
[INFO] [stderr]   Downloaded redox_users v0.3.5
[INFO] [stderr]   Downloaded font-kit v0.10.0
[INFO] [stderr]   Downloaded glam v0.10.2
[INFO] [stderr]   Downloaded naga v0.3.2
[INFO] [stderr]   Downloaded iced_wgpu v0.4.0
[INFO] [stderr]   Downloaded num_enum_derive v0.4.3
[INFO] [stderr]   Downloaded freetype v0.7.0
[INFO] [stderr]   Downloaded pathfinder_geometry v0.5.1
[INFO] [stderr]   Downloaded darling_macro v0.10.2
[INFO] [stderr]   Downloaded dlib v0.4.2
[INFO] [stderr]   Downloaded iced_graphics v0.2.0
[INFO] [stderr]   Downloaded clipboard_x11 v0.3.1
[INFO] [stderr]   Downloaded num_enum v0.4.3
[INFO] [stderr]   Downloaded toml v0.5.8
[INFO] [stderr]   Downloaded proc-macro-crate v0.1.5
[INFO] [stderr]   Downloaded mio v0.6.23
[INFO] [stderr]   Downloaded mio-extras v2.0.6
[INFO] [stderr]   Downloaded derivative v2.2.0
[INFO] [stderr]   Downloaded ndk-glue v0.2.1
[INFO] [stderr]   Downloaded raw-window-handle v0.3.3
[INFO] [stderr]   Downloaded libloading v0.6.7
[INFO] [stderr]   Downloaded same-file v1.0.6
[INFO] [stderr]   Downloaded xdg v2.2.0
[INFO] [stderr]   Downloaded smithay-client-toolkit v0.12.3
[INFO] [stderr]   Downloaded wayland-scanner v0.28.5
[INFO] [stderr]   Downloaded scoped-tls v1.0.0
[INFO] [stderr]   Downloaded wayland-commons v0.28.5
[INFO] [stderr]   Downloaded x11-dl v2.18.5
[INFO] [stderr]   Downloaded wasm-bindgen-macro v0.2.69
[INFO] [stderr]   Downloaded wayland-client v0.28.5
[INFO] [stderr]   Downloaded wasm-bindgen-macro-support v0.2.69
[INFO] [stderr]   Downloaded wasm-bindgen-futures v0.4.19
[INFO] [stderr]   Downloaded gpu-descriptor-types v0.1.1
[INFO] [stderr]   Downloaded bit-set v0.5.2
[INFO] [stderr]   Downloaded bytemuck_derive v1.0.1
[INFO] [stderr]   Downloaded walkdir v2.3.2
[INFO] [stderr]   Downloaded dwrote v0.11.0
[INFO] [stderr]   Downloaded pathfinder_simd v0.5.0
[INFO] [stderr]   Downloaded clipboard_wayland v0.2.0
[INFO] [stderr]   Downloaded jni-sys v0.3.0
[INFO] [stderr]   Downloaded andrew v0.3.1
[INFO] [stderr]   Downloaded memmap2 v0.1.0
[INFO] [stderr]   Downloaded nix v0.18.0
[INFO] running `Command { std: "docker" "create" "-v" "/var/lib/crater-agent-workspace/builds/worker-82/target:/opt/rustwide/target:rw,Z" "-v" "/var/lib/crater-agent-workspace/builds/worker-82/source:/opt/rustwide/workdir:ro,Z" "-v" "/var/lib/crater-agent-workspace/cargo-home:/opt/rustwide/cargo-home:ro,Z" "-v" "/var/lib/crater-agent-workspace/rustup-home:/opt/rustwide/rustup-home:ro,Z" "-e" "SOURCE_DIR=/opt/rustwide/workdir" "-e" "CARGO_TARGET_DIR=/opt/rustwide/target" "-e" "CARGO_HOME=/opt/rustwide/cargo-home" "-e" "RUSTUP_HOME=/opt/rustwide/rustup-home" "-w" "/opt/rustwide/workdir" "-m" "1610612736" "--user" "0:0" "--network" "none" "ghcr.io/rust-lang/crates-build-env/linux@sha256:34b6a614d2c27851fe6cbf88fbd1137609cefab8b10d0615aaeb6fd47975d74e" "/opt/rustwide/cargo-home/bin/cargo" "+1.54.0" "metadata" "--no-deps" "--format-version=1", kill_on_drop: false }`
[INFO] [stdout] e9b1c59a2dc0ba96fe6b84f14d0014c3b3fec75caaeb3f0a235ef52fea86db3c
[INFO] running `Command { std: "docker" "start" "-a" "e9b1c59a2dc0ba96fe6b84f14d0014c3b3fec75caaeb3f0a235ef52fea86db3c", kill_on_drop: false }`
[INFO] running `Command { std: "docker" "inspect" "e9b1c59a2dc0ba96fe6b84f14d0014c3b3fec75caaeb3f0a235ef52fea86db3c", kill_on_drop: false }`
[INFO] running `Command { std: "docker" "rm" "-f" "e9b1c59a2dc0ba96fe6b84f14d0014c3b3fec75caaeb3f0a235ef52fea86db3c", kill_on_drop: false }`
[INFO] [stdout] e9b1c59a2dc0ba96fe6b84f14d0014c3b3fec75caaeb3f0a235ef52fea86db3c
[INFO] running `Command { std: "docker" "create" "-v" "/var/lib/crater-agent-workspace/builds/worker-82/target:/opt/rustwide/target:rw,Z" "-v" "/var/lib/crater-agent-workspace/builds/worker-82/source:/opt/rustwide/workdir:ro,Z" "-v" "/var/lib/crater-agent-workspace/cargo-home:/opt/rustwide/cargo-home:ro,Z" "-v" "/var/lib/crater-agent-workspace/rustup-home:/opt/rustwide/rustup-home:ro,Z" "-e" "SOURCE_DIR=/opt/rustwide/workdir" "-e" "CARGO_TARGET_DIR=/opt/rustwide/target" "-e" "CARGO_INCREMENTAL=0" "-e" "RUST_BACKTRACE=full" "-e" "RUSTDOCFLAGS=--cap-lints=warn" "-e" "CARGO_HOME=/opt/rustwide/cargo-home" "-e" "RUSTUP_HOME=/opt/rustwide/rustup-home" "-w" "/opt/rustwide/workdir" "-m" "1610612736" "--user" "0:0" "--network" "none" "ghcr.io/rust-lang/crates-build-env/linux@sha256:34b6a614d2c27851fe6cbf88fbd1137609cefab8b10d0615aaeb6fd47975d74e" "/opt/rustwide/cargo-home/bin/cargo" "+1.54.0" "doc" "--frozen" "--no-deps" "--document-private-items" "--message-format=json", kill_on_drop: false }`
[INFO] [stdout] c44216cbdac1609fedaa45308b8f2ebf11cda7aa65cad99cc318c199861fe16c
[INFO] running `Command { std: "docker" "start" "-a" "c44216cbdac1609fedaa45308b8f2ebf11cda7aa65cad99cc318c199861fe16c", kill_on_drop: false }`
[INFO] [stderr]     Blocking waiting for file lock on package cache
[INFO] [stderr]    Compiling libc v0.2.93
[INFO] [stderr]    Compiling proc-macro2 v1.0.26
[INFO] [stderr]    Compiling syn v1.0.65
[INFO] [stderr]     Checking ab_glyph_rasterizer v0.1.4
[INFO] [stderr]    Compiling xml-rs v0.8.3
[INFO] [stderr]     Checking same-file v1.0.6
[INFO] [stderr]     Checking bit-vec v0.6.3
[INFO] [stderr]     Checking fixedbitset v0.2.0
[INFO] [stderr]    Compiling nix v0.18.0
[INFO] [stderr]     Checking ttf-parser v0.6.2
[INFO] [stderr]     Checking downcast-rs v1.2.0
[INFO] [stderr]     Checking futures-core v0.3.14
[INFO] [stderr]     Checking futures-sink v0.3.14
[INFO] [stderr]    Compiling rayon-core v1.9.0
[INFO] [stderr]     Checking futures-io v0.3.14
[INFO] [stderr]     Checking futures-task v0.3.14
[INFO] [stderr]    Compiling khronos-egl v3.0.2
[INFO] [stderr]     Checking xdg v2.2.0
[INFO] [stderr]     Checking ttf-parser v0.12.0
[INFO] [stderr]    Compiling cfg_aliases v0.1.1
[INFO] [stderr]     Checking arrayvec v0.5.2
[INFO] [stderr]     Checking linked-hash-map v0.5.4
[INFO] [stderr]     Checking iced_core v0.4.0
[INFO] [stderr]     Checking inplace_it v0.3.3
[INFO] [stderr]     Checking glow v0.7.2
[INFO] [stderr]     Checking either v1.6.1
[INFO] [stderr]     Checking xi-unicode v0.3.0
[INFO] [stderr]     Checking float-ord v0.2.0
[INFO] [stderr]     Checking copyless v0.1.5
[INFO] [stderr]     Checking lazycell v1.3.0
[INFO] [stderr]     Checking svg_fmt v0.4.1
[INFO] [stderr]     Checking dtoa v0.4.8
[INFO] [stderr]    Compiling num-traits v0.2.14
[INFO] [stderr]     Checking libloading v0.6.7
[INFO] [stderr]    Compiling wayland-sys v0.28.5
[INFO] [stderr]     Checking libloading v0.7.0
[INFO] [stderr]    Compiling crossbeam-utils v0.8.3
[INFO] [stderr]    Compiling memoffset v0.6.3
[INFO] [stderr]    Compiling nom v6.1.2
[INFO] [stderr]     Checking fxhash v0.2.1
[INFO] [stderr]     Checking lock_api v0.4.3
[INFO] [stderr]     Checking tracing-core v0.1.17
[INFO] [stderr]    Compiling servo-fontconfig-sys v5.1.0
[INFO] [stderr]    Compiling rayon v1.5.0
[INFO] [stderr]    Compiling glam v0.10.2
[INFO] [stderr]    Compiling x11-dl v2.18.5
[INFO] [stderr]     Checking maybe-uninit v2.0.0
[INFO] [stderr]    Compiling pathfinder_simd v0.5.0
[INFO] [stderr]     Checking gpu-alloc-types v0.2.0
[INFO] [stderr]     Checking gpu-descriptor-types v0.1.1
[INFO] [stderr]     Checking wgpu-types v0.7.0
[INFO] [stderr]     Checking petgraph v0.5.1
[INFO] [stderr]     Checking yaml-rust v0.4.5
[INFO] [stderr]    Compiling wgpu-core v0.7.1
[INFO] [stderr]     Checking walkdir v2.3.2
[INFO] [stderr]     Checking bit-set v0.5.2
[INFO] [stderr]     Checking dlib v0.4.2
[INFO] [stderr]     Checking ash v0.31.0
[INFO] [stderr]     Checking iced_style v0.3.0
[INFO] [stderr]     Checking futures-channel v0.3.14
[INFO] [stderr]     Checking dlib v0.5.0
[INFO] [stderr]     Checking raw-window-handle v0.3.3
[INFO] [stderr]     Checking num_cpus v1.13.0
[INFO] [stderr]     Checking nix v0.20.0
[INFO] [stderr]     Checking getrandom v0.1.16
[INFO] [stderr]     Checking parking_lot_core v0.8.3
[INFO] [stderr]     Checking memmap2 v0.1.0
[INFO] [stderr]     Checking dirs-sys v0.3.5
[INFO] [stderr]     Checking gethostname v0.2.1
[INFO] [stderr]     Checking net2 v0.2.37
[INFO] [stderr]     Checking iovec v0.1.4
[INFO] [stderr]    Compiling jobserver v0.1.21
[INFO] [stderr]     Checking crossbeam-channel v0.5.1
[INFO] [stderr]     Checking owned_ttf_parser v0.12.0
[INFO] [stderr]     Checking owned_ttf_parser v0.6.0
[INFO] [stderr]     Checking ab_glyph v0.2.10
[INFO] [stderr]     Checking rand_core v0.5.1
[INFO] [stderr]     Checking crossbeam-epoch v0.9.3
[INFO] [stderr]    Compiling quote v1.0.9
[INFO] [stderr]     Checking spirv_headers v1.5.0
[INFO] [stderr]     Checking approx v0.4.0
[INFO] [stderr]     Checking ordered-float v2.1.1
[INFO] [stderr]     Checking euclid v0.22.3
[INFO] [stderr]     Checking pathfinder_geometry v0.5.1
[INFO] [stderr]     Checking parking_lot v0.11.1
[INFO] [stderr]     Checking dirs v2.0.2
[INFO] [stderr]     Checking rand_chacha v0.2.2
[INFO] [stderr]     Checking mio v0.6.23
[INFO] [stderr]    Compiling cc v1.0.67
[INFO] [stderr]     Checking crossbeam-deque v0.8.0
[INFO] [stderr]     Checking rusttype v0.9.2
[INFO] [stderr]    Compiling wayland-scanner v0.28.5
[INFO] [stderr]     Checking glyph_brush_layout v0.2.1
[INFO] [stderr]     Checking andrew v0.3.1
[INFO] [stderr]     Checking rand v0.7.3
[INFO] [stderr]     Checking xcursor v0.3.3
[INFO] [stderr]     Checking guillotiere v0.6.0
[INFO] [stderr]    Compiling cmake v0.1.45
[INFO] [stderr]     Checking mio-extras v2.0.6
[INFO] [stderr]    Compiling wayland-client v0.28.5
[INFO] [stderr]    Compiling wayland-protocols v0.28.5
[INFO] [stderr]    Compiling spirv_cross v0.23.1
[INFO] [stderr]    Compiling freetype-sys v0.13.1
[INFO] [stderr]    Compiling expat-sys v2.1.6
[INFO] [stderr]     Checking twox-hash v1.6.0
[INFO] [stderr] error: could not compile `ash`
[INFO] [stderr] 
[INFO] [stderr] Caused by:
[INFO] [stderr]   process didn't exit successfully: `rustc --crate-name ash --edition=2018 /opt/rustwide/cargo-home/registry/src/github.com-1ecc6299db9ec823/ash-0.31.0/src/lib.rs --error-format=json --json=diagnostic-rendered-ansi --crate-type lib --emit=dep-info,metadata -C embed-bitcode=no -C debuginfo=2 --cfg 'feature="default"' --cfg 'feature="libloading"' -C metadata=780d707f8e79f145 -C extra-filename=-780d707f8e79f145 --out-dir /opt/rustwide/target/debug/deps -L dependency=/opt/rustwide/target/debug/deps --extern libloading=/opt/rustwide/target/debug/deps/liblibloading-436bb1e630c71493.rmeta --cap-lints allow` (signal: 9, SIGKILL: kill)
[INFO] [stderr] warning: build failed, waiting for other jobs to finish...
[INFO] [stderr] The following warnings were emitted during compilation:
[INFO] [stderr] 
[INFO] [stderr] warning: src/wrapper.cpp:2: warning: ignoring #pragma warning  [-Wunknown-pragmas]
[INFO] [stderr] warning:     2 | #pragma warning(disable : 4996 4101)
[INFO] [stderr] warning:       | 
[INFO] [stderr] warning: c++: fatal error: Killed signal terminated program cc1plus
[INFO] [stderr] warning: compilation terminated.
[INFO] [stderr] warning: c++: fatal error: Killed signal terminated program cc1plus
[INFO] [stderr] warning: compilation terminated.
[INFO] [stderr] warning: c++: fatal error: Killed signal terminated program cc1plus
[INFO] [stderr] warning: compilation terminated.
[INFO] [stderr] 
[INFO] [stderr] error: build failed
[INFO] running `Command { std: "docker" "inspect" "c44216cbdac1609fedaa45308b8f2ebf11cda7aa65cad99cc318c199861fe16c", kill_on_drop: false }`
[INFO] running `Command { std: "docker" "rm" "-f" "c44216cbdac1609fedaa45308b8f2ebf11cda7aa65cad99cc318c199861fe16c", kill_on_drop: false }`
[INFO] [stdout] c44216cbdac1609fedaa45308b8f2ebf11cda7aa65cad99cc318c199861fe16c
