[INFO] cloning repository https://github.com/Twinklebear/wgpu-test
[INFO] running `Command { std: "git" "-c" "credential.helper=" "-c" "credential.helper=/workspace/cargo-home/bin/git-credential-null" "clone" "--bare" "https://github.com/Twinklebear/wgpu-test" "/workspace/cache/git-repos/https%3A%2F%2Fgithub.com%2FTwinklebear%2Fwgpu-test", kill_on_drop: false }`
[INFO] [stderr] Cloning into bare repository '/workspace/cache/git-repos/https%3A%2F%2Fgithub.com%2FTwinklebear%2Fwgpu-test'...
[INFO] running `Command { std: "git" "rev-parse" "HEAD", kill_on_drop: false }`
[INFO] [stdout] 6c0a9541f7d96d660e380329e543e30fbbaae999
[INFO] documenting Twinklebear/wgpu-test against beta-2021-08-01 for beta-1.55-rustdoc-1
[INFO] running `Command { std: "git" "clone" "/workspace/cache/git-repos/https%3A%2F%2Fgithub.com%2FTwinklebear%2Fwgpu-test" "/workspace/builds/worker-45/source", kill_on_drop: false }`
[INFO] [stderr] Cloning into '/workspace/builds/worker-45/source'...
[INFO] [stderr] done.
[INFO] validating manifest of git repo https://github.com/Twinklebear/wgpu-test on toolchain beta-2021-08-01
[INFO] running `Command { std: "/workspace/cargo-home/bin/cargo" "+beta-2021-08-01" "metadata" "--manifest-path" "Cargo.toml" "--no-deps", kill_on_drop: false }`
[INFO] removed /workspace/builds/worker-45/source/.cargo/config.toml
[INFO] started tweaking git repo https://github.com/Twinklebear/wgpu-test
[INFO] finished tweaking git repo https://github.com/Twinklebear/wgpu-test
[INFO] tweaked toml for git repo https://github.com/Twinklebear/wgpu-test written to /workspace/builds/worker-45/source/Cargo.toml
[INFO] crate git repo https://github.com/Twinklebear/wgpu-test already has a lockfile, it will not be regenerated
[INFO] running `Command { std: "/workspace/cargo-home/bin/cargo" "+beta-2021-08-01" "fetch" "--manifest-path" "Cargo.toml", kill_on_drop: false }`
[INFO] [stderr]     Blocking waiting for file lock on package cache
[INFO] [stderr]     Blocking waiting for file lock on package cache
[INFO] [stderr]  Downloading crates ...
[INFO] [stderr]   Downloaded wayland-sys v0.28.3
[INFO] [stderr]   Downloaded shaderc v0.7.1
[INFO] [stderr]   Downloaded khronos-egl v3.0.0
[INFO] [stderr]   Downloaded console_log v0.2.0
[INFO] [stderr]   Downloaded wayland-cursor v0.28.3
[INFO] [stderr]   Downloaded derivative v2.1.3
[INFO] [stderr]   Downloaded wayland-scanner v0.28.3
[INFO] [stderr]   Downloaded wgpu-core v0.7.0
[INFO] [stderr]   Downloaded tracing-attributes v0.1.11
[INFO] [stderr]   Downloaded tracing v0.1.22
[INFO] [stderr]   Downloaded wayland-commons v0.28.3
[INFO] [stderr]   Downloaded nom v6.0.1
[INFO] [stderr]   Downloaded range-alloc v0.1.1
[INFO] [stderr]   Downloaded gpu-descriptor v0.1.0
[INFO] [stderr]   Downloaded libloading v0.6.6
[INFO] [stderr]   Downloaded spirv_cross v0.23.0
[INFO] [stderr]   Downloaded wgpu v0.7.0
[INFO] [stderr]   Downloaded wayland-protocols v0.28.3
[INFO] [stderr]   Downloaded shaderc-sys v0.7.1
[INFO] [stderr]   Downloaded wayland-client v0.28.3
[INFO] [stderr]   Downloaded gfx-backend-gl v0.7.0
[INFO] [stderr]   Downloaded naga v0.3.1
[INFO] running `Command { std: "docker" "create" "-v" "/var/lib/crater-agent-workspace/builds/worker-45/target:/opt/rustwide/target:rw,Z" "-v" "/var/lib/crater-agent-workspace/builds/worker-45/source:/opt/rustwide/workdir:ro,Z" "-v" "/var/lib/crater-agent-workspace/cargo-home:/opt/rustwide/cargo-home:ro,Z" "-v" "/var/lib/crater-agent-workspace/rustup-home:/opt/rustwide/rustup-home:ro,Z" "-e" "SOURCE_DIR=/opt/rustwide/workdir" "-e" "CARGO_TARGET_DIR=/opt/rustwide/target" "-e" "CARGO_HOME=/opt/rustwide/cargo-home" "-e" "RUSTUP_HOME=/opt/rustwide/rustup-home" "-w" "/opt/rustwide/workdir" "-m" "1610612736" "--user" "0:0" "--network" "none" "ghcr.io/rust-lang/crates-build-env/linux@sha256:34b6a614d2c27851fe6cbf88fbd1137609cefab8b10d0615aaeb6fd47975d74e" "/opt/rustwide/cargo-home/bin/cargo" "+beta-2021-08-01" "metadata" "--no-deps" "--format-version=1", kill_on_drop: false }`
[INFO] [stdout] e276f9de27718c23c15bdaabc8f997dae7608250b4fa639689fd42ee6db47686
[INFO] running `Command { std: "docker" "start" "-a" "e276f9de27718c23c15bdaabc8f997dae7608250b4fa639689fd42ee6db47686", kill_on_drop: false }`
[INFO] running `Command { std: "docker" "inspect" "e276f9de27718c23c15bdaabc8f997dae7608250b4fa639689fd42ee6db47686", kill_on_drop: false }`
[INFO] running `Command { std: "docker" "rm" "-f" "e276f9de27718c23c15bdaabc8f997dae7608250b4fa639689fd42ee6db47686", kill_on_drop: false }`
[INFO] [stdout] e276f9de27718c23c15bdaabc8f997dae7608250b4fa639689fd42ee6db47686
[INFO] running `Command { std: "docker" "create" "-v" "/var/lib/crater-agent-workspace/builds/worker-45/target:/opt/rustwide/target:rw,Z" "-v" "/var/lib/crater-agent-workspace/builds/worker-45/source:/opt/rustwide/workdir:ro,Z" "-v" "/var/lib/crater-agent-workspace/cargo-home:/opt/rustwide/cargo-home:ro,Z" "-v" "/var/lib/crater-agent-workspace/rustup-home:/opt/rustwide/rustup-home:ro,Z" "-e" "SOURCE_DIR=/opt/rustwide/workdir" "-e" "CARGO_TARGET_DIR=/opt/rustwide/target" "-e" "CARGO_INCREMENTAL=0" "-e" "RUST_BACKTRACE=full" "-e" "RUSTDOCFLAGS=--cap-lints=warn" "-e" "CARGO_HOME=/opt/rustwide/cargo-home" "-e" "RUSTUP_HOME=/opt/rustwide/rustup-home" "-w" "/opt/rustwide/workdir" "-m" "1610612736" "--user" "0:0" "--network" "none" "ghcr.io/rust-lang/crates-build-env/linux@sha256:34b6a614d2c27851fe6cbf88fbd1137609cefab8b10d0615aaeb6fd47975d74e" "/opt/rustwide/cargo-home/bin/cargo" "+beta-2021-08-01" "doc" "--frozen" "--no-deps" "--document-private-items" "--message-format=json", kill_on_drop: false }`
[INFO] [stdout] fa3a5844e67ac1c385e57a134f5962aa4715607d46dec5d8cfe2d9d26ce2a3b8
[INFO] running `Command { std: "docker" "start" "-a" "fa3a5844e67ac1c385e57a134f5962aa4715607d46dec5d8cfe2d9d26ce2a3b8", kill_on_drop: false }`
[INFO] [stderr]     Blocking waiting for file lock on package cache
[INFO] [stderr]     Blocking waiting for file lock on package cache
[INFO] [stderr]    Compiling libc v0.2.82
[INFO] [stderr]    Compiling syn v1.0.58
[INFO] [stderr]    Compiling log v0.4.11
[INFO] [stderr]    Compiling pkg-config v0.3.19
[INFO] [stderr]     Checking ahash v0.4.7
[INFO] [stderr]    Compiling xml-rs v0.8.3
[INFO] [stderr]     Checking once_cell v1.5.2
[INFO] [stderr]    Compiling memchr v2.3.4
[INFO] [stderr]     Checking fixedbitset v0.2.0
[INFO] [stderr]     Checking byteorder v1.4.2
[INFO] [stderr]     Checking bit-vec v0.6.3
[INFO] [stderr]    Compiling nix v0.18.0
[INFO] [stderr]     Checking pin-project-lite v0.2.3
[INFO] [stderr]     Checking ttf-parser v0.6.2
[INFO] [stderr]     Checking scoped-tls v1.0.0
[INFO] [stderr]    Compiling khronos-egl v3.0.0
[INFO] [stderr]     Checking downcast-rs v1.2.0
[INFO] [stderr]     Checking futures-core v0.3.9
[INFO] [stderr]     Checking same-file v1.0.6
[INFO] [stderr]     Checking futures-sink v0.3.9
[INFO] [stderr]    Compiling cfg_aliases v0.1.1
[INFO] [stderr]    Compiling maybe-uninit v2.0.0
[INFO] [stderr]     Checking ab_glyph_rasterizer v0.1.4
[INFO] [stderr]     Checking arrayvec v0.5.2
[INFO] [stderr]     Checking inplace_it v0.3.3
[INFO] [stderr]     Checking futures-io v0.3.9
[INFO] [stderr]     Checking xdg v2.2.0
[INFO] [stderr]     Checking glow v0.7.2
[INFO] [stderr]     Checking lazycell v1.3.0
[INFO] [stderr]     Checking libloading v0.6.6
[INFO] [stderr]    Compiling num-traits v0.2.14
[INFO] [stderr]    Compiling indexmap v1.6.1
[INFO] [stderr]     Checking instant v0.1.9
[INFO] [stderr]    Compiling nom v6.0.1
[INFO] [stderr]    Compiling quote v1.0.8
[INFO] [stderr]     Checking gpu-descriptor-types v0.1.1
[INFO] [stderr]     Checking gpu-alloc-types v0.2.0
[INFO] [stderr]     Checking wgpu-types v0.7.0
[INFO] [stderr]    Compiling wgpu-core v0.7.0
[INFO] [stderr]     Checking futures-channel v0.3.9
[INFO] [stderr]     Checking futures-task v0.3.9
[INFO] [stderr]     Checking fxhash v0.2.1
[INFO] [stderr]     Checking bit-set v0.5.2
[INFO] [stderr]     Checking walkdir v2.3.1
[INFO] [stderr]     Checking dlib v0.4.2
[INFO] [stderr]     Checking ash v0.31.0
[INFO] [stderr]     Checking hashbrown v0.9.1
[INFO] [stderr]    Compiling wayland-sys v0.28.3
[INFO] [stderr]    Compiling x11-dl v2.18.5
[INFO] [stderr]    Compiling wayland-scanner v0.28.3
[INFO] [stderr]     Checking owned_ttf_parser v0.6.0
[INFO] [stderr]     Checking petgraph v0.5.1
[INFO] [stderr]     Checking rusttype v0.9.2
[INFO] [stderr]     Checking andrew v0.3.1
[INFO] [stderr]     Checking spirv_headers v1.5.0
[INFO] [stderr]    Compiling wayland-client v0.28.3
[INFO] [stderr]    Compiling wayland-protocols v0.28.3
[INFO] [stderr]     Checking raw-window-handle v0.3.3
[INFO] [stderr]     Checking parking_lot_core v0.8.2
[INFO] [stderr]     Checking net2 v0.2.37
[INFO] [stderr]     Checking iovec v0.1.4
[INFO] [stderr]     Checking memmap2 v0.1.0
[INFO] [stderr]    Compiling jobserver v0.1.21
[INFO] [stderr]     Checking xcursor v0.3.3
[INFO] [stderr]     Checking mio v0.6.23
[INFO] [stderr]     Checking parking_lot v0.11.1
[INFO] [stderr]    Compiling cc v1.0.66
[INFO] [stderr]     Checking mio-extras v2.0.6
[INFO] [stderr]    Compiling cmake v0.1.45
[INFO] [stderr]    Compiling spirv_cross v0.23.0
[INFO] [stderr]    Compiling shaderc-sys v0.7.1
[INFO] [stderr] error: could not compile `syn`
[INFO] [stderr] 
[INFO] [stderr] Caused by:
[INFO] [stderr]   process didn't exit successfully: `rustc --crate-name syn --edition=2018 /opt/rustwide/cargo-home/registry/src/github.com-1ecc6299db9ec823/syn-1.0.58/src/lib.rs --error-format=json --json=diagnostic-rendered-ansi --crate-type lib --emit=dep-info,metadata,link -C embed-bitcode=no -C debuginfo=2 --cfg 'feature="clone-impls"' --cfg 'feature="default"' --cfg 'feature="derive"' --cfg 'feature="extra-traits"' --cfg 'feature="full"' --cfg 'feature="parsing"' --cfg 'feature="printing"' --cfg 'feature="proc-macro"' --cfg 'feature="quote"' --cfg 'feature="visit"' --cfg 'feature="visit-mut"' -C metadata=0bb4db8881e9510f -C extra-filename=-0bb4db8881e9510f --out-dir /opt/rustwide/target/debug/deps -L dependency=/opt/rustwide/target/debug/deps --extern proc_macro2=/opt/rustwide/target/debug/deps/libproc_macro2-169dfcc015ef5b16.rmeta --extern quote=/opt/rustwide/target/debug/deps/libquote-7cdfb425d4dd9b4b.rmeta --extern unicode_xid=/opt/rustwide/target/debug/deps/libunicode_xid-62645fc4c65f65ba.rmeta --cap-lints allow --cfg syn_disable_nightly_tests` (signal: 9, SIGKILL: kill)
[INFO] [stderr] warning: build failed, waiting for other jobs to finish...
[INFO] [stderr] The following warnings were emitted during compilation:
[INFO] [stderr] 
[INFO] [stderr] warning: src/wrapper.cpp:2: warning: ignoring #pragma warning  [-Wunknown-pragmas]
[INFO] [stderr] warning:     2 | #pragma warning(disable : 4996 4101)
[INFO] [stderr] warning:       | 
[INFO] [stderr] warning: c++: fatal error: Killed signal terminated program cc1plus
[INFO] [stderr] warning: compilation terminated.
[INFO] [stderr] warning: c++: fatal error: Killed signal terminated program cc1plus
[INFO] [stderr] warning: compilation terminated.
[INFO] [stderr] warning: c++: fatal error: Killed signal terminated program cc1plus
[INFO] [stderr] warning: compilation terminated.
[INFO] [stderr] warning: c++: fatal error: Killed signal terminated program cc1plus
[INFO] [stderr] warning: compilation terminated.
[INFO] [stderr] warning: c++: fatal error: Killed signal terminated program cc1plus
[INFO] [stderr] warning: compilation terminated.
[INFO] [stderr] 
[INFO] [stderr] The following warnings were emitted during compilation:
[INFO] [stderr] 
[INFO] [stderr] warning: shaderc: searching for native shaderc libraries on system;  use '--features build-from-source' to force building from source code
[INFO] [stderr] warning: shaderc: cannot find native shaderc library on system; falling back to build from source
[INFO] [stderr] 
[INFO] [stderr] error: build failed
[INFO] running `Command { std: "docker" "inspect" "fa3a5844e67ac1c385e57a134f5962aa4715607d46dec5d8cfe2d9d26ce2a3b8", kill_on_drop: false }`
[INFO] running `Command { std: "docker" "rm" "-f" "fa3a5844e67ac1c385e57a134f5962aa4715607d46dec5d8cfe2d9d26ce2a3b8", kill_on_drop: false }`
[INFO] [stdout] fa3a5844e67ac1c385e57a134f5962aa4715607d46dec5d8cfe2d9d26ce2a3b8
