[INFO] cloning repository https://github.com/TragicSolitude/InTheVoid
[INFO] running `Command { std: "git" "-c" "credential.helper=" "-c" "credential.helper=/workspace/cargo-home/bin/git-credential-null" "clone" "--bare" "https://github.com/TragicSolitude/InTheVoid" "/workspace/cache/git-repos/https%3A%2F%2Fgithub.com%2FTragicSolitude%2FInTheVoid", kill_on_drop: false }`
[INFO] [stderr] Cloning into bare repository '/workspace/cache/git-repos/https%3A%2F%2Fgithub.com%2FTragicSolitude%2FInTheVoid'...
[INFO] running `Command { std: "git" "rev-parse" "HEAD", kill_on_drop: false }`
[INFO] [stdout] faa44d75a2bca4d9cf9599c69a64689192b3fae9
[INFO] documenting TragicSolitude/InTheVoid against 1.54.0 for beta-1.55-rustdoc-1
[INFO] running `Command { std: "git" "clone" "/workspace/cache/git-repos/https%3A%2F%2Fgithub.com%2FTragicSolitude%2FInTheVoid" "/workspace/builds/worker-44/source", kill_on_drop: false }`
[INFO] [stderr] Cloning into '/workspace/builds/worker-44/source'...
[INFO] [stderr] done.
[INFO] validating manifest of git repo https://github.com/TragicSolitude/InTheVoid on toolchain 1.54.0
[INFO] running `Command { std: "/workspace/cargo-home/bin/cargo" "+1.54.0" "metadata" "--manifest-path" "Cargo.toml" "--no-deps", kill_on_drop: false }`
[INFO] started tweaking git repo https://github.com/TragicSolitude/InTheVoid
[INFO] finished tweaking git repo https://github.com/TragicSolitude/InTheVoid
[INFO] tweaked toml for git repo https://github.com/TragicSolitude/InTheVoid written to /workspace/builds/worker-44/source/Cargo.toml
[INFO] crate git repo https://github.com/TragicSolitude/InTheVoid already has a lockfile, it will not be regenerated
[INFO] running `Command { std: "/workspace/cargo-home/bin/cargo" "+1.54.0" "fetch" "--manifest-path" "Cargo.toml", kill_on_drop: false }`
[INFO] [stderr]     Blocking waiting for file lock on package cache
[INFO] [stderr]     Blocking waiting for file lock on package cache
[INFO] running `Command { std: "docker" "create" "-v" "/var/lib/crater-agent-workspace/builds/worker-44/target:/opt/rustwide/target:rw,Z" "-v" "/var/lib/crater-agent-workspace/builds/worker-44/source:/opt/rustwide/workdir:ro,Z" "-v" "/var/lib/crater-agent-workspace/cargo-home:/opt/rustwide/cargo-home:ro,Z" "-v" "/var/lib/crater-agent-workspace/rustup-home:/opt/rustwide/rustup-home:ro,Z" "-e" "SOURCE_DIR=/opt/rustwide/workdir" "-e" "CARGO_TARGET_DIR=/opt/rustwide/target" "-e" "CARGO_HOME=/opt/rustwide/cargo-home" "-e" "RUSTUP_HOME=/opt/rustwide/rustup-home" "-w" "/opt/rustwide/workdir" "-m" "1610612736" "--user" "0:0" "--network" "none" "ghcr.io/rust-lang/crates-build-env/linux@sha256:34b6a614d2c27851fe6cbf88fbd1137609cefab8b10d0615aaeb6fd47975d74e" "/opt/rustwide/cargo-home/bin/cargo" "+1.54.0" "metadata" "--no-deps" "--format-version=1", kill_on_drop: false }`
[INFO] [stdout] 9685c2cb5a5f7859566789161fa30cbed0e935bd54de4d40e2b1bbc451d89696
[INFO] running `Command { std: "docker" "start" "-a" "9685c2cb5a5f7859566789161fa30cbed0e935bd54de4d40e2b1bbc451d89696", kill_on_drop: false }`
[INFO] running `Command { std: "docker" "inspect" "9685c2cb5a5f7859566789161fa30cbed0e935bd54de4d40e2b1bbc451d89696", kill_on_drop: false }`
[INFO] running `Command { std: "docker" "rm" "-f" "9685c2cb5a5f7859566789161fa30cbed0e935bd54de4d40e2b1bbc451d89696", kill_on_drop: false }`
[INFO] [stdout] 9685c2cb5a5f7859566789161fa30cbed0e935bd54de4d40e2b1bbc451d89696
[INFO] running `Command { std: "docker" "create" "-v" "/var/lib/crater-agent-workspace/builds/worker-44/target:/opt/rustwide/target:rw,Z" "-v" "/var/lib/crater-agent-workspace/builds/worker-44/source:/opt/rustwide/workdir:ro,Z" "-v" "/var/lib/crater-agent-workspace/cargo-home:/opt/rustwide/cargo-home:ro,Z" "-v" "/var/lib/crater-agent-workspace/rustup-home:/opt/rustwide/rustup-home:ro,Z" "-e" "SOURCE_DIR=/opt/rustwide/workdir" "-e" "CARGO_TARGET_DIR=/opt/rustwide/target" "-e" "CARGO_INCREMENTAL=0" "-e" "RUST_BACKTRACE=full" "-e" "RUSTDOCFLAGS=--cap-lints=warn" "-e" "CARGO_HOME=/opt/rustwide/cargo-home" "-e" "RUSTUP_HOME=/opt/rustwide/rustup-home" "-w" "/opt/rustwide/workdir" "-m" "1610612736" "--user" "0:0" "--network" "none" "ghcr.io/rust-lang/crates-build-env/linux@sha256:34b6a614d2c27851fe6cbf88fbd1137609cefab8b10d0615aaeb6fd47975d74e" "/opt/rustwide/cargo-home/bin/cargo" "+1.54.0" "doc" "--frozen" "--no-deps" "--document-private-items" "--message-format=json", kill_on_drop: false }`
[INFO] [stdout] fd9087729c068b9c2164a460264ddaad568993dfb81cca7a605fb7724779e1fb
[INFO] running `Command { std: "docker" "start" "-a" "fd9087729c068b9c2164a460264ddaad568993dfb81cca7a605fb7724779e1fb", kill_on_drop: false }`
[INFO] [stderr]     Checking libc v0.2.22
[INFO] [stderr]    Compiling semver v0.1.20
[INFO] [stderr]    Compiling ansi_term v0.9.0
[INFO] [stderr]    Compiling version_check v0.1.0
[INFO] [stderr]    Compiling pkg-config v0.3.9
[INFO] [stderr]     Checking matches v0.1.4
[INFO] [stderr]    Compiling byteorder v1.0.0
[INFO] [stderr]     Checking unicode-normalization v0.1.4
[INFO] [stderr]    Compiling unicode-xid v0.0.4
[INFO] [stderr]     Checking void v1.0.2
[INFO] [stderr]    Compiling quote v0.3.15
[INFO] [stderr]     Checking log v0.3.7
[INFO] [stderr]     Checking utf8-ranges v1.0.0
[INFO] [stderr]     Checking regex-syntax v0.4.0
[INFO] [stderr]     Checking typeable v0.1.2
[INFO] [stderr]     Checking itoa v0.3.1
[INFO] [stderr]     Checking language-tags v0.2.2
[INFO] [stderr]     Checking serde v0.9.15
[INFO] [stderr]    Compiling traitobject v0.1.0
[INFO] [stderr]     Checking dtoa v0.4.1
[INFO] [stderr]    Compiling httparse v1.2.2
[INFO] [stderr]     Checking num-traits v0.1.37
[INFO] [stderr]     Checking term v0.4.5
[INFO] [stderr]     Checking state v0.2.1
[INFO] [stderr]     Checking pest v0.3.3
[INFO] [stderr]     Checking lazy_static v0.2.8
[INFO] [stderr]     Checking rustc-serialize v0.3.24
[INFO] [stderr]     Checking toml v0.2.1
[INFO] [stderr]     Checking quick-error v1.2.0
[INFO] [stderr]     Checking glob v0.2.11
[INFO] [stderr]     Checking unicode-bidi v0.2.5
[INFO] [stderr]     Checking unreachable v0.1.1
[INFO] [stderr]    Compiling synom v0.11.3
[INFO] [stderr]    Compiling base64 v0.5.2
[INFO] [stdout] error[E0557]: feature has been removed
[INFO] [stdout]  --> /opt/rustwide/cargo-home/registry/src/github.com-1ecc6299db9ec823/state-0.2.1/src/lib.rs:1:12
[INFO] [stdout]   |
[INFO] [stdout] 1 | #![feature(const_fn)]
[INFO] [stdout]   |            ^^^^^^^^ feature has been removed
[INFO] [stdout]   |
[INFO] [stdout]   = note: split into finer-grained feature gates
[INFO] [stdout] 
[INFO] [stdout] 
[INFO] [stdout] error[E0557]: feature has been removed
[INFO] [stdout]  --> /opt/rustwide/cargo-home/registry/src/github.com-1ecc6299db9ec823/state-0.2.1/src/lib.rs:1:12
[INFO] [stdout]   |
[INFO] [stdout] 1 | #![feature(const_fn)]
[INFO] [stdout]   |            ^^^^^^^^ feature has been removed
[INFO] [stdout]   |
[INFO] [stdout]   = note: split into finer-grained feature gates
[INFO] [stdout] 
[INFO] [stdout] 
[INFO] [stdout] error[E0554]: `#![feature]` may not be used on the stable release channel
[INFO] [stdout]  --> /opt/rustwide/cargo-home/registry/src/github.com-1ecc6299db9ec823/state-0.2.1/src/lib.rs:1:1
[INFO] [stdout]   |
[INFO] [stdout] 1 | #![feature(const_fn)]
[INFO] [stdout]   | ^^^^^^^^^^^^^^^^^^^^^
[INFO] [stdout] 
[INFO] [stdout] 
[INFO] [stdout] error[E0554]: `#![feature]` may not be used on the stable release channel
[INFO] [stdout]  --> /opt/rustwide/cargo-home/registry/src/github.com-1ecc6299db9ec823/state-0.2.1/src/lib.rs:1:1
[INFO] [stdout]   |
[INFO] [stdout] 1 | #![feature(const_fn)]
[INFO] [stdout]   | ^^^^^^^^^^^^^^^^^^^^^
[INFO] [stdout] 
[INFO] [stdout] 
[INFO] [stdout] error: aborting due to 2 previous errors
[INFO] [stdout] 
[INFO] [stdout] 
[INFO] [stdout] Some errors have detailed explanations: E0554, E0557.
[INFO] [stdout] 
[INFO] [stdout] For more information about an error, try `rustc --explain E0554`.
[INFO] [stdout] 
[INFO] [stdout] error: aborting due to 2 previous errors
[INFO] [stdout] 
[INFO] [stdout] 
[INFO] [stdout] Some errors have detailed explanations: E0554, E0557.
[INFO] [stdout] 
[INFO] [stdout] For more information about an error, try `rustc --explain E0554`.
[INFO] [stdout] 
[INFO] [stderr] error: could not compile `state`
[INFO] [stderr] 
[INFO] [stderr] To learn more, run the command again with --verbose.
[INFO] [stderr] warning: build failed, waiting for other jobs to finish...
[INFO] [stderr] error: build failed
[INFO] running `Command { std: "docker" "inspect" "fd9087729c068b9c2164a460264ddaad568993dfb81cca7a605fb7724779e1fb", kill_on_drop: false }`
[INFO] running `Command { std: "docker" "rm" "-f" "fd9087729c068b9c2164a460264ddaad568993dfb81cca7a605fb7724779e1fb", kill_on_drop: false }`
[INFO] [stdout] fd9087729c068b9c2164a460264ddaad568993dfb81cca7a605fb7724779e1fb
