[INFO] cloning repository https://github.com/TheSmileyDroid/Crawler
[INFO] running `Command { std: "git" "-c" "credential.helper=" "-c" "credential.helper=/workspace/cargo-home/bin/git-credential-null" "clone" "--bare" "https://github.com/TheSmileyDroid/Crawler" "/workspace/cache/git-repos/https%3A%2F%2Fgithub.com%2FTheSmileyDroid%2FCrawler", kill_on_drop: false }`
[INFO] [stderr] Cloning into bare repository '/workspace/cache/git-repos/https%3A%2F%2Fgithub.com%2FTheSmileyDroid%2FCrawler'...
[INFO] running `Command { std: "git" "rev-parse" "HEAD", kill_on_drop: false }`
[INFO] [stdout] 4575ab3e6c4003b060b76c9125242c9d8b4b213b
[INFO] documenting TheSmileyDroid/Crawler against beta-2021-08-01 for beta-1.55-rustdoc-1
[INFO] running `Command { std: "git" "clone" "/workspace/cache/git-repos/https%3A%2F%2Fgithub.com%2FTheSmileyDroid%2FCrawler" "/workspace/builds/worker-5/source", kill_on_drop: false }`
[INFO] [stderr] Cloning into '/workspace/builds/worker-5/source'...
[INFO] [stderr] done.
[INFO] validating manifest of git repo https://github.com/TheSmileyDroid/Crawler on toolchain beta-2021-08-01
[INFO] running `Command { std: "/workspace/cargo-home/bin/cargo" "+beta-2021-08-01" "metadata" "--manifest-path" "Cargo.toml" "--no-deps", kill_on_drop: false }`
[INFO] started tweaking git repo https://github.com/TheSmileyDroid/Crawler
[INFO] finished tweaking git repo https://github.com/TheSmileyDroid/Crawler
[INFO] tweaked toml for git repo https://github.com/TheSmileyDroid/Crawler written to /workspace/builds/worker-5/source/Cargo.toml
[INFO] crate git repo https://github.com/TheSmileyDroid/Crawler already has a lockfile, it will not be regenerated
[INFO] running `Command { std: "/workspace/cargo-home/bin/cargo" "+beta-2021-08-01" "fetch" "--manifest-path" "Cargo.toml", kill_on_drop: false }`
[INFO] [stderr]     Blocking waiting for file lock on package cache
[INFO] [stderr]     Updating crates.io index
[INFO] [stderr]     Blocking waiting for file lock on package cache
[INFO] [stderr]  Downloading crates ...
[INFO] [stderr]   Downloaded raw-window-handle v0.3.3
[INFO] [stderr]   Downloaded lock_api v0.3.4
[INFO] [stderr]   Downloaded approx v0.3.2
[INFO] [stderr]   Downloaded rusttype v0.7.9
[INFO] [stderr]   Downloaded parking_lot v0.9.0
[INFO] [stderr]   Downloaded linked-hash-map v0.5.3
[INFO] [stderr]   Downloaded num-rational v0.2.4
[INFO] [stderr]   Downloaded cocoa v0.18.5
[INFO] [stderr]   Downloaded inflate v0.4.5
[INFO] [stderr]   Downloaded foreign-types-shared v0.1.1
[INFO] [stderr]   Downloaded bumpalo v3.4.0
[INFO] [stderr]   Downloaded chrono v0.4.11
[INFO] [stderr]   Downloaded colorful v0.2.1
[INFO] [stderr]   Downloaded crossbeam-utils v0.6.6
[INFO] [stderr]   Downloaded wasm-bindgen-macro v0.2.63
[INFO] [stderr]   Downloaded quote v0.6.13
[INFO] [stderr]   Downloaded unicode-xid v0.2.0
[INFO] [stderr]   Downloaded wayland-scanner v0.21.13
[INFO] [stderr]   Downloaded x11-dl v2.18.5
[INFO] [stderr]   Downloaded quote v1.0.7
[INFO] [stderr]   Downloaded addr2line v0.12.1
[INFO] [stderr]   Downloaded block v0.1.6
[INFO] [stderr]   Downloaded xml-rs v0.8.3
[INFO] [stderr]   Downloaded num-iter v0.1.41
[INFO] [stderr]   Downloaded memmap v0.7.0
[INFO] [stderr]   Downloaded winapi-util v0.1.5
[INFO] [stderr]   Downloaded andrew v0.2.1
[INFO] [stderr]   Downloaded wayland-protocols v0.21.13
[INFO] [stderr]   Downloaded same-file v1.0.6
[INFO] [stderr]   Downloaded crossbeam-epoch v0.8.2
[INFO] [stderr]   Downloaded wasm-bindgen-shared v0.2.63
[INFO] [stderr]   Downloaded crossbeam-channel v0.3.9
[INFO] [stderr]   Downloaded serde_bytes v0.11.5
[INFO] [stderr]   Downloaded rustc-hash v1.1.0
[INFO] [stderr]   Downloaded parking_lot v0.10.2
[INFO] [stderr]   Downloaded js-sys v0.3.40
[INFO] [stderr]   Downloaded ctor v0.1.15
[INFO] [stderr]   Downloaded parking_lot_core v0.7.2
[INFO] [stderr]   Downloaded heck v0.3.1
[INFO] [stderr]   Downloaded relevant v0.4.2
[INFO] [stderr]   Downloaded nodrop v0.1.14
[INFO] [stderr]   Downloaded miniz_oxide v0.3.7
[INFO] [stderr]   Downloaded freetype v0.4.1
[INFO] [stderr]   Downloaded bytemuck v1.3.1
[INFO] [stderr]   Downloaded copyless v0.1.5
[INFO] [stderr]   Downloaded backtrace v0.3.48
[INFO] [stderr]   Downloaded redox_syscall v0.1.56
[INFO] [stderr]   Downloaded libc v0.2.71
[INFO] [stderr]   Downloaded gfx-backend-empty v0.3.1
[INFO] [stderr]   Downloaded byteorder v1.3.4
[INFO] [stderr]   Downloaded syn v1.0.31
[INFO] [stderr]   Downloaded num-rational v0.3.0
[INFO] [stderr]   Downloaded libm v0.2.1
[INFO] [stderr]   Downloaded void v1.0.2
[INFO] [stderr]   Downloaded rendy-chain v0.4.1
[INFO] [stderr]   Downloaded semver-parser v0.7.0
[INFO] [stderr]   Downloaded ghost v0.1.1
[INFO] [stderr]   Downloaded num-integer v0.1.43
[INFO] [stderr]   Downloaded semver v0.9.0
[INFO] [stderr]   Downloaded image v0.22.5
[INFO] [stderr]   Downloaded storage-map v0.2.0
[INFO] [stderr]   Downloaded num-traits v0.2.12
[INFO] [stderr]   Downloaded itertools v0.8.2
[INFO] [stderr]   Downloaded amethyst_derive v0.15.3
[INFO] [stderr]   Downloaded rustc_version_runtime v0.2.0
[INFO] [stderr]   Downloaded ordered-float v1.0.2
[INFO] [stderr]   Downloaded inflections v1.1.1
[INFO] [stderr]   Downloaded proc-macro-error-attr v1.0.2
[INFO] [stderr]   Downloaded android_glue v0.2.3
[INFO] [stderr]   Downloaded rustc_version v0.2.3
[INFO] [stderr]   Downloaded inventory v0.1.6
[INFO] [stderr]   Downloaded rendy-factory v0.4.1
[INFO] [stderr]   Downloaded gimli v0.21.0
[INFO] [stderr]   Downloaded amethyst_ui v0.15.3
[INFO] [stderr]   Downloaded xdg v2.2.0
[INFO] [stderr]   Downloaded genmesh v0.6.2
[INFO] [stderr]   Downloaded autocfg v1.0.0
[INFO] [stderr]   Downloaded rendy-graph v0.4.1
[INFO] [stderr]   Downloaded wavefront_obj v6.0.0
[INFO] [stderr]   Downloaded inventory-impl v0.1.6
[INFO] [stderr]   Downloaded crossbeam-deque v0.7.3
[INFO] [stderr]   Downloaded crossbeam-queue v0.2.3
[INFO] [stderr]   Downloaded deflate v0.7.20
[INFO] [stderr]   Downloaded parking_lot_core v0.6.2
[INFO] [stderr]   Downloaded core-graphics v0.17.3
[INFO] [stderr]   Downloaded vergen v3.1.0
[INFO] [stderr]   Downloaded slab v0.4.2
[INFO] [stderr]   Downloaded time v0.1.43
[INFO] [stderr]   Downloaded png v0.15.3
[INFO] [stderr]   Downloaded arrayvec v0.4.12
[INFO] [stderr]   Downloaded either v1.5.3
[INFO] [stderr]   Downloaded gltf-derive v0.15.2
[INFO] [stderr]   Downloaded deflate v0.8.6
[INFO] [stderr]   Downloaded object v0.19.0
[INFO] [stderr]   Downloaded rand v0.4.6
[INFO] [stderr]   Downloaded gltf-json v0.15.2
[INFO] [stderr]   Downloaded memoffset v0.5.4
[INFO] [stderr]   Downloaded crossbeam-queue v0.1.2
[INFO] [stderr]   Downloaded lexical v2.2.2
[INFO] [stderr]   Downloaded rayon-core v1.7.0
[INFO] [stderr]   Downloaded gltf v0.15.2
[INFO] [stderr]   Downloaded rendy-texture v0.4.1
[INFO] [stderr]   Downloaded glyph_brush_layout v0.1.9
[INFO] [stderr]   Downloaded proc-macro-hack v0.5.16
[INFO] [stderr]   Downloaded cmake v0.1.44
[INFO] [stderr]   Downloaded rendy-command v0.4.1
[INFO] [stderr]   Downloaded float-ord v0.2.0
[INFO] [stderr]   Downloaded rendy-memory v0.4.1
[INFO] [stderr]   Downloaded metal v0.16.0
[INFO] [stderr]   Downloaded euclid v0.20.13
[INFO] [stderr]   Downloaded glyph_brush v0.6.3
[INFO] [stderr]   Downloaded rendy-mesh v0.4.1
[INFO] [stderr]   Downloaded wasm-bindgen-backend v0.2.63
[INFO] [stderr]   Downloaded rayon v1.3.0
[INFO] [stderr]   Downloaded amethyst_assets v0.15.3
[INFO] [stderr]   Downloaded toml v0.5.6
[INFO] [stderr]   Downloaded rendy-shader v0.4.1
[INFO] [stderr]   Downloaded crc32fast v1.2.0
[INFO] [stderr]   Downloaded tiff v0.3.1
[INFO] [stderr]   Downloaded wayland-client v0.21.13
[INFO] [stderr]   Downloaded servo-fontconfig v0.4.0
[INFO] [stderr]   Downloaded cgmath v0.16.1
[INFO] [stderr]   Downloaded rustc-demangle v0.1.16
[INFO] [stderr]   Downloaded hermit-abi v0.1.14
[INFO] [stderr]   Downloaded downcast-rs v1.1.1
[INFO] [stderr]   Downloaded rand_pcg v0.2.1
[INFO] [stderr]   Downloaded malloc_buf v0.0.6
[INFO] [stderr]   Downloaded color_quant v1.0.1
[INFO] [stderr]   Downloaded scoped_threadpool v0.1.9
[INFO] [stderr]   Downloaded smallvec v0.6.13
[INFO] [stderr]   Downloaded objc_id v0.1.1
[INFO] [stderr]   Downloaded proc-macro2 v0.4.30
[INFO] [stderr]   Downloaded aho-corasick v0.7.10
[INFO] [stderr]   Downloaded proc-macro-crate v0.1.4
[INFO] [stderr]   Downloaded thread_local v1.0.1
[INFO] [stderr]   Downloaded alsa-sys v0.1.2
[INFO] [stderr]   Downloaded ppv-lite86 v0.2.8
[INFO] [stderr]   Downloaded memchr v2.3.3
[INFO] [stderr]   Downloaded regex v1.3.9
[INFO] [stderr]   Downloaded stdweb v0.1.3
[INFO] [stderr]   Downloaded unic-langid-macros v0.8.0
[INFO] [stderr]   Downloaded core-foundation-sys v0.6.2
[INFO] [stderr]   Downloaded rental v0.5.5
[INFO] [stderr]   Downloaded intl_pluralrules v6.0.0
[INFO] [stderr]   Downloaded laminar v0.3.2
[INFO] [stderr]   Downloaded alga_derive v0.9.2
[INFO] [stderr]   Downloaded core-foundation v0.7.0
[INFO] [stderr]   Downloaded fxhash v0.2.1
[INFO] [stderr]   Downloaded unic-langid-macros-impl v0.8.0
[INFO] [stderr]   Downloaded x11-clipboard v0.3.3
[INFO] [stderr]   Downloaded rendy-wsi v0.4.1
[INFO] [stderr]   Downloaded intl-memoizer v0.4.0
[INFO] [stderr]   Downloaded fluent-bundle v0.11.0
[INFO] [stderr]   Downloaded err-derive v0.2.4
[INFO] [stderr]   Downloaded amethyst_animation v0.15.3
[INFO] [stderr]   Downloaded num-complex v0.3.0
[INFO] [stderr]   Downloaded fluent v0.11.0
[INFO] [stderr]   Downloaded objekt v0.1.2
[INFO] [stderr]   Downloaded bytes v0.5.4
[INFO] [stderr]   Downloaded rendy-descriptor v0.4.1
[INFO] [stderr]   Downloaded amethyst_network v0.15.3
[INFO] [stderr]   Downloaded coreaudio-sys v0.2.4
[INFO] [stderr]   Downloaded gfx-backend-vulkan v0.3.3
[INFO] [stderr]   Downloaded font-kit v0.5.0
[INFO] [stderr]   Downloaded paste v0.1.16
[INFO] [stderr]   Downloaded stable_deref_trait v1.1.1
[INFO] [stderr]   Downloaded range-alloc v0.1.1
[INFO] [stderr]   Downloaded static_assertions v0.3.4
[INFO] [stderr]   Downloaded xi-unicode v0.2.0
[INFO] [stderr]   Downloaded proc-macro-error v1.0.2
[INFO] [stderr]   Downloaded spirv_cross v0.15.0
[INFO] [stderr]   Downloaded minterpolate v0.4.0
[INFO] [stderr]   Downloaded fluent-syntax v0.9.3
[INFO] [stderr]   Downloaded rendy-resource v0.4.1
[INFO] [stderr]   Downloaded rustversion v1.0.2
[INFO] [stderr]   Downloaded wasm-bindgen v0.2.63
[INFO] [stderr]   Downloaded fluent-langneg v0.12.1
[INFO] [stderr]   Downloaded syn-mid v0.5.0
[INFO] [stderr]   Downloaded lyon_geom v0.14.1
[INFO] [stderr]   Downloaded twox-hash v1.5.0
[INFO] [stderr]   Downloaded phf_codegen v0.7.24
[INFO] [stderr]   Downloaded autocfg v0.1.7
[INFO] [stderr]   Downloaded dirs v2.0.2
[INFO] [stderr]   Downloaded synstructure v0.12.4
[INFO] [stderr]   Downloaded dirs-sys v0.3.5
[INFO] [stderr]   Downloaded base64 v0.11.0
[INFO] [stderr]   Downloaded arrayref v0.3.6
[INFO] [stderr]   Downloaded rand_chacha v0.1.1
[INFO] [stderr]   Downloaded version_check v0.9.2
[INFO] [stderr]   Downloaded getrandom v0.1.14
[INFO] [stderr]   Downloaded clipboard-win v2.2.0
[INFO] [stderr]   Downloaded xcb v0.8.2
[INFO] [stderr]   Downloaded mint v0.5.5
[INFO] [stderr]   Downloaded mach v0.3.2
[INFO] [stderr]   Downloaded slice-deque v0.3.0
[INFO] [stderr]   Downloaded thiserror-impl v1.0.19
[INFO] [stderr]   Downloaded minimp3 v0.3.5
[INFO] [stderr]   Downloaded shlex v0.1.1
[INFO] [stderr]   Downloaded ogg v0.7.0
[INFO] [stderr]   Downloaded build_const v0.2.1
[INFO] [stderr]   Downloaded crc v1.8.1
[INFO] [stderr]   Downloaded alga v0.9.3
[INFO] [stderr]   Downloaded env_logger v0.7.1
[INFO] [stderr]   Downloaded glob v0.3.0
[INFO] [stderr]   Downloaded tynm v0.1.4
[INFO] [stderr]   Downloaded shrev v1.1.1
[INFO] [stderr]   Downloaded num-complex v0.2.4
[INFO] [stderr]   Downloaded tinyvec v0.3.3
[INFO] [stderr]   Downloaded peeking_take_while v0.1.2
[INFO] [stderr]   Downloaded rawpointer v0.2.1
[INFO] [stderr]   Downloaded mopa v0.2.2
[INFO] [stderr]   Downloaded shred-derive v0.6.2
[INFO] [stderr]   Downloaded specs-hierarchy v0.6.0
[INFO] [stderr]   Downloaded lewton v0.10.1
[INFO] [stderr]   Downloaded amethyst_error v0.15.3
[INFO] [stderr]   Downloaded shred v0.10.2
[INFO] [stderr]   Downloaded amethyst_core v0.15.3
[INFO] [stderr]   Downloaded hound v3.4.0
[INFO] [stderr]   Downloaded cpal v0.11.0
[INFO] [stderr]   Downloaded redox_users v0.3.4
[INFO] [stderr]   Downloaded rand_os v0.1.3
[INFO] [stderr]   Downloaded rand v0.6.5
[INFO] [stderr]   Downloaded generic-array v0.13.2
[INFO] [stderr]   Downloaded atom v0.3.5
[INFO] [stderr]   Downloaded fern v0.6.0
[INFO] [stderr]   Downloaded hibitset v0.6.3
[INFO] [stderr]   Downloaded smallvec v1.4.0
[INFO] [stderr]   Downloaded specs-derive v0.4.1
[INFO] [stderr]   Downloaded blake2b_simd v0.5.10
[INFO] [stderr]   Downloaded coreaudio-rs v0.9.1
[INFO] [stderr]   Downloaded amethyst_audio v0.15.3
[INFO] [stderr]   Downloaded claxon v0.4.2
[INFO] [stderr]   Downloaded clipboard v0.5.0
[INFO] [stderr]   Downloaded edit-distance v2.1.0
[INFO] [stderr]   Downloaded thiserror v1.0.19
[INFO] [stderr]   Downloaded minimp3-sys v0.3.2
[INFO] [stderr]   Downloaded libloading v0.5.2
[INFO] [stderr]   Downloaded lazycell v1.2.1
[INFO] [stderr]   Downloaded hashbrown v0.7.2
[INFO] [stderr]   Downloaded rust-argon2 v0.7.0
[INFO] [stderr]   Downloaded phf_generator v0.7.24
[INFO] [stderr]   Downloaded rand_hc v0.1.0
[INFO] [stderr]   Downloaded derive-new v0.5.8
[INFO] [stderr]   Downloaded phf_shared v0.7.24
[INFO] [stderr]   Downloaded rand_pcg v0.1.2
[INFO] [stderr]   Downloaded arrayvec v0.5.1
[INFO] [stderr]   Downloaded rand_jitter v0.1.4
[INFO] [stderr]   Downloaded objc-foundation v0.1.1
[INFO] [stderr]   Downloaded constant_time_eq v0.1.5
[INFO] [stderr]   Downloaded derivative v2.1.1
[INFO] [stderr]   Downloaded approx v0.1.1
[INFO] [stderr]   Downloaded fuchsia-cprng v0.1.1
[INFO] [stderr]   Downloaded rdrand v0.4.0
[INFO] [stderr]   Downloaded siphasher v0.2.3
[INFO] [stderr]   Downloaded rand_core v0.3.1
[INFO] [stderr]   Downloaded objc v0.2.7
[INFO] [stderr]   Downloaded num-traits v0.1.43
[INFO] [stderr]   Downloaded raw-window-handle v0.1.2
[INFO] [stderr]   Downloaded servo-fontconfig-sys v4.0.9
[INFO] [stderr]   Downloaded unicode-normalization v0.1.12
[INFO] [stderr]   Downloaded proc_macro_roids v0.7.0
[INFO] [stderr]   Downloaded servo-freetype-sys v4.0.5
[INFO] [stderr]   Downloaded rand_isaac v0.1.1
[INFO] [stderr]   Downloaded rand_xorshift v0.1.1
[INFO] [stderr]   Downloaded specs v0.16.1
[INFO] [stderr]   Downloaded rendy-util v0.4.1
[INFO] [stderr]   Downloaded crossbeam-channel v0.4.2
[INFO] [stderr]   Downloaded ron v0.5.1
[INFO] [stderr]   Downloaded getset v0.0.9
[INFO] [stderr]   Downloaded rental-impl v0.5.5
[INFO] [stderr]   Downloaded clang-sys v0.29.3
[INFO] [stderr]   Downloaded bindgen v0.53.3
[INFO] [stderr]   Downloaded x11 v2.18.2
[INFO] [stderr]   Downloaded matrixmultiply v0.2.3
[INFO] [stderr]   Downloaded amethyst_utils v0.15.3
[INFO] [stderr]   Downloaded unic-langid-impl v0.8.0
[INFO] [stderr]   Downloaded ash v0.29.0
[INFO] [stderr]   Downloaded rodio v0.11.0
[INFO] [stderr]   Downloaded core-foundation-sys v0.7.0
[INFO] [stderr]   Downloaded cexpr v0.4.0
[INFO] [stderr]   Downloaded nalgebra v0.19.0
[INFO] [stderr]   Downloaded derivative v1.0.4
[INFO] [stderr]   Downloaded shared_library v0.1.9
[INFO] [stderr]   Downloaded dwrote v0.9.0
[INFO] [stderr]   Downloaded rand_distr v0.2.2
[INFO] [stderr]   Downloaded atty v0.2.14
[INFO] [stderr]   Downloaded colored v1.9.3
[INFO] [stderr]   Downloaded nom v5.1.2
[INFO] [stderr]   Downloaded type-map v0.3.0
[INFO] [stderr]   Downloaded thread_profiler v0.3.0
[INFO] [stderr]   Downloaded core-graphics v0.19.0
[INFO] [stderr]   Downloaded serde_json v1.0.55
[INFO] [stderr]   Downloaded amethyst_locale v0.15.3
[INFO] [stderr]   Downloaded num v0.3.0
[INFO] [stderr]   Downloaded tuple_utils v0.3.0
[INFO] [stderr]   Downloaded quickcheck v0.9.2
[INFO] [stderr]   Downloaded gfx-backend-metal v0.3.3
[INFO] [stderr]   Downloaded ahash v0.3.8
[INFO] [stderr]   Downloaded unic-langid v0.8.0
[INFO] [stderr]   Downloaded glsl-layout-derive v0.3.2
[INFO] [stderr]   Downloaded palette_derive v0.4.1
[INFO] [stderr]   Downloaded serde_derive v1.0.112
[INFO] [stderr]   Downloaded png v0.16.7
[INFO] [stderr]   Downloaded tiff v0.2.2
[INFO] [stderr]   Downloaded failure v0.1.8
[INFO] [stderr]   Downloaded rand_core v0.4.2
[INFO] [stderr]   Downloaded amethyst v0.15.3
[INFO] [stderr]   Downloaded palette v0.4.1
[INFO] [stderr]   Downloaded syn v0.14.9
[INFO] [stderr]   Downloaded serde v1.0.112
[INFO] [stderr]   Downloaded amethyst_window v0.15.3
[INFO] [stderr]   Downloaded glsl-layout v0.3.2
[INFO] [stderr]   Downloaded core-text v15.0.0
[INFO] [stderr]   Downloaded failure_derive v0.1.8
[INFO] [stderr]   Downloaded phf v0.7.24
[INFO] [stderr]   Downloaded amethyst_rendy v0.15.3
[INFO] [stderr]   Downloaded itoa v0.4.5
[INFO] [stderr]   Downloaded typenum v1.12.0
[INFO] [stderr]   Downloaded libloading v0.6.2
[INFO] [stderr]   Downloaded lyon_path v0.14.0
[INFO] [stderr]   Downloaded amethyst_input v0.15.3
[INFO] [stderr]   Downloaded num-bigint v0.3.0
[INFO] [stderr]   Downloaded rendy-frame v0.4.1
[INFO] [stderr]   Downloaded paste-impl v0.1.16
[INFO] [stderr]   Downloaded amethyst_controls v0.15.3
[INFO] [stderr]   Downloaded image v0.23.8
[INFO] [stderr]   Downloaded rendy v0.4.1
[INFO] [stderr]   Downloaded base64 v0.10.1
[INFO] [stderr]   Downloaded cocoa v0.19.1
[INFO] [stderr]   Downloaded amethyst_config v0.15.3
[INFO] [stderr]   Downloaded wasm-bindgen-macro-support v0.2.63
[INFO] [stderr]   Downloaded erased-serde v0.3.11
[INFO] [stderr]   Downloaded gfx-hal v0.3.1
[INFO] [stderr]   Downloaded expat-sys v2.1.6
[INFO] [stderr]   Downloaded unicode-segmentation v1.6.0
[INFO] [stderr]   Downloaded png v0.14.1
[INFO] [stderr]   Downloaded dunce v1.0.1
[INFO] [stderr]   Downloaded regex-syntax v0.6.18
[INFO] [stderr]   Downloaded static_assertions v1.1.0
[INFO] [stderr]   Downloaded proc-macro2 v1.0.18
[INFO] [stderr]   Downloaded objc_exception v0.1.2
[INFO] [stderr]   Downloaded tinystr v0.3.2
[INFO] [stderr]   Downloaded cc v1.0.54
[INFO] [stderr]   Downloaded adler32 v1.0.4
[INFO] [stderr]   Downloaded num-derive v0.2.5
[INFO] [stderr]   Downloaded core-foundation v0.6.4
[INFO] [stderr]   Downloaded gif v0.10.3
[INFO] [stderr]   Downloaded rusttype v0.8.3
[INFO] [stderr]   Downloaded wayland-commons v0.21.13
[INFO] [stderr]   Downloaded lexical-core v0.4.6
[INFO] [stderr]   Downloaded winapi v0.3.8
[INFO] [stderr]   Downloaded maybe-uninit v2.0.0
[INFO] [stderr]   Downloaded winit v0.19.5
[INFO] [stderr]   Downloaded jpeg-decoder v0.1.19
[INFO] [stderr]   Downloaded crossbeam-utils v0.7.2
[INFO] [stderr]   Downloaded walkdir v2.3.1
[INFO] [stderr]   Downloaded nix v0.14.1
[INFO] [stderr]   Downloaded smithay-client-toolkit v0.4.6
[INFO] [stderr]   Downloaded dlib v0.4.2
[INFO] [stderr]   Downloaded wayland-sys v0.21.13
[INFO] [stderr]   Downloaded pkg-config v0.3.17
[INFO] [stderr]   Downloaded syn v0.15.44
[INFO] [stderr]   Downloaded foreign-types v0.3.2
[INFO] [stderr]   Downloaded image v0.21.3
[INFO] [stderr]   Downloaded stb_truetype v0.3.1
[INFO] [stderr]   Downloaded log v0.4.8
[INFO] [stderr]   Downloaded line_drawing v0.7.0
[INFO] running `Command { std: "docker" "create" "-v" "/var/lib/crater-agent-workspace/builds/worker-5/target:/opt/rustwide/target:rw,Z" "-v" "/var/lib/crater-agent-workspace/builds/worker-5/source:/opt/rustwide/workdir:ro,Z" "-v" "/var/lib/crater-agent-workspace/cargo-home:/opt/rustwide/cargo-home:ro,Z" "-v" "/var/lib/crater-agent-workspace/rustup-home:/opt/rustwide/rustup-home:ro,Z" "-e" "SOURCE_DIR=/opt/rustwide/workdir" "-e" "CARGO_TARGET_DIR=/opt/rustwide/target" "-e" "CARGO_HOME=/opt/rustwide/cargo-home" "-e" "RUSTUP_HOME=/opt/rustwide/rustup-home" "-w" "/opt/rustwide/workdir" "-m" "1610612736" "--user" "0:0" "--network" "none" "ghcr.io/rust-lang/crates-build-env/linux@sha256:34b6a614d2c27851fe6cbf88fbd1137609cefab8b10d0615aaeb6fd47975d74e" "/opt/rustwide/cargo-home/bin/cargo" "+beta-2021-08-01" "metadata" "--no-deps" "--format-version=1", kill_on_drop: false }`
[INFO] [stdout] b184136b2e483435444d4b6a2ab6db470cab8ac2f862f8961f985117f0344d6e
[INFO] running `Command { std: "docker" "start" "-a" "b184136b2e483435444d4b6a2ab6db470cab8ac2f862f8961f985117f0344d6e", kill_on_drop: false }`
[INFO] running `Command { std: "docker" "inspect" "b184136b2e483435444d4b6a2ab6db470cab8ac2f862f8961f985117f0344d6e", kill_on_drop: false }`
[INFO] running `Command { std: "docker" "rm" "-f" "b184136b2e483435444d4b6a2ab6db470cab8ac2f862f8961f985117f0344d6e", kill_on_drop: false }`
[INFO] [stdout] b184136b2e483435444d4b6a2ab6db470cab8ac2f862f8961f985117f0344d6e
[INFO] running `Command { std: "docker" "create" "-v" "/var/lib/crater-agent-workspace/builds/worker-5/target:/opt/rustwide/target:rw,Z" "-v" "/var/lib/crater-agent-workspace/builds/worker-5/source:/opt/rustwide/workdir:ro,Z" "-v" "/var/lib/crater-agent-workspace/cargo-home:/opt/rustwide/cargo-home:ro,Z" "-v" "/var/lib/crater-agent-workspace/rustup-home:/opt/rustwide/rustup-home:ro,Z" "-e" "SOURCE_DIR=/opt/rustwide/workdir" "-e" "CARGO_TARGET_DIR=/opt/rustwide/target" "-e" "CARGO_INCREMENTAL=0" "-e" "RUST_BACKTRACE=full" "-e" "RUSTDOCFLAGS=--cap-lints=warn" "-e" "CARGO_HOME=/opt/rustwide/cargo-home" "-e" "RUSTUP_HOME=/opt/rustwide/rustup-home" "-w" "/opt/rustwide/workdir" "-m" "1610612736" "--user" "0:0" "--network" "none" "ghcr.io/rust-lang/crates-build-env/linux@sha256:34b6a614d2c27851fe6cbf88fbd1137609cefab8b10d0615aaeb6fd47975d74e" "/opt/rustwide/cargo-home/bin/cargo" "+beta-2021-08-01" "doc" "--frozen" "--no-deps" "--document-private-items" "--message-format=json", kill_on_drop: false }`
[INFO] [stdout] 664e95d7ca0c19e1811fda8ead81370be1f65ea4da74b7ae9d07a91fd5a9b263
[INFO] running `Command { std: "docker" "start" "-a" "664e95d7ca0c19e1811fda8ead81370be1f65ea4da74b7ae9d07a91fd5a9b263", kill_on_drop: false }`
[INFO] [stderr]     Blocking waiting for file lock on package cache
[INFO] [stderr]     Blocking waiting for file lock on package cache
[INFO] [stderr]     Blocking waiting for file lock on package cache
[INFO] [stderr]    Compiling libc v0.2.71
[INFO] [stderr]    Compiling syn v1.0.31
[INFO] [stderr]    Compiling serde v1.0.112
[INFO] [stderr]    Compiling log v0.4.8
[INFO] [stderr]     Checking gimli v0.21.0
[INFO] [stderr]     Checking object v0.19.0
[INFO] [stderr]     Checking atom v0.3.5
[INFO] [stderr]    Compiling serde_json v1.0.55
[INFO] [stderr]    Compiling rand_core v0.4.2
[INFO] [stderr]    Compiling ppv-lite86 v0.2.8
[INFO] [stderr]     Checking mint v0.5.5
[INFO] [stderr]     Checking mopa v0.2.2
[INFO] [stderr]     Checking colorful v0.2.1
[INFO] [stderr]     Checking tuple_utils v0.3.0
[INFO] [stderr]     Checking shrev v1.1.1
[INFO] [stderr]    Compiling edit-distance v2.1.0
[INFO] [stderr]    Compiling tinystr v0.3.2
[INFO] [stderr]     Checking approx v0.1.1
[INFO] [stderr]     Checking objekt v0.1.2
[INFO] [stderr]    Compiling cgmath v0.16.1
[INFO] [stderr]     Checking bytemuck v1.3.1
[INFO] [stderr]    Compiling cpal v0.11.0
[INFO] [stderr]     Checking stable_deref_trait v1.1.1
[INFO] [stderr]     Checking claxon v0.4.2
[INFO] [stderr]     Checking semver-parser v0.7.0
[INFO] [stderr]     Checking dunce v1.0.1
[INFO] [stderr]    Compiling num-traits v0.2.12
[INFO] [stderr]    Compiling num-iter v0.1.41
[INFO] [stderr]    Compiling x11 v2.18.2
[INFO] [stderr]    Compiling nom v5.1.2
[INFO] [stderr]    Compiling hashbrown v0.7.2
[INFO] [stderr]    Compiling num-complex v0.2.4
[INFO] [stderr]    Compiling proc-macro-error-attr v1.0.2
[INFO] [stderr]    Compiling num-bigint v0.3.0
[INFO] [stderr]    Compiling proc-macro-error v1.0.2
[INFO] [stderr]    Compiling num-rational v0.3.0
[INFO] [stderr]    Compiling alsa-sys v0.1.2
[INFO] [stderr]     Checking miniz_oxide v0.3.7
[INFO] [stderr]    Compiling servo-fontconfig-sys v4.0.9
[INFO] [stderr]     Checking itertools v0.8.2
[INFO] [stderr]    Compiling cmake v0.1.44
[INFO] [stderr]    Compiling minimp3-sys v0.3.2
[INFO] [stderr]    Compiling phf_shared v0.7.24
[INFO] [stderr]    Compiling inventory v0.1.6
[INFO] [stderr]    Compiling libm v0.2.1
[INFO] [stderr]     Checking crossbeam-queue v0.1.2
[INFO] [stderr]     Checking unic-langid-impl v0.8.0
[INFO] [stderr]     Checking semver v0.9.0
[INFO] [stderr]     Checking deflate v0.7.20
[INFO] [stderr]     Checking deflate v0.8.6
[INFO] [stderr]    Compiling lexical-core v0.4.6
[INFO] [stderr]    Compiling lexical v2.2.2
[INFO] [stderr]    Compiling rustc_version_runtime v0.2.0
[INFO] [stderr]    Compiling aho-corasick v0.7.10
[INFO] [stderr]     Checking lewton v0.10.1
[INFO] [stderr]     Checking crossbeam-channel v0.4.2
[INFO] [stderr]    Compiling syn v0.14.9
[INFO] [stderr]    Compiling rand_core v0.3.1
[INFO] [stderr]    Compiling rand_pcg v0.1.2
[INFO] [stderr]    Compiling rand_jitter v0.1.4
[INFO] [stderr]    Compiling num-derive v0.2.5
[INFO] [stderr]    Compiling derivative v1.0.4
[INFO] [stderr]     Checking rustc_version v0.2.3
[INFO] [stderr]    Compiling rand_isaac v0.1.1
[INFO] [stderr]    Compiling rand_xorshift v0.1.1
[INFO] [stderr]    Compiling rand_chacha v0.1.1
[INFO] [stderr]    Compiling rand_hc v0.1.0
[INFO] [stderr]     Checking png v0.15.3
[INFO] [stderr]     Checking png v0.16.7
[INFO] [stderr]    Compiling servo-freetype-sys v4.0.5
[INFO] [stderr]    Compiling expat-sys v2.1.6
[INFO] [stderr]    Compiling getrandom v0.1.14
[INFO] [stderr]    Compiling rand_os v0.1.3
[INFO] [stderr]    Compiling time v0.1.43
[INFO] [stderr]    Compiling dirs-sys v0.3.5
[INFO] [stderr]    Compiling xcb v0.8.2
[INFO] [stderr]     Checking num_cpus v1.13.0
[INFO] [stderr]     Checking nix v0.14.1
[INFO] [stderr]     Checking memmap v0.7.0
[INFO] [stderr]     Checking raw-window-handle v0.3.3
[INFO] [stderr]     Checking x11-dl v2.18.5
[INFO] [stderr]     Checking shared_library v0.1.9
[INFO] [stderr]     Checking raw-window-handle v0.1.2
[INFO] [stderr]     Checking rand v0.4.6
[INFO] [stderr]     Checking slice-deque v0.3.0
[INFO] [stderr]     Checking atty v0.2.14
[INFO] [stderr]    Compiling regex v1.3.9
[INFO] [stderr]     Checking addr2line v0.12.1
[INFO] [stderr]    Compiling dirs v2.0.2
[INFO] [stderr]    Compiling rand_core v0.5.1
[INFO] [stderr]    Compiling rand v0.6.5
[INFO] [stderr]     Checking rayon-core v1.7.0
[INFO] [stderr]     Checking num-integer v0.1.43
[INFO] [stderr]     Checking approx v0.3.2
[INFO] [stderr]     Checking ordered-float v1.0.2
[INFO] [stderr]     Checking line_drawing v0.7.0
[INFO] [stderr]     Checking num-traits v0.1.43
[INFO] [stderr]     Checking euclid v0.20.13
[INFO] [stderr] error: could not compile `syn`
[INFO] [stderr] 
[INFO] [stderr] Caused by:
[INFO] [stderr]   process didn't exit successfully: `rustc --crate-name syn /opt/rustwide/cargo-home/registry/src/github.com-1ecc6299db9ec823/syn-0.14.9/src/lib.rs --error-format=json --json=diagnostic-rendered-ansi --crate-type lib --emit=dep-info,metadata,link -C embed-bitcode=no -C debuginfo=2 --cfg 'feature="clone-impls"' --cfg 'feature="default"' --cfg 'feature="derive"' --cfg 'feature="extra-traits"' --cfg 'feature="parsing"' --cfg 'feature="printing"' --cfg 'feature="proc-macro"' --cfg 'feature="quote"' --cfg 'feature="visit"' -C metadata=26703b31a16945cd -C extra-filename=-26703b31a16945cd --out-dir /opt/rustwide/target/debug/deps -L dependency=/opt/rustwide/target/debug/deps --extern proc_macro2=/opt/rustwide/target/debug/deps/libproc_macro2-f439e41abbdfaa3d.rmeta --extern quote=/opt/rustwide/target/debug/deps/libquote-7ccaeb7120cae352.rmeta --extern unicode_xid=/opt/rustwide/target/debug/deps/libunicode_xid-17566c89b81f032a.rmeta --cap-lints allow` (signal: 9, SIGKILL: kill)
[INFO] [stderr] warning: build failed, waiting for other jobs to finish...
[INFO] [stdout] error[E0308]: mismatched types
[INFO] [stdout]    --> /opt/rustwide/cargo-home/registry/src/github.com-1ecc6299db9ec823/lexical-core-0.4.6/src/atof/algorithm/bigcomp.rs:243:55
[INFO] [stdout]     |
[INFO] [stdout] 243 |     let nlz = den.leading_zeros().wrapping_sub(wlz) & (u32::BITS - 1);
[INFO] [stdout]     |                                                       ^^^^^^^^^^^^^^^ expected `usize`, found `u32`
[INFO] [stdout] 
[INFO] [stdout] 
[INFO] [stdout] error[E0277]: no implementation for `usize & u32`
[INFO] [stdout]    --> /opt/rustwide/cargo-home/registry/src/github.com-1ecc6299db9ec823/lexical-core-0.4.6/src/atof/algorithm/bigcomp.rs:243:53
[INFO] [stdout]     |
[INFO] [stdout] 243 |     let nlz = den.leading_zeros().wrapping_sub(wlz) & (u32::BITS - 1);
[INFO] [stdout]     |                                                     ^ no implementation for `usize & u32`
[INFO] [stdout]     |
[INFO] [stdout]     = help: the trait `BitAnd<u32>` is not implemented for `usize`
[INFO] [stdout] 
[INFO] [stdout] 
[INFO] [stdout] error[E0308]: mismatched types
[INFO] [stdout]    --> /opt/rustwide/cargo-home/registry/src/github.com-1ecc6299db9ec823/lexical-core-0.4.6/src/atof/algorithm/bigcomp.rs:261:40
[INFO] [stdout]     |
[INFO] [stdout] 261 |         let (q, r) = shift.ceil_divmod(Limb::BITS);
[INFO] [stdout]     |                                        ^^^^^^^^^^ expected `usize`, found `u32`
[INFO] [stdout]     |
[INFO] [stdout] help: you can convert a `u32` to a `usize` and panic if the converted value doesn't fit
[INFO] [stdout]     |
[INFO] [stdout] 261 |         let (q, r) = shift.ceil_divmod(Limb::BITS.try_into().unwrap());
[INFO] [stdout]     |                                        ^^^^^^^^^^^^^^^^^^^^^^^^^^^^^^
[INFO] [stdout] 
[INFO] [stdout] 
[INFO] [stdout] error[E0308]: mismatched types
[INFO] [stdout]   --> /opt/rustwide/cargo-home/registry/src/github.com-1ecc6299db9ec823/lexical-core-0.4.6/src/atof/algorithm/bigint.rs:85:24
[INFO] [stdout]    |
[INFO] [stdout] 85 |     let bytes = bits / Limb::BITS;
[INFO] [stdout]    |                        ^^^^^^^^^^ expected `usize`, found `u32`
[INFO] [stdout] 
[INFO] [stdout] 
[INFO] [stdout] error[E0277]: cannot divide `usize` by `u32`
[INFO] [stdout]   --> /opt/rustwide/cargo-home/registry/src/github.com-1ecc6299db9ec823/lexical-core-0.4.6/src/atof/algorithm/bigint.rs:85:22
[INFO] [stdout]    |
[INFO] [stdout] 85 |     let bytes = bits / Limb::BITS;
[INFO] [stdout]    |                      ^ no implementation for `usize / u32`
[INFO] [stdout]    |
[INFO] [stdout]    = help: the trait `Div<u32>` is not implemented for `usize`
[INFO] [stdout] 
[INFO] [stdout] 
[INFO] [stdout] error[E0308]: mismatched types
[INFO] [stdout]     --> /opt/rustwide/cargo-home/registry/src/github.com-1ecc6299db9ec823/lexical-core-0.4.6/src/atof/algorithm/math.rs:1045:42
[INFO] [stdout]      |
[INFO] [stdout] 1045 |     let mut count = index.saturating_mul(Limb::BITS);
[INFO] [stdout]      |                                          ^^^^^^^^^^ expected `usize`, found `u32`
[INFO] [stdout]      |
[INFO] [stdout] help: you can convert a `u32` to a `usize` and panic if the converted value doesn't fit
[INFO] [stdout]      |
[INFO] [stdout] 1045 |     let mut count = index.saturating_mul(Limb::BITS.try_into().unwrap());
[INFO] [stdout]      |                                          ^^^^^^^^^^^^^^^^^^^^^^^^^^^^^^
[INFO] [stdout] 
[INFO] [stdout] 
[INFO] [stdout] error[E0308]: mismatched types
[INFO] [stdout]     --> /opt/rustwide/cargo-home/registry/src/github.com-1ecc6299db9ec823/lexical-core-0.4.6/src/atof/algorithm/math.rs:1060:28
[INFO] [stdout]      |
[INFO] [stdout] 1060 |     Limb::BITS.checked_mul(x.len())
[INFO] [stdout]      |                            ^^^^^^^ expected `u32`, found `usize`
[INFO] [stdout]      |
[INFO] [stdout] help: you can convert a `usize` to a `u32` and panic if the converted value doesn't fit
[INFO] [stdout]      |
[INFO] [stdout] 1060 |     Limb::BITS.checked_mul(x.len().try_into().unwrap())
[INFO] [stdout]      |                            ^^^^^^^^^^^^^^^^^^^^^^^^^^^
[INFO] [stdout] 
[INFO] [stdout] 
[INFO] [stdout] error[E0308]: mismatched types
[INFO] [stdout]     --> /opt/rustwide/cargo-home/registry/src/github.com-1ecc6299db9ec823/lexical-core-0.4.6/src/atof/algorithm/math.rs:1061:22
[INFO] [stdout]      |
[INFO] [stdout] 1061 |         .map(|v| v - nlz)
[INFO] [stdout]      |                      ^^^ expected `u32`, found `usize`
[INFO] [stdout] 
[INFO] [stdout] 
[INFO] [stdout] error[E0277]: cannot subtract `usize` from `u32`
[INFO] [stdout]     --> /opt/rustwide/cargo-home/registry/src/github.com-1ecc6299db9ec823/lexical-core-0.4.6/src/atof/algorithm/math.rs:1061:20
[INFO] [stdout]      |
[INFO] [stdout] 1061 |         .map(|v| v - nlz)
[INFO] [stdout]      |                    ^ no implementation for `u32 - usize`
[INFO] [stdout]      |
[INFO] [stdout]      = help: the trait `Sub<usize>` is not implemented for `u32`
[INFO] [stdout] 
[INFO] [stdout] 
[INFO] [stdout] error[E0308]: mismatched types
[INFO] [stdout]     --> /opt/rustwide/cargo-home/registry/src/github.com-1ecc6299db9ec823/lexical-core-0.4.6/src/atof/algorithm/math.rs:1062:20
[INFO] [stdout]      |
[INFO] [stdout] 1062 |         .unwrap_or(usize::max_value())
[INFO] [stdout]      |                    ^^^^^^^^^^^^^^^^^^ expected `u32`, found `usize`
[INFO] [stdout]      |
[INFO] [stdout] help: you can convert a `usize` to a `u32` and panic if the converted value doesn't fit
[INFO] [stdout]      |
[INFO] [stdout] 1062 |         .unwrap_or(usize::max_value().try_into().unwrap())
[INFO] [stdout]      |                    ^^^^^^^^^^^^^^^^^^^^^^^^^^^^^^^^^^^^^^
[INFO] [stdout] 
[INFO] [stdout] 
[INFO] [stdout] error[E0308]: mismatched types
[INFO] [stdout]     --> /opt/rustwide/cargo-home/registry/src/github.com-1ecc6299db9ec823/lexical-core-0.4.6/src/atof/algorithm/math.rs:1060:5
[INFO] [stdout]      |
[INFO] [stdout] 1056 |   pub fn bit_length(x: &[Limb]) -> usize {
[INFO] [stdout]      |                                    ----- expected `usize` because of return type
[INFO] [stdout] ...
[INFO] [stdout] 1060 | /     Limb::BITS.checked_mul(x.len())
[INFO] [stdout] 1061 | |         .map(|v| v - nlz)
[INFO] [stdout] 1062 | |         .unwrap_or(usize::max_value())
[INFO] [stdout]      | |______________________________________^ expected `usize`, found `u32`
[INFO] [stdout]      |
[INFO] [stdout] help: you can convert a `u32` to a `usize` and panic if the converted value doesn't fit
[INFO] [stdout]      |
[INFO] [stdout] 1060 |     Limb::BITS.checked_mul(x.len())
[INFO] [stdout] 1061 |         .map(|v| v - nlz)
[INFO] [stdout] 1062 |         .unwrap_or(usize::max_value()).try_into().unwrap()
[INFO] [stdout]      |
[INFO] [stdout] 
[INFO] [stdout] 
[INFO] [stdout] error[E0308]: mismatched types
[INFO] [stdout]     --> /opt/rustwide/cargo-home/registry/src/github.com-1ecc6299db9ec823/lexical-core-0.4.6/src/atof/algorithm/math.rs:1087:23
[INFO] [stdout]      |
[INFO] [stdout] 1087 |     debug_assert!(n < bits && n != 0);
[INFO] [stdout]      |                       ^^^^ expected `usize`, found `u32`
[INFO] [stdout]      |
[INFO] [stdout] help: you can convert a `u32` to a `usize` and panic if the converted value doesn't fit
[INFO] [stdout]      |
[INFO] [stdout] 1087 |     debug_assert!(n < bits.try_into().unwrap() && n != 0);
[INFO] [stdout]      |                       ^^^^^^^^^^^^^^^^^^^^^^^^
[INFO] [stdout] 
[INFO] [stdout] 
[INFO] [stdout] error[E0308]: mismatched types
[INFO] [stdout]     --> /opt/rustwide/cargo-home/registry/src/github.com-1ecc6299db9ec823/lexical-core-0.4.6/src/atof/algorithm/math.rs:1094:25
[INFO] [stdout]      |
[INFO] [stdout] 1094 |     let lshift = bits - n;
[INFO] [stdout]      |                         ^ expected `u32`, found `usize`
[INFO] [stdout] 
[INFO] [stdout] 
[INFO] [stdout] error[E0277]: cannot subtract `usize` from `u32`
[INFO] [stdout]     --> /opt/rustwide/cargo-home/registry/src/github.com-1ecc6299db9ec823/lexical-core-0.4.6/src/atof/algorithm/math.rs:1094:23
[INFO] [stdout]      |
[INFO] [stdout] 1094 |     let lshift = bits - n;
[INFO] [stdout]      |                       ^ no implementation for `u32 - usize`
[INFO] [stdout]      |
[INFO] [stdout]      = help: the trait `Sub<usize>` is not implemented for `u32`
[INFO] [stdout] 
[INFO] [stdout] 
[INFO] [stdout] error[E0308]: mismatched types
[INFO] [stdout]     --> /opt/rustwide/cargo-home/registry/src/github.com-1ecc6299db9ec823/lexical-core-0.4.6/src/atof/algorithm/math.rs:1135:19
[INFO] [stdout]      |
[INFO] [stdout] 1135 |     let rem = n % bits;
[INFO] [stdout]      |                   ^^^^ expected `usize`, found `u32`
[INFO] [stdout] 
[INFO] [stdout] 
[INFO] [stdout] error[E0277]: cannot mod `usize` by `u32`
[INFO] [stdout]     --> /opt/rustwide/cargo-home/registry/src/github.com-1ecc6299db9ec823/lexical-core-0.4.6/src/atof/algorithm/math.rs:1135:17
[INFO] [stdout]      |
[INFO] [stdout] 1135 |     let rem = n % bits;
[INFO] [stdout]      |                 ^ no implementation for `usize % u32`
[INFO] [stdout]      |
[INFO] [stdout]      = help: the trait `Rem<u32>` is not implemented for `usize`
[INFO] [stdout] 
[INFO] [stdout] 
[INFO] [stdout] error[E0308]: mismatched types
[INFO] [stdout]     --> /opt/rustwide/cargo-home/registry/src/github.com-1ecc6299db9ec823/lexical-core-0.4.6/src/atof/algorithm/math.rs:1136:19
[INFO] [stdout]      |
[INFO] [stdout] 1136 |     let div = n / bits;
[INFO] [stdout]      |                   ^^^^ expected `usize`, found `u32`
[INFO] [stdout] 
[INFO] [stdout] 
[INFO] [stdout] error[E0277]: cannot divide `usize` by `u32`
[INFO] [stdout]     --> /opt/rustwide/cargo-home/registry/src/github.com-1ecc6299db9ec823/lexical-core-0.4.6/src/atof/algorithm/math.rs:1136:17
[INFO] [stdout]      |
[INFO] [stdout] 1136 |     let div = n / bits;
[INFO] [stdout]      |                 ^ no implementation for `usize / u32`
[INFO] [stdout]      |
[INFO] [stdout]      = help: the trait `Div<u32>` is not implemented for `usize`
[INFO] [stdout] 
[INFO] [stdout] 
[INFO] [stdout] error[E0308]: mismatched types
[INFO] [stdout]     --> /opt/rustwide/cargo-home/registry/src/github.com-1ecc6299db9ec823/lexical-core-0.4.6/src/atof/algorithm/math.rs:1192:23
[INFO] [stdout]      |
[INFO] [stdout] 1192 |     debug_assert!(n < bits);
[INFO] [stdout]      |                       ^^^^ expected `usize`, found `u32`
[INFO] [stdout]      |
[INFO] [stdout] help: you can convert a `u32` to a `usize` and panic if the converted value doesn't fit
[INFO] [stdout]      |
[INFO] [stdout] 1192 |     debug_assert!(n < bits.try_into().unwrap());
[INFO] [stdout]      |                       ^^^^^^^^^^^^^^^^^^^^^^^^
[INFO] [stdout] 
[INFO] [stdout] 
[INFO] [stdout] error[E0308]: mismatched types
[INFO] [stdout]     --> /opt/rustwide/cargo-home/registry/src/github.com-1ecc6299db9ec823/lexical-core-0.4.6/src/atof/algorithm/math.rs:1202:25
[INFO] [stdout]      |
[INFO] [stdout] 1202 |     let rshift = bits - n;
[INFO] [stdout]      |                         ^ expected `u32`, found `usize`
[INFO] [stdout] 
[INFO] [stdout] 
[INFO] [stdout] error[E0277]: cannot subtract `usize` from `u32`
[INFO] [stdout]     --> /opt/rustwide/cargo-home/registry/src/github.com-1ecc6299db9ec823/lexical-core-0.4.6/src/atof/algorithm/math.rs:1202:23
[INFO] [stdout]      |
[INFO] [stdout] 1202 |     let rshift = bits - n;
[INFO] [stdout]      |                       ^ no implementation for `u32 - usize`
[INFO] [stdout]      |
[INFO] [stdout]      = help: the trait `Sub<usize>` is not implemented for `u32`
[INFO] [stdout] 
[INFO] [stdout] 
[INFO] [stdout] error[E0308]: mismatched types
[INFO] [stdout]     --> /opt/rustwide/cargo-home/registry/src/github.com-1ecc6299db9ec823/lexical-core-0.4.6/src/atof/algorithm/math.rs:1254:19
[INFO] [stdout]      |
[INFO] [stdout] 1254 |     let rem = n % bits;
[INFO] [stdout]      |                   ^^^^ expected `usize`, found `u32`
[INFO] [stdout] 
[INFO] [stdout] 
[INFO] [stdout] error[E0277]: cannot mod `usize` by `u32`
[INFO] [stdout]     --> /opt/rustwide/cargo-home/registry/src/github.com-1ecc6299db9ec823/lexical-core-0.4.6/src/atof/algorithm/math.rs:1254:17
[INFO] [stdout]      |
[INFO] [stdout] 1254 |     let rem = n % bits;
[INFO] [stdout]      |                 ^ no implementation for `usize % u32`
[INFO] [stdout]      |
[INFO] [stdout]      = help: the trait `Rem<u32>` is not implemented for `usize`
[INFO] [stdout] 
[INFO] [stdout] 
[INFO] [stdout] error[E0308]: mismatched types
[INFO] [stdout]     --> /opt/rustwide/cargo-home/registry/src/github.com-1ecc6299db9ec823/lexical-core-0.4.6/src/atof/algorithm/math.rs:1255:19
[INFO] [stdout]      |
[INFO] [stdout] 1255 |     let div = n / bits;
[INFO] [stdout]      |                   ^^^^ expected `usize`, found `u32`
[INFO] [stdout] 
[INFO] [stdout] 
[INFO] [stdout] error[E0277]: cannot divide `usize` by `u32`
[INFO] [stdout]     --> /opt/rustwide/cargo-home/registry/src/github.com-1ecc6299db9ec823/lexical-core-0.4.6/src/atof/algorithm/math.rs:1255:17
[INFO] [stdout]      |
[INFO] [stdout] 1255 |     let div = n / bits;
[INFO] [stdout]      |                 ^ no implementation for `usize / u32`
[INFO] [stdout]      |
[INFO] [stdout]      = help: the trait `Div<u32>` is not implemented for `usize`
[INFO] [stdout] 
[INFO] [stdout] 
[INFO] [stdout] error[E0308]: mismatched types
[INFO] [stdout]     --> /opt/rustwide/cargo-home/registry/src/github.com-1ecc6299db9ec823/lexical-core-0.4.6/src/atof/algorithm/math.rs:2066:27
[INFO] [stdout]      |
[INFO] [stdout] 2066 |     let rs = Limb::BITS - s;
[INFO] [stdout]      |                           ^ expected `u32`, found `usize`
[INFO] [stdout] 
[INFO] [stdout] 
[INFO] [stdout] error[E0277]: cannot subtract `usize` from `u32`
[INFO] [stdout]     --> /opt/rustwide/cargo-home/registry/src/github.com-1ecc6299db9ec823/lexical-core-0.4.6/src/atof/algorithm/math.rs:2066:25
[INFO] [stdout]      |
[INFO] [stdout] 2066 |     let rs = Limb::BITS - s;
[INFO] [stdout]      |                         ^ no implementation for `u32 - usize`
[INFO] [stdout]      |
[INFO] [stdout]      = help: the trait `Sub<usize>` is not implemented for `u32`
[INFO] [stdout] 
[INFO] [stdout] 
[INFO] [stdout] error: aborting due to 27 previous errors
[INFO] [stdout] 
[INFO] [stdout] 
[INFO] [stdout] Some errors have detailed explanations: E0277, E0308.
[INFO] [stdout] 
[INFO] [stdout] For more information about an error, try `rustc --explain E0277`.
[INFO] [stdout] 
[INFO] [stderr] error: build failed
[INFO] running `Command { std: "docker" "inspect" "664e95d7ca0c19e1811fda8ead81370be1f65ea4da74b7ae9d07a91fd5a9b263", kill_on_drop: false }`
[INFO] running `Command { std: "docker" "rm" "-f" "664e95d7ca0c19e1811fda8ead81370be1f65ea4da74b7ae9d07a91fd5a9b263", kill_on_drop: false }`
[INFO] [stdout] 664e95d7ca0c19e1811fda8ead81370be1f65ea4da74b7ae9d07a91fd5a9b263
