[INFO] cloning repository https://github.com/TheRealSyler/rust-audio
[INFO] running `Command { std: "git" "-c" "credential.helper=" "-c" "credential.helper=/workspace/cargo-home/bin/git-credential-null" "clone" "--bare" "https://github.com/TheRealSyler/rust-audio" "/workspace/cache/git-repos/https%3A%2F%2Fgithub.com%2FTheRealSyler%2Frust-audio", kill_on_drop: false }`
[INFO] [stderr] Cloning into bare repository '/workspace/cache/git-repos/https%3A%2F%2Fgithub.com%2FTheRealSyler%2Frust-audio'...
[INFO] running `Command { std: "git" "rev-parse" "HEAD", kill_on_drop: false }`
[INFO] [stdout] dcdfe9ad6e6affb1d7ea502cde17816774096ad9
[INFO] documenting TheRealSyler/rust-audio against beta-2021-08-01 for beta-1.55-rustdoc-1
[INFO] running `Command { std: "git" "clone" "/workspace/cache/git-repos/https%3A%2F%2Fgithub.com%2FTheRealSyler%2Frust-audio" "/workspace/builds/worker-5/source", kill_on_drop: false }`
[INFO] [stderr] Cloning into '/workspace/builds/worker-5/source'...
[INFO] [stderr] done.
[INFO] validating manifest of git repo https://github.com/TheRealSyler/rust-audio on toolchain beta-2021-08-01
[INFO] running `Command { std: "/workspace/cargo-home/bin/cargo" "+beta-2021-08-01" "metadata" "--manifest-path" "Cargo.toml" "--no-deps", kill_on_drop: false }`
[INFO] started tweaking git repo https://github.com/TheRealSyler/rust-audio
[INFO] finished tweaking git repo https://github.com/TheRealSyler/rust-audio
[INFO] tweaked toml for git repo https://github.com/TheRealSyler/rust-audio written to /workspace/builds/worker-5/source/Cargo.toml
[INFO] crate git repo https://github.com/TheRealSyler/rust-audio already has a lockfile, it will not be regenerated
[INFO] running `Command { std: "/workspace/cargo-home/bin/cargo" "+beta-2021-08-01" "fetch" "--manifest-path" "Cargo.toml", kill_on_drop: false }`
[INFO] [stderr]     Blocking waiting for file lock on package cache
[INFO] [stderr]     Blocking waiting for file lock on package cache
[INFO] [stderr]  Downloading crates ...
[INFO] [stderr]   Downloaded redox_syscall v0.2.9
[INFO] [stderr]   Downloaded oorandom v11.1.3
[INFO] [stderr]   Downloaded thiserror-impl v1.0.26
[INFO] [stderr]   Downloaded thiserror v1.0.26
[INFO] [stderr]   Downloaded syn v1.0.73
[INFO] [stderr]   Downloaded cesu8 v1.1.0
[INFO] [stderr]   Downloaded ident_case v1.0.1
[INFO] [stderr]   Downloaded libloading v0.7.0
[INFO] [stderr]   Downloaded ndk-macro v0.2.0
[INFO] [stderr]   Downloaded toml v0.5.8
[INFO] [stderr]   Downloaded clap v2.33.3
[INFO] [stderr]   Downloaded clang-sys v1.2.0
[INFO] [stderr]   Downloaded coreaudio-rs v0.10.0
[INFO] [stderr]   Downloaded anyhow v1.0.41
[INFO] [stderr]   Downloaded alsa-sys v0.3.1
[INFO] [stderr]   Downloaded ndk-glue v0.3.0
[INFO] [stderr]   Downloaded jni-sys v0.3.0
[INFO] [stderr]   Downloaded coreaudio-sys v0.2.8
[INFO] [stderr]   Downloaded nix v0.20.0
[INFO] [stderr]   Downloaded combine v4.6.0
[INFO] [stderr]   Downloaded derivative v2.2.0
[INFO] [stderr]   Downloaded strsim v0.9.3
[INFO] [stderr]   Downloaded darling_macro v0.10.2
[INFO] [stderr]   Downloaded alsa v0.5.0
[INFO] [stderr]   Downloaded bindgen v0.56.0
[INFO] [stderr]   Downloaded jni v0.18.0
[INFO] [stderr]   Downloaded darling_core v0.10.2
[INFO] [stderr]   Downloaded num-derive v0.3.3
[INFO] [stderr]   Downloaded proc-macro-crate v0.1.5
[INFO] [stderr]   Downloaded ndk-sys v0.2.1
[INFO] [stderr]   Downloaded cc v1.0.68
[INFO] [stderr]   Downloaded num_enum v0.5.1
[INFO] [stderr]   Downloaded ndk v0.3.0
[INFO] [stderr]   Downloaded oboe v0.4.2
[INFO] [stderr]   Downloaded walkdir v2.3.2
[INFO] [stderr]   Downloaded num_enum_derive v0.5.1
[INFO] [stderr]   Downloaded darling v0.10.2
[INFO] [stderr]   Downloaded oboe-sys v0.4.2
[INFO] [stderr]   Downloaded cpal v0.13.3
[INFO] running `Command { std: "docker" "create" "-v" "/var/lib/crater-agent-workspace/builds/worker-5/target:/opt/rustwide/target:rw,Z" "-v" "/var/lib/crater-agent-workspace/builds/worker-5/source:/opt/rustwide/workdir:ro,Z" "-v" "/var/lib/crater-agent-workspace/cargo-home:/opt/rustwide/cargo-home:ro,Z" "-v" "/var/lib/crater-agent-workspace/rustup-home:/opt/rustwide/rustup-home:ro,Z" "-e" "SOURCE_DIR=/opt/rustwide/workdir" "-e" "CARGO_TARGET_DIR=/opt/rustwide/target" "-e" "CARGO_HOME=/opt/rustwide/cargo-home" "-e" "RUSTUP_HOME=/opt/rustwide/rustup-home" "-w" "/opt/rustwide/workdir" "-m" "1610612736" "--user" "0:0" "--network" "none" "ghcr.io/rust-lang/crates-build-env/linux@sha256:34b6a614d2c27851fe6cbf88fbd1137609cefab8b10d0615aaeb6fd47975d74e" "/opt/rustwide/cargo-home/bin/cargo" "+beta-2021-08-01" "metadata" "--no-deps" "--format-version=1", kill_on_drop: false }`
[INFO] [stdout] 234dc53a0576b799d2010617c1aedb021978fdd69a970ae96b980ae900a9082f
[INFO] running `Command { std: "docker" "start" "-a" "234dc53a0576b799d2010617c1aedb021978fdd69a970ae96b980ae900a9082f", kill_on_drop: false }`
[INFO] running `Command { std: "docker" "inspect" "234dc53a0576b799d2010617c1aedb021978fdd69a970ae96b980ae900a9082f", kill_on_drop: false }`
[INFO] running `Command { std: "docker" "rm" "-f" "234dc53a0576b799d2010617c1aedb021978fdd69a970ae96b980ae900a9082f", kill_on_drop: false }`
[INFO] [stdout] 234dc53a0576b799d2010617c1aedb021978fdd69a970ae96b980ae900a9082f
[INFO] running `Command { std: "docker" "create" "-v" "/var/lib/crater-agent-workspace/builds/worker-5/target:/opt/rustwide/target:rw,Z" "-v" "/var/lib/crater-agent-workspace/builds/worker-5/source:/opt/rustwide/workdir:ro,Z" "-v" "/var/lib/crater-agent-workspace/cargo-home:/opt/rustwide/cargo-home:ro,Z" "-v" "/var/lib/crater-agent-workspace/rustup-home:/opt/rustwide/rustup-home:ro,Z" "-e" "SOURCE_DIR=/opt/rustwide/workdir" "-e" "CARGO_TARGET_DIR=/opt/rustwide/target" "-e" "CARGO_INCREMENTAL=0" "-e" "RUST_BACKTRACE=full" "-e" "RUSTDOCFLAGS=--cap-lints=warn" "-e" "CARGO_HOME=/opt/rustwide/cargo-home" "-e" "RUSTUP_HOME=/opt/rustwide/rustup-home" "-w" "/opt/rustwide/workdir" "-m" "1610612736" "--user" "0:0" "--network" "none" "ghcr.io/rust-lang/crates-build-env/linux@sha256:34b6a614d2c27851fe6cbf88fbd1137609cefab8b10d0615aaeb6fd47975d74e" "/opt/rustwide/cargo-home/bin/cargo" "+beta-2021-08-01" "doc" "--frozen" "--no-deps" "--document-private-items" "--message-format=json", kill_on_drop: false }`
[INFO] [stdout] 4359323a65576f9f5f93f4d7f2ee4674bf9eb6a7c7f9f2d458f081b487bbe8d1
[INFO] running `Command { std: "docker" "start" "-a" "4359323a65576f9f5f93f4d7f2ee4674bf9eb6a7c7f9f2d458f081b487bbe8d1", kill_on_drop: false }`
[INFO] [stderr]     Blocking waiting for file lock on package cache
[INFO] [stderr]    Compiling syn v1.0.73
[INFO] [stderr]     Checking oorandom v11.1.3
[INFO] [stderr]     Checking parking_lot_core v0.8.3
[INFO] [stderr]     Checking atty v0.2.14
[INFO] [stderr]     Checking alsa-sys v0.3.1
[INFO] [stderr]     Checking clap v2.33.3
[INFO] [stderr]     Checking parking_lot v0.11.1
[INFO] [stderr]     Checking alsa v0.5.0
[INFO] [stderr]    Compiling thiserror-impl v1.0.26
[INFO] [stderr]     Checking thiserror v1.0.26
[INFO] [stderr]     Checking cpal v0.13.3
[INFO] [stderr]  Documenting rust-audio v0.1.0 (/opt/rustwide/workdir)
[INFO] [stdout] error[E0583]: file not found for module `math_nodes`
[INFO] [stdout]  --> src/main.rs:5:1
[INFO] [stdout]   |
[INFO] [stdout] 5 | mod math_nodes;
[INFO] [stdout]   | ^^^^^^^^^^^^^^^
[INFO] [stdout]   |
[INFO] [stdout]   = help: to create the module `math_nodes`, create file "src/math_nodes.rs" or "src/math_nodes/mod.rs"
[INFO] [stdout] 
[INFO] [stdout] 
[INFO] [stdout] error[E0583]: file not found for module `node`
[INFO] [stdout]  --> src/main.rs:6:1
[INFO] [stdout]   |
[INFO] [stdout] 6 | mod node;
[INFO] [stdout]   | ^^^^^^^^^
[INFO] [stdout]   |
[INFO] [stdout]   = help: to create the module `node`, create file "src/node.rs" or "src/node/mod.rs"
[INFO] [stdout] 
[INFO] [stdout] 
[INFO] [stdout] error[E0583]: file not found for module `types`
[INFO] [stdout]  --> src/main.rs:8:1
[INFO] [stdout]   |
[INFO] [stdout] 8 | mod types;
[INFO] [stdout]   | ^^^^^^^^^^
[INFO] [stdout]   |
[INFO] [stdout]   = help: to create the module `types`, create file "src/types.rs" or "src/types/mod.rs"
[INFO] [stdout] 
[INFO] [stdout] 
[INFO] [stdout] error[E0432]: unresolved import `types::AudioValue`
[INFO] [stdout]  --> src/main.rs:3:5
[INFO] [stdout]   |
[INFO] [stdout] 3 | use types::AudioValue;
[INFO] [stdout]   |     ^^^^^^^^^^^^^^^^^ no `AudioValue` in `types`
[INFO] [stdout] 
[INFO] [stdout] 
[INFO] [stdout] error: Compilation failed, aborting rustdoc
[INFO] [stdout] 
[INFO] [stdout] 
[INFO] [stdout] error: aborting due to 5 previous errors
[INFO] [stdout] 
[INFO] [stdout] 
[INFO] [stdout] Some errors have detailed explanations: E0432, E0583.
[INFO] [stdout] 
[INFO] [stdout] For more information about an error, try `rustc --explain E0432`.
[INFO] [stdout] 
[INFO] [stderr] error: could not document `rust-audio`
[INFO] [stderr] 
[INFO] [stderr] Caused by:
[INFO] [stderr]   process didn't exit successfully: `rustdoc --edition=2018 --crate-type bin --crate-name rust_audio src/main.rs -o /opt/rustwide/target/doc --error-format=json --json=diagnostic-rendered-ansi --document-private-items -L dependency=/opt/rustwide/target/debug/deps --extern anyhow=/opt/rustwide/target/debug/deps/libanyhow-6dd9ac488d04ae29.rmeta --extern clap=/opt/rustwide/target/debug/deps/libclap-4a89625f7ced526a.rmeta --extern cpal=/opt/rustwide/target/debug/deps/libcpal-70a7ca5d69c5363d.rmeta --extern oorandom=/opt/rustwide/target/debug/deps/liboorandom-edcdb2ff14244bfe.rmeta --cap-lints=warn --crate-version 0.1.0` (exit status: 1)
[INFO] running `Command { std: "docker" "inspect" "4359323a65576f9f5f93f4d7f2ee4674bf9eb6a7c7f9f2d458f081b487bbe8d1", kill_on_drop: false }`
[INFO] running `Command { std: "docker" "rm" "-f" "4359323a65576f9f5f93f4d7f2ee4674bf9eb6a7c7f9f2d458f081b487bbe8d1", kill_on_drop: false }`
[INFO] [stdout] 4359323a65576f9f5f93f4d7f2ee4674bf9eb6a7c7f9f2d458f081b487bbe8d1
