[INFO] cloning repository https://github.com/TheLostLambda/sam
[INFO] running `Command { std: "git" "-c" "credential.helper=" "-c" "credential.helper=/workspace/cargo-home/bin/git-credential-null" "clone" "--bare" "https://github.com/TheLostLambda/sam" "/workspace/cache/git-repos/https%3A%2F%2Fgithub.com%2FTheLostLambda%2Fsam", kill_on_drop: false }`
[INFO] [stderr] Cloning into bare repository '/workspace/cache/git-repos/https%3A%2F%2Fgithub.com%2FTheLostLambda%2Fsam'...
[INFO] running `Command { std: "git" "rev-parse" "HEAD", kill_on_drop: false }`
[INFO] [stdout] f371329c1964a9fed96ea42a75333b1cc869b395
[INFO] documenting TheLostLambda/sam against beta-2021-08-01 for beta-1.55-rustdoc-1
[INFO] running `Command { std: "git" "clone" "/workspace/cache/git-repos/https%3A%2F%2Fgithub.com%2FTheLostLambda%2Fsam" "/workspace/builds/worker-0/source", kill_on_drop: false }`
[INFO] [stderr] Cloning into '/workspace/builds/worker-0/source'...
[INFO] [stderr] done.
[INFO] validating manifest of git repo https://github.com/TheLostLambda/sam on toolchain beta-2021-08-01
[INFO] running `Command { std: "/workspace/cargo-home/bin/cargo" "+beta-2021-08-01" "metadata" "--manifest-path" "Cargo.toml" "--no-deps", kill_on_drop: false }`
[INFO] started tweaking git repo https://github.com/TheLostLambda/sam
[INFO] finished tweaking git repo https://github.com/TheLostLambda/sam
[INFO] tweaked toml for git repo https://github.com/TheLostLambda/sam written to /workspace/builds/worker-0/source/Cargo.toml
[INFO] crate git repo https://github.com/TheLostLambda/sam already has a lockfile, it will not be regenerated
[INFO] running `Command { std: "/workspace/cargo-home/bin/cargo" "+beta-2021-08-01" "fetch" "--manifest-path" "Cargo.toml", kill_on_drop: false }`
[INFO] [stderr]     Blocking waiting for file lock on package cache
[INFO] [stderr]  Downloading crates ...
[INFO] [stderr]   Downloaded slug v0.1.2
[INFO] [stderr]   Downloaded libc v0.2.22
[INFO] [stderr]   Downloaded error-chain v0.8.1
[INFO] [stderr]   Downloaded redox_syscall v0.1.17
[INFO] [stderr]   Downloaded thread-id v2.0.0
[INFO] [stderr]   Downloaded log v0.3.7
[INFO] [stderr]   Downloaded term v0.4.5
[INFO] [stderr]   Downloaded version_check v0.1.0
[INFO] [stderr]   Downloaded mime v0.2.3
[INFO] [stderr]   Downloaded unicase v1.4.0
[INFO] [stderr]   Downloaded thread_local v0.3.3
[INFO] [stderr]   Downloaded httparse v1.2.2
[INFO] [stderr]   Downloaded term-painter v0.2.3
[INFO] [stderr]   Downloaded backtrace-sys v0.1.10
[INFO] [stderr]   Downloaded backtrace v0.3.0
[INFO] [stderr]   Downloaded pest v0.4.1
[INFO] [stderr]   Downloaded unidecode v0.2.0
[INFO] [stderr]   Downloaded dotenv v0.8.0
[INFO] [stderr]   Downloaded url v1.4.0
[INFO] [stderr]   Downloaded regex v0.1.80
[INFO] [stderr]   Downloaded aho-corasick v0.5.3
[INFO] [stderr]   Downloaded diesel_codegen v0.12.0
[INFO] [stderr]   Downloaded rocket_codegen v0.2.6
[INFO] [stderr]   Downloaded diesel_infer_schema v0.12.0
[INFO] [stderr]   Downloaded bcrypt v0.1.3
[INFO] [stderr]   Downloaded rocket v0.2.6
[INFO] [stderr]   Downloaded dotenv v0.10.0
[INFO] [stderr]   Downloaded rocket_contrib v0.2.6
[INFO] [stderr]   Downloaded humansize v1.0.1
[INFO] [stderr]   Downloaded cookie v0.6.1
[INFO] [stderr]   Downloaded diesel v0.12.0
[INFO] [stderr]   Downloaded tera v0.7.2
[INFO] [stderr]   Downloaded num_cpus v1.4.0
[INFO] [stderr]   Downloaded thread_local v0.2.7
[INFO] [stderr]   Downloaded state v0.2.1
[INFO] [stderr]   Downloaded utf8-ranges v0.1.3
[INFO] [stderr]   Downloaded time v0.1.37
[INFO] [stderr]   Downloaded thread-id v3.0.0
[INFO] [stderr]   Downloaded num-traits v0.1.37
[INFO] [stderr]   Downloaded serde_derive v0.9.15
[INFO] [stderr]   Downloaded quick-csv v0.1.6
[INFO] [stderr]   Downloaded hyper v0.10.9
[INFO] [stderr]   Downloaded unicode-normalization v0.1.4
[INFO] [stderr]   Downloaded regex-syntax v0.3.9
[INFO] [stderr]   Downloaded toml v0.2.1
[INFO] [stderr]   Downloaded libsqlite3-sys v0.7.1
[INFO] [stderr]   Downloaded num v0.1.37
[INFO] [stderr]   Downloaded gcc v0.3.45
[INFO] [stderr]   Downloaded derive-error-chain v0.10.0
[INFO] [stderr]   Downloaded regex-syntax v0.4.0
[INFO] [stderr]   Downloaded unicode-bidi v0.2.5
[INFO] [stderr]   Downloaded matches v0.1.4
[INFO] [stderr]   Downloaded serde_codegen_internals v0.14.2
[INFO] [stderr]   Downloaded idna v0.1.1
[INFO] [stderr]   Downloaded regex v0.2.1
[INFO] running `Command { std: "docker" "create" "-v" "/var/lib/crater-agent-workspace/builds/worker-0/target:/opt/rustwide/target:rw,Z" "-v" "/var/lib/crater-agent-workspace/builds/worker-0/source:/opt/rustwide/workdir:ro,Z" "-v" "/var/lib/crater-agent-workspace/cargo-home:/opt/rustwide/cargo-home:ro,Z" "-v" "/var/lib/crater-agent-workspace/rustup-home:/opt/rustwide/rustup-home:ro,Z" "-e" "SOURCE_DIR=/opt/rustwide/workdir" "-e" "CARGO_TARGET_DIR=/opt/rustwide/target" "-e" "CARGO_HOME=/opt/rustwide/cargo-home" "-e" "RUSTUP_HOME=/opt/rustwide/rustup-home" "-w" "/opt/rustwide/workdir" "-m" "1610612736" "--user" "0:0" "--network" "none" "ghcr.io/rust-lang/crates-build-env/linux@sha256:34b6a614d2c27851fe6cbf88fbd1137609cefab8b10d0615aaeb6fd47975d74e" "/opt/rustwide/cargo-home/bin/cargo" "+beta-2021-08-01" "metadata" "--no-deps" "--format-version=1", kill_on_drop: false }`
[INFO] [stdout] be485b060a337210bb9545981f221a044682d7595b13a17b8329760e44fedcd8
[INFO] running `Command { std: "docker" "start" "-a" "be485b060a337210bb9545981f221a044682d7595b13a17b8329760e44fedcd8", kill_on_drop: false }`
[INFO] running `Command { std: "docker" "inspect" "be485b060a337210bb9545981f221a044682d7595b13a17b8329760e44fedcd8", kill_on_drop: false }`
[INFO] running `Command { std: "docker" "rm" "-f" "be485b060a337210bb9545981f221a044682d7595b13a17b8329760e44fedcd8", kill_on_drop: false }`
[INFO] [stdout] be485b060a337210bb9545981f221a044682d7595b13a17b8329760e44fedcd8
[INFO] running `Command { std: "docker" "create" "-v" "/var/lib/crater-agent-workspace/builds/worker-0/target:/opt/rustwide/target:rw,Z" "-v" "/var/lib/crater-agent-workspace/builds/worker-0/source:/opt/rustwide/workdir:ro,Z" "-v" "/var/lib/crater-agent-workspace/cargo-home:/opt/rustwide/cargo-home:ro,Z" "-v" "/var/lib/crater-agent-workspace/rustup-home:/opt/rustwide/rustup-home:ro,Z" "-e" "SOURCE_DIR=/opt/rustwide/workdir" "-e" "CARGO_TARGET_DIR=/opt/rustwide/target" "-e" "CARGO_INCREMENTAL=0" "-e" "RUST_BACKTRACE=full" "-e" "RUSTDOCFLAGS=--cap-lints=warn" "-e" "CARGO_HOME=/opt/rustwide/cargo-home" "-e" "RUSTUP_HOME=/opt/rustwide/rustup-home" "-w" "/opt/rustwide/workdir" "-m" "1610612736" "--user" "0:0" "--network" "none" "ghcr.io/rust-lang/crates-build-env/linux@sha256:34b6a614d2c27851fe6cbf88fbd1137609cefab8b10d0615aaeb6fd47975d74e" "/opt/rustwide/cargo-home/bin/cargo" "+beta-2021-08-01" "doc" "--frozen" "--no-deps" "--document-private-items" "--message-format=json", kill_on_drop: false }`
[INFO] [stdout] 6bfb87badba0ffcae0e9e0086317eb2714e283ce3377af0ff6a1b9a3594c5304
[INFO] running `Command { std: "docker" "start" "-a" "6bfb87badba0ffcae0e9e0086317eb2714e283ce3377af0ff6a1b9a3594c5304", kill_on_drop: false }`
[INFO] [stderr]     Blocking waiting for file lock on package cache
[INFO] [stderr]    Compiling libc v0.2.22
[INFO] [stderr]    Compiling version_check v0.1.0
[INFO] [stderr]     Checking matches v0.1.4
[INFO] [stderr]    Compiling ansi_term v0.9.0
[INFO] [stderr]     Checking unicode-normalization v0.1.4
[INFO] [stderr]    Compiling winapi v0.2.8
[INFO] [stderr]     Checking regex-syntax v0.4.0
[INFO] [stderr]    Compiling log v0.3.7
[INFO] [stderr]    Compiling regex-syntax v0.3.9
[INFO] [stderr]    Compiling httparse v1.2.2
[INFO] [stderr]    Compiling utf8-ranges v0.1.3
[INFO] [stderr]    Compiling term v0.4.5
[INFO] [stderr]    Compiling byteorder v1.0.0
[INFO] [stderr]    Compiling state v0.2.1
[INFO] [stderr]     Checking humansize v1.0.1
[INFO] [stderr]     Checking toml v0.2.1
[INFO] [stderr]     Checking thread-id v3.0.0
[INFO] [stderr]    Compiling libsqlite3-sys v0.7.1
[INFO] [stderr]     Checking unreachable v0.1.1
[INFO] [stderr]     Checking mime v0.2.3
[INFO] [stderr]    Compiling rust-crypto v0.2.36
[INFO] [stderr]     Checking slug v0.1.2
[INFO] [stderr]     Checking quick-csv v0.1.6
[INFO] [stderr]     Checking serde_json v0.9.10
[INFO] [stderr]     Checking term-painter v0.2.3
[INFO] [stderr]    Compiling unicase v1.4.0
[INFO] [stderr]    Compiling hyper v0.10.9
[INFO] [stderr]    Compiling syn v0.11.11
[INFO] [stdout] error[E0557]: feature has been removed
[INFO] [stdout]  --> /opt/rustwide/cargo-home/registry/src/github.com-1ecc6299db9ec823/state-0.2.1/src/lib.rs:1:12
[INFO] [stdout]   |
[INFO] [stdout] 1 | #![feature(const_fn)]
[INFO] [stdout]   |            ^^^^^^^^ feature has been removed
[INFO] [stdout]   |
[INFO] [stdout]   = note: split into finer-grained feature gates
[INFO] [stdout] 
[INFO] [stdout] 
[INFO] [stdout] error[E0554]: `#![feature]` may not be used on the beta release channel
[INFO] [stdout]  --> /opt/rustwide/cargo-home/registry/src/github.com-1ecc6299db9ec823/state-0.2.1/src/lib.rs:1:1
[INFO] [stdout]   |
[INFO] [stdout] 1 | #![feature(const_fn)]
[INFO] [stdout]   | ^^^^^^^^^^^^^^^^^^^^^
[INFO] [stdout] 
[INFO] [stdout] 
[INFO] [stderr]     Checking aho-corasick v0.6.3
[INFO] [stdout] error: aborting due to 2 previous errors
[INFO] [stdout] 
[INFO] [stdout] 
[INFO] [stdout] Some errors have detailed explanations: E0554, E0557.
[INFO] [stdout] 
[INFO] [stdout] For more information about an error, try `rustc --explain E0554`.
[INFO] [stdout] 
[INFO] [stderr] error: could not compile `state` due to 3 previous errors
[INFO] [stderr] warning: build failed, waiting for other jobs to finish...
[INFO] [stdout] error[E0557]: feature has been removed
[INFO] [stdout]  --> /opt/rustwide/cargo-home/registry/src/github.com-1ecc6299db9ec823/state-0.2.1/src/lib.rs:1:12
[INFO] [stdout]   |
[INFO] [stdout] 1 | #![feature(const_fn)]
[INFO] [stdout]   |            ^^^^^^^^ feature has been removed
[INFO] [stdout]   |
[INFO] [stdout]   = note: split into finer-grained feature gates
[INFO] [stdout] 
[INFO] [stdout] 
[INFO] [stdout] error[E0554]: `#![feature]` may not be used on the beta release channel
[INFO] [stdout]  --> /opt/rustwide/cargo-home/registry/src/github.com-1ecc6299db9ec823/state-0.2.1/src/lib.rs:1:1
[INFO] [stdout]   |
[INFO] [stdout] 1 | #![feature(const_fn)]
[INFO] [stdout]   | ^^^^^^^^^^^^^^^^^^^^^
[INFO] [stdout] 
[INFO] [stdout] 
[INFO] [stdout] error: aborting due to 2 previous errors
[INFO] [stdout] 
[INFO] [stdout] 
[INFO] [stdout] Some errors have detailed explanations: E0554, E0557.
[INFO] [stdout] 
[INFO] [stdout] For more information about an error, try `rustc --explain E0554`.
[INFO] [stdout] 
[INFO] [stderr] error: build failed
[INFO] running `Command { std: "docker" "inspect" "6bfb87badba0ffcae0e9e0086317eb2714e283ce3377af0ff6a1b9a3594c5304", kill_on_drop: false }`
[INFO] running `Command { std: "docker" "rm" "-f" "6bfb87badba0ffcae0e9e0086317eb2714e283ce3377af0ff6a1b9a3594c5304", kill_on_drop: false }`
[INFO] [stdout] 6bfb87badba0ffcae0e9e0086317eb2714e283ce3377af0ff6a1b9a3594c5304
