[INFO] cloning repository https://github.com/TeXitoi/bmp380-test
[INFO] running `Command { std: "git" "-c" "credential.helper=" "-c" "credential.helper=/workspace/cargo-home/bin/git-credential-null" "clone" "--bare" "https://github.com/TeXitoi/bmp380-test" "/workspace/cache/git-repos/https%3A%2F%2Fgithub.com%2FTeXitoi%2Fbmp380-test", kill_on_drop: false }`
[INFO] [stderr] Cloning into bare repository '/workspace/cache/git-repos/https%3A%2F%2Fgithub.com%2FTeXitoi%2Fbmp380-test'...
[INFO] running `Command { std: "git" "rev-parse" "HEAD", kill_on_drop: false }`
[INFO] [stdout] 6653bca8c6d12b1fdfd04efff8dfe6198dc5eaa0
[INFO] documenting TeXitoi/bmp380-test against 1.54.0 for beta-1.55-rustdoc-1
[INFO] running `Command { std: "git" "clone" "/workspace/cache/git-repos/https%3A%2F%2Fgithub.com%2FTeXitoi%2Fbmp380-test" "/workspace/builds/worker-12/source", kill_on_drop: false }`
[INFO] [stderr] Cloning into '/workspace/builds/worker-12/source'...
[INFO] [stderr] done.
[INFO] validating manifest of git repo https://github.com/TeXitoi/bmp380-test on toolchain 1.54.0
[INFO] running `Command { std: "/workspace/cargo-home/bin/cargo" "+1.54.0" "metadata" "--manifest-path" "Cargo.toml" "--no-deps", kill_on_drop: false }`
[INFO] removed /workspace/builds/worker-12/source/.cargo/config
[INFO] started tweaking git repo https://github.com/TeXitoi/bmp380-test
[INFO] finished tweaking git repo https://github.com/TeXitoi/bmp380-test
[INFO] tweaked toml for git repo https://github.com/TeXitoi/bmp380-test written to /workspace/builds/worker-12/source/Cargo.toml
[INFO] crate git repo https://github.com/TeXitoi/bmp380-test already has a lockfile, it will not be regenerated
[INFO] running `Command { std: "/workspace/cargo-home/bin/cargo" "+1.54.0" "fetch" "--manifest-path" "Cargo.toml", kill_on_drop: false }`
[INFO] [stderr]     Blocking waiting for file lock on package cache
[INFO] running `Command { std: "docker" "create" "-v" "/var/lib/crater-agent-workspace/builds/worker-12/target:/opt/rustwide/target:rw,Z" "-v" "/var/lib/crater-agent-workspace/builds/worker-12/source:/opt/rustwide/workdir:ro,Z" "-v" "/var/lib/crater-agent-workspace/cargo-home:/opt/rustwide/cargo-home:ro,Z" "-v" "/var/lib/crater-agent-workspace/rustup-home:/opt/rustwide/rustup-home:ro,Z" "-e" "SOURCE_DIR=/opt/rustwide/workdir" "-e" "CARGO_TARGET_DIR=/opt/rustwide/target" "-e" "CARGO_HOME=/opt/rustwide/cargo-home" "-e" "RUSTUP_HOME=/opt/rustwide/rustup-home" "-w" "/opt/rustwide/workdir" "-m" "1610612736" "--user" "0:0" "--network" "none" "ghcr.io/rust-lang/crates-build-env/linux@sha256:34b6a614d2c27851fe6cbf88fbd1137609cefab8b10d0615aaeb6fd47975d74e" "/opt/rustwide/cargo-home/bin/cargo" "+1.54.0" "metadata" "--no-deps" "--format-version=1", kill_on_drop: false }`
[INFO] [stdout] be247ee693d18272d01e1d6e1950547e28776083e13a0e2e43d278f1ccd5c5f3
[INFO] running `Command { std: "docker" "start" "-a" "be247ee693d18272d01e1d6e1950547e28776083e13a0e2e43d278f1ccd5c5f3", kill_on_drop: false }`
[INFO] running `Command { std: "docker" "inspect" "be247ee693d18272d01e1d6e1950547e28776083e13a0e2e43d278f1ccd5c5f3", kill_on_drop: false }`
[INFO] running `Command { std: "docker" "rm" "-f" "be247ee693d18272d01e1d6e1950547e28776083e13a0e2e43d278f1ccd5c5f3", kill_on_drop: false }`
[INFO] [stdout] be247ee693d18272d01e1d6e1950547e28776083e13a0e2e43d278f1ccd5c5f3
[INFO] running `Command { std: "docker" "create" "-v" "/var/lib/crater-agent-workspace/builds/worker-12/target:/opt/rustwide/target:rw,Z" "-v" "/var/lib/crater-agent-workspace/builds/worker-12/source:/opt/rustwide/workdir:ro,Z" "-v" "/var/lib/crater-agent-workspace/cargo-home:/opt/rustwide/cargo-home:ro,Z" "-v" "/var/lib/crater-agent-workspace/rustup-home:/opt/rustwide/rustup-home:ro,Z" "-e" "SOURCE_DIR=/opt/rustwide/workdir" "-e" "CARGO_TARGET_DIR=/opt/rustwide/target" "-e" "CARGO_INCREMENTAL=0" "-e" "RUST_BACKTRACE=full" "-e" "RUSTDOCFLAGS=--cap-lints=warn" "-e" "CARGO_HOME=/opt/rustwide/cargo-home" "-e" "RUSTUP_HOME=/opt/rustwide/rustup-home" "-w" "/opt/rustwide/workdir" "-m" "1610612736" "--user" "0:0" "--network" "none" "ghcr.io/rust-lang/crates-build-env/linux@sha256:34b6a614d2c27851fe6cbf88fbd1137609cefab8b10d0615aaeb6fd47975d74e" "/opt/rustwide/cargo-home/bin/cargo" "+1.54.0" "doc" "--frozen" "--no-deps" "--document-private-items" "--message-format=json", kill_on_drop: false }`
[INFO] [stdout] 02416c3698549946a5da9c60997879786dd9b17f59cd987b30f79199ce9ac9df
[INFO] running `Command { std: "docker" "start" "-a" "02416c3698549946a5da9c60997879786dd9b17f59cd987b30f79199ce9ac9df", kill_on_drop: false }`
[INFO] [stderr]    Compiling cc v1.0.18
[INFO] [stderr]     Checking vcell v0.1.0
[INFO] [stderr]     Checking bare-metal v0.2.1
[INFO] [stderr]     Checking aligned v0.2.0
[INFO] [stderr]    Compiling stm32f103xx v0.10.0
[INFO] [stderr]     Checking nb v0.1.1
[INFO] [stderr]    Compiling stm32f103xx-hal v0.1.0 (https://github.com/ilya-epifanov/stm32f103xx-hal?rev=3a8d64d3605b5eac9fd15eea0ba25319fbb8375c#3a8d64d3)
[INFO] [stderr]     Checking r0 v0.2.2
[INFO] [stderr]     Checking cast v0.2.2
[INFO] [stderr]     Checking volatile-register v0.2.0
[INFO] [stderr]     Checking embedded-hal v0.2.1
[INFO] [stderr]     Checking bme280 v0.1.0 (https://github.com/TeXitoi/bme280-rs?branch=add-bmp280#0ec68835)
[INFO] [stderr]    Compiling cortex-m v0.5.4
[INFO] [stderr]    Compiling cortex-m-semihosting v0.3.0
[INFO] [stderr]    Compiling cortex-m-rt v0.5.1
[INFO] [stderr]     Checking panic-itm v0.2.0
[INFO] [stderr]     Checking panic-semihosting v0.3.0
[INFO] [stdout] error[E0557]: feature has been removed
[INFO] [stdout]   --> /opt/rustwide/cargo-home/registry/src/github.com-1ecc6299db9ec823/panic-itm-0.2.0/src/lib.rs:33:12
[INFO] [stdout]    |
[INFO] [stdout] 33 | #![feature(panic_implementation)]
[INFO] [stdout]    |            ^^^^^^^^^^^^^^^^^^^^ feature has been removed
[INFO] [stdout]    |
[INFO] [stdout]    = note: subsumed by `#[panic_handler]`
[INFO] [stdout] 
[INFO] [stdout] 
[INFO] [stdout] error[E0557]: feature has been removed
[INFO] [stdout]   --> /opt/rustwide/cargo-home/registry/src/github.com-1ecc6299db9ec823/panic-semihosting-0.3.0/src/lib.rs:59:12
[INFO] [stdout]    |
[INFO] [stdout] 59 | #![feature(panic_implementation)]
[INFO] [stdout]    |            ^^^^^^^^^^^^^^^^^^^^ feature has been removed
[INFO] [stdout]    |
[INFO] [stdout]    = note: subsumed by `#[panic_handler]`
[INFO] [stdout] 
[INFO] [stdout] 
[INFO] [stdout] error: cannot find attribute `panic_implementation` in this scope
[INFO] [stdout]   --> /opt/rustwide/cargo-home/registry/src/github.com-1ecc6299db9ec823/panic-itm-0.2.0/src/lib.rs:44:3
[INFO] [stdout]    |
[INFO] [stdout] 44 | #[panic_implementation]
[INFO] [stdout]    |   ^^^^^^^^^^^^^^^^^^^^
[INFO] [stdout] 
[INFO] [stdout] 
[INFO] [stdout] error[E0554]: `#![feature]` may not be used on the stable release channel
[INFO] [stdout]   --> /opt/rustwide/cargo-home/registry/src/github.com-1ecc6299db9ec823/panic-itm-0.2.0/src/lib.rs:33:1
[INFO] [stdout]    |
[INFO] [stdout] 33 | #![feature(panic_implementation)]
[INFO] [stdout]    | ^^^^^^^^^^^^^^^^^^^^^^^^^^^^^^^^^
[INFO] [stdout] 
[INFO] [stdout] 
[INFO] [stdout] error: cannot find attribute `panic_implementation` in this scope
[INFO] [stdout]   --> /opt/rustwide/cargo-home/registry/src/github.com-1ecc6299db9ec823/panic-semihosting-0.3.0/src/lib.rs:71:3
[INFO] [stdout]    |
[INFO] [stdout] 71 | #[panic_implementation]
[INFO] [stdout]    |   ^^^^^^^^^^^^^^^^^^^^
[INFO] [stdout] 
[INFO] [stdout] 
[INFO] [stdout] error[E0554]: `#![feature]` may not be used on the stable release channel
[INFO] [stdout]   --> /opt/rustwide/cargo-home/registry/src/github.com-1ecc6299db9ec823/panic-semihosting-0.3.0/src/lib.rs:59:1
[INFO] [stdout]    |
[INFO] [stdout] 59 | #![feature(panic_implementation)]
[INFO] [stdout]    | ^^^^^^^^^^^^^^^^^^^^^^^^^^^^^^^^^
[INFO] [stdout] 
[INFO] [stdout] 
[INFO] [stderr] error: could not compile `panic-itm`
[INFO] [stdout] error: aborting due to 3 previous errors
[INFO] [stdout] 
[INFO] [stdout] 
[INFO] [stderr] 
[INFO] [stdout] Some errors have detailed explanations: E0554, E0557.
[INFO] [stdout] 
[INFO] [stderr] To learn more, run the command again with --verbose.
[INFO] [stdout] For more information about an error, try `rustc --explain E0554`.
[INFO] [stdout] 
[INFO] [stderr] warning: build failed, waiting for other jobs to finish...
[INFO] [stdout] error: aborting due to 3 previous errors
[INFO] [stdout] 
[INFO] [stdout] 
[INFO] [stdout] Some errors have detailed explanations: E0554, E0557.
[INFO] [stdout] 
[INFO] [stdout] For more information about an error, try `rustc --explain E0554`.
[INFO] [stdout] 
[INFO] [stderr] error: build failed
[INFO] running `Command { std: "docker" "inspect" "02416c3698549946a5da9c60997879786dd9b17f59cd987b30f79199ce9ac9df", kill_on_drop: false }`
[INFO] running `Command { std: "docker" "rm" "-f" "02416c3698549946a5da9c60997879786dd9b17f59cd987b30f79199ce9ac9df", kill_on_drop: false }`
[INFO] [stdout] 02416c3698549946a5da9c60997879786dd9b17f59cd987b30f79199ce9ac9df
