[INFO] cloning repository https://github.com/TKelsier/Carberretta-Rust
[INFO] running `Command { std: "git" "-c" "credential.helper=" "-c" "credential.helper=/workspace/cargo-home/bin/git-credential-null" "clone" "--bare" "https://github.com/TKelsier/Carberretta-Rust" "/workspace/cache/git-repos/https%3A%2F%2Fgithub.com%2FTKelsier%2FCarberretta-Rust", kill_on_drop: false }`
[INFO] [stderr] Cloning into bare repository '/workspace/cache/git-repos/https%3A%2F%2Fgithub.com%2FTKelsier%2FCarberretta-Rust'...
[INFO] running `Command { std: "git" "rev-parse" "HEAD", kill_on_drop: false }`
[INFO] [stdout] 4e304bfeac78497ba0453f4e11b7000ba33e0e35
[INFO] documenting TKelsier/Carberretta-Rust against beta-2021-08-01 for beta-1.55-rustdoc-1
[INFO] running `Command { std: "git" "clone" "/workspace/cache/git-repos/https%3A%2F%2Fgithub.com%2FTKelsier%2FCarberretta-Rust" "/workspace/builds/worker-3/source", kill_on_drop: false }`
[INFO] [stderr] Cloning into '/workspace/builds/worker-3/source'...
[INFO] [stderr] done.
[INFO] validating manifest of git repo https://github.com/TKelsier/Carberretta-Rust on toolchain beta-2021-08-01
[INFO] running `Command { std: "/workspace/cargo-home/bin/cargo" "+beta-2021-08-01" "metadata" "--manifest-path" "Cargo.toml" "--no-deps", kill_on_drop: false }`
[INFO] started tweaking git repo https://github.com/TKelsier/Carberretta-Rust
[INFO] finished tweaking git repo https://github.com/TKelsier/Carberretta-Rust
[INFO] tweaked toml for git repo https://github.com/TKelsier/Carberretta-Rust written to /workspace/builds/worker-3/source/Cargo.toml
[INFO] crate git repo https://github.com/TKelsier/Carberretta-Rust already has a lockfile, it will not be regenerated
[INFO] running `Command { std: "/workspace/cargo-home/bin/cargo" "+beta-2021-08-01" "fetch" "--manifest-path" "Cargo.toml", kill_on_drop: false }`
[INFO] [stderr]     Updating git repository `https://github.com/launchbadge/sqlx/`
[INFO] [stderr]  Downloading crates ...
[INFO] [stderr]   Downloaded pin-project-lite v0.1.10
[INFO] [stderr]   Downloaded pin-project-internal v0.4.26
[INFO] [stderr]   Downloaded zeroize v1.1.1
[INFO] [stderr]   Downloaded platforms v0.2.1
[INFO] [stderr]   Downloaded futures-channel v0.3.6
[INFO] [stderr]   Downloaded futures-sink v0.3.6
[INFO] [stderr]   Downloaded futures-task v0.3.6
[INFO] [stderr]   Downloaded darwin-libproc-sys v0.1.2
[INFO] [stderr]   Downloaded psutil v3.2.0
[INFO] [stderr]   Downloaded darwin-libproc v0.1.2
[INFO] [stderr]   Downloaded poly1305 v0.6.1
[INFO] [stderr]   Downloaded futures-io v0.3.6
[INFO] [stderr]   Downloaded futures-util v0.3.6
[INFO] [stderr]   Downloaded futures-executor v0.3.6
[INFO] [stderr]   Downloaded futures-macro v0.3.6
[INFO] [stderr]   Downloaded sharded-slab v0.0.9
[INFO] [stderr]   Downloaded pin-project v0.4.26
[INFO] [stderr]   Downloaded command_attr v0.3.0-rc.2
[INFO] [stderr]   Downloaded async-tungstenite v0.8.0
[INFO] [stderr]   Downloaded futures v0.3.6
[INFO] [stderr]   Downloaded salsa20 v0.5.2
[INFO] [stderr]   Downloaded stream-cipher v0.4.1
[INFO] [stderr]   Downloaded futures-core v0.3.6
[INFO] [stderr]   Downloaded xsalsa20poly1305 v0.4.2
[INFO] [stderr]   Downloaded serenity v0.9.0-rc.2
[INFO] [stderr]   Downloaded tracing-subscriber v0.2.13
[INFO] [stderr]   Downloaded serde_json v1.0.58
[INFO] [stderr]   Downloaded audiopus_sys v0.1.7
[INFO] running `Command { std: "docker" "create" "-v" "/var/lib/crater-agent-workspace/builds/worker-3/target:/opt/rustwide/target:rw,Z" "-v" "/var/lib/crater-agent-workspace/builds/worker-3/source:/opt/rustwide/workdir:ro,Z" "-v" "/var/lib/crater-agent-workspace/cargo-home:/opt/rustwide/cargo-home:ro,Z" "-v" "/var/lib/crater-agent-workspace/rustup-home:/opt/rustwide/rustup-home:ro,Z" "-e" "SOURCE_DIR=/opt/rustwide/workdir" "-e" "CARGO_TARGET_DIR=/opt/rustwide/target" "-e" "CARGO_HOME=/opt/rustwide/cargo-home" "-e" "RUSTUP_HOME=/opt/rustwide/rustup-home" "-w" "/opt/rustwide/workdir" "-m" "1610612736" "--user" "0:0" "--network" "none" "ghcr.io/rust-lang/crates-build-env/linux@sha256:34b6a614d2c27851fe6cbf88fbd1137609cefab8b10d0615aaeb6fd47975d74e" "/opt/rustwide/cargo-home/bin/cargo" "+beta-2021-08-01" "metadata" "--no-deps" "--format-version=1", kill_on_drop: false }`
[INFO] [stdout] 78a78e542ab287b04f966edb0ac5b62a05500c69a53edc06874dc6a5a27049bf
[INFO] running `Command { std: "docker" "start" "-a" "78a78e542ab287b04f966edb0ac5b62a05500c69a53edc06874dc6a5a27049bf", kill_on_drop: false }`
[INFO] running `Command { std: "docker" "inspect" "78a78e542ab287b04f966edb0ac5b62a05500c69a53edc06874dc6a5a27049bf", kill_on_drop: false }`
[INFO] running `Command { std: "docker" "rm" "-f" "78a78e542ab287b04f966edb0ac5b62a05500c69a53edc06874dc6a5a27049bf", kill_on_drop: false }`
[INFO] [stdout] 78a78e542ab287b04f966edb0ac5b62a05500c69a53edc06874dc6a5a27049bf
[INFO] running `Command { std: "docker" "create" "-v" "/var/lib/crater-agent-workspace/builds/worker-3/target:/opt/rustwide/target:rw,Z" "-v" "/var/lib/crater-agent-workspace/builds/worker-3/source:/opt/rustwide/workdir:ro,Z" "-v" "/var/lib/crater-agent-workspace/cargo-home:/opt/rustwide/cargo-home:ro,Z" "-v" "/var/lib/crater-agent-workspace/rustup-home:/opt/rustwide/rustup-home:ro,Z" "-e" "SOURCE_DIR=/opt/rustwide/workdir" "-e" "CARGO_TARGET_DIR=/opt/rustwide/target" "-e" "CARGO_INCREMENTAL=0" "-e" "RUST_BACKTRACE=full" "-e" "RUSTDOCFLAGS=--cap-lints=warn" "-e" "CARGO_HOME=/opt/rustwide/cargo-home" "-e" "RUSTUP_HOME=/opt/rustwide/rustup-home" "-w" "/opt/rustwide/workdir" "-m" "1610612736" "--user" "0:0" "--network" "none" "ghcr.io/rust-lang/crates-build-env/linux@sha256:34b6a614d2c27851fe6cbf88fbd1137609cefab8b10d0615aaeb6fd47975d74e" "/opt/rustwide/cargo-home/bin/cargo" "+beta-2021-08-01" "doc" "--frozen" "--no-deps" "--document-private-items" "--message-format=json", kill_on_drop: false }`
[INFO] [stdout] 9f4c8d15053c23d8c5427c842532e511ffe7e40acfb8a5282d6d9412cfab6801
[INFO] running `Command { std: "docker" "start" "-a" "9f4c8d15053c23d8c5427c842532e511ffe7e40acfb8a5282d6d9412cfab6801", kill_on_drop: false }`
[INFO] [stderr]    Compiling libc v0.2.79
[INFO] [stderr]    Compiling syn v1.0.42
[INFO] [stderr]    Compiling cc v1.0.60
[INFO] [stderr]    Compiling pin-project-internal v0.4.26
[INFO] [stderr]    Compiling proc-macro-nested v0.1.6
[INFO] [stderr]    Compiling openssl v0.10.30
[INFO] [stderr]    Compiling serde v1.0.116
[INFO] [stderr]    Compiling native-tls v0.2.4
[INFO] [stderr]     Checking futures-core v0.3.6
[INFO] [stderr]     Checking pin-project-lite v0.1.10
[INFO] [stderr]     Checking arc-swap v0.4.7
[INFO] [stderr]     Checking itoa v0.4.6
[INFO] [stderr]     Checking futures-sink v0.3.6
[INFO] [stderr]     Checking futures-io v0.3.6
[INFO] [stderr]     Checking subtle v2.3.0
[INFO] [stderr]    Compiling serde_json v1.0.58
[INFO] [stderr]    Compiling once_cell v1.4.1
[INFO] [stderr]     Checking ppv-lite86 v0.2.9
[INFO] [stderr]    Compiling tinyvec v0.3.4
[INFO] [stderr]    Compiling smallvec v1.4.2
[INFO] [stderr]    Compiling linked-hash-map v0.5.3
[INFO] [stderr]    Compiling encoding_rs v0.8.24
[INFO] [stderr]    Compiling ahash v0.3.8
[INFO] [stderr]    Compiling hex v0.4.2
[INFO] [stderr]     Checking dtoa v0.4.6
[INFO] [stderr]    Compiling uuid v0.8.1
[INFO] [stderr]     Checking zeroize v1.1.1
[INFO] [stderr]    Compiling whoami v0.9.0
[INFO] [stderr]    Compiling serenity v0.9.0-rc.2
[INFO] [stderr]     Checking unescape v0.1.0
[INFO] [stderr]     Checking glob v0.3.0
[INFO] [stderr]     Checking platforms v0.2.1
[INFO] [stderr]     Checking typemap_rev v0.1.3
[INFO] [stderr]    Compiling num-traits v0.2.12
[INFO] [stderr]    Compiling indexmap v1.6.0
[INFO] [stderr]     Checking futures-task v0.3.6
[INFO] [stderr]    Compiling hashbrown v0.8.2
[INFO] [stderr]    Compiling instant v0.1.7
[INFO] [stderr]     Checking sharded-slab v0.0.9
[INFO] [stderr]     Checking unicode-normalization v0.1.13
[INFO] [stderr]    Compiling lock_api v0.4.1
[INFO] [stderr]     Checking lru-cache v0.1.2
[INFO] [stderr]     Checking http v0.2.1
[INFO] [stderr]     Checking futures-channel v0.3.6
[INFO] [stderr]    Compiling log v0.4.11
[INFO] [stderr]     Checking want v0.3.0
[INFO] [stderr]     Checking tracing-log v0.1.1
[INFO] [stderr]    Compiling generic-array v0.14.4
[INFO] [stderr]    Compiling crossbeam-utils v0.7.2
[INFO] [stderr]     Checking regex-automata v0.1.9
[INFO] [stderr]     Checking universal-hash v0.4.0
[INFO] [stderr]     Checking stream-cipher v0.4.1
[INFO] [stderr]     Checking crypto-mac v0.8.0
[INFO] [stderr]     Checking aead v0.3.2
[INFO] [stderr]     Checking sqlformat v0.1.1
[INFO] [stderr]     Checking sha-1 v0.9.1
[INFO] [stderr]     Checking md-5 v0.9.1
[INFO] [stderr]     Checking sha2 v0.9.1
[INFO] [stderr]     Checking salsa20 v0.5.2
[INFO] [stderr]     Checking hmac v0.8.1
[INFO] [stderr]    Compiling digest v0.9.0
[INFO] [stderr]    Compiling block-buffer v0.9.0
[INFO] [stderr]    Compiling audiopus_sys v0.1.7
[INFO] [stderr]    Compiling crossbeam-channel v0.4.4
[INFO] [stderr]    Compiling crossbeam-queue v0.2.3
[INFO] [stderr]     Checking poly1305 v0.6.1
[INFO] [stderr]    Compiling idna v0.2.0
[INFO] [stderr]    Compiling stringprep v0.1.2
[INFO] [stderr]     Checking matchers v0.0.1
[INFO] [stderr]    Compiling openssl-sys v0.9.58
[INFO] [stderr]    Compiling url v2.1.1
[INFO] [stderr]     Checking audiopus v0.2.0
[INFO] [stderr]     Checking num-integer v0.1.43
[INFO] [stderr]     Checking atoi v0.3.2
[INFO] [stderr]    Compiling net2 v0.2.35
[INFO] [stderr]    Compiling iovec v0.1.4
[INFO] [stderr]    Compiling num_cpus v1.13.0
[INFO] [stderr]    Compiling getrandom v0.1.15
[INFO] [stderr]    Compiling signal-hook-registry v1.2.1
[INFO] [stderr]    Compiling time v0.1.44
[INFO] [stderr]    Compiling parking_lot_core v0.8.0
[INFO] [stderr]    Compiling parking_lot v0.11.0
[INFO] [stderr]    Compiling rand_core v0.5.1
[INFO] [stderr]    Compiling mio v0.6.22
[INFO] [stderr]     Checking http-body v0.3.1
[INFO] [stderr]    Compiling rand_chacha v0.2.2
[INFO] [stderr]    Compiling rand v0.7.3
[INFO] [stderr]    Compiling mio-uds v0.6.8
[INFO] [stderr]     Checking socket2 v0.3.15
[INFO] [stderr]     Checking flate2 v1.0.18
[INFO] [stderr]     Checking nix v0.17.0
[INFO] [stderr]     Checking xsalsa20poly1305 v0.4.2
[INFO] [stderr]     Checking tungstenite v0.11.1
[INFO] [stderr]    Compiling tokio-macros v0.2.5
[INFO] [stderr]    Compiling serde_derive v1.0.116
[INFO] [stderr]    Compiling futures-macro v0.3.6
[INFO] [stderr]    Compiling tracing-attributes v0.1.11
[INFO] [stderr]    Compiling thiserror-impl v1.0.21
[INFO] [stderr]    Compiling async-trait v0.1.41
[INFO] [stderr]    Compiling derive_more v0.99.11
[INFO] [stderr]    Compiling command_attr v0.3.0-rc.2
[INFO] [stderr]     Checking tokio v0.2.22
[INFO] [stderr]     Checking thiserror v1.0.21
[INFO] [stderr]     Checking psutil v3.2.0
[INFO] [stderr]     Checking tracing v0.1.21
[INFO] [stderr]     Checking pin-project v0.4.26
[INFO] [stderr]    Compiling futures-util v0.3.6
[INFO] [stderr]     Checking tracing-futures v0.2.4
[INFO] [stderr]    Compiling tokio-native-tls v0.1.0
[INFO] [stderr]     Checking tokio-util v0.3.1
[INFO] [stderr]     Checking tokio-tls v0.3.1
[INFO] [stderr]    Compiling sqlx-rt v0.1.1 (https://github.com/launchbadge/sqlx/?branch=master#8e4d061d)
[INFO] [stderr]     Checking h2 v0.2.6
[INFO] [stderr]     Checking futures-executor v0.3.6
[INFO] [stderr]     Checking async-tungstenite v0.8.0
[INFO] [stderr]     Checking futures v0.3.6
[INFO] [stderr]    Compiling either v1.6.1
[INFO] [stderr]    Compiling chrono v0.4.19
[INFO] [stderr]     Checking serde_urlencoded v0.6.1
[INFO] [stderr]     Checking tracing-serde v0.1.2
[INFO] [stderr]     Checking toml v0.5.6
[INFO] [stderr]    Compiling sqlx-core v0.4.0-beta.1 (https://github.com/launchbadge/sqlx/?branch=master#8e4d061d)
[INFO] [stderr]     Checking tracing-subscriber v0.2.13
[INFO] [stderr]     Checking hyper v0.13.8
[INFO] [stderr]     Checking hyper-tls v0.4.3
[INFO] [stderr]     Checking reqwest v0.10.8
[INFO] [stderr]    Compiling sqlx-macros v0.4.0-beta.1 (https://github.com/launchbadge/sqlx/?branch=master#8e4d061d)
[INFO] [stderr]     Checking sqlx v0.4.0-beta.1 (https://github.com/launchbadge/sqlx/?branch=master#8e4d061d)
[INFO] [stderr]  Documenting carberretta v0.1.0 (/opt/rustwide/workdir)
[INFO] [stdout] error[E0432]: unresolved import `darkredis`
[INFO] [stdout]  --> src/utils/database.rs:6:5
[INFO] [stdout]   |
[INFO] [stdout] 6 | use darkredis::ConnectionPool;
[INFO] [stdout]   |     ^^^^^^^^^ use of undeclared crate or module `darkredis`
[INFO] [stdout] 
[INFO] [stdout] 
[INFO] [stdout] error[E0432]: unresolved import `darkredis`
[INFO] [stdout]   --> src/global_data.rs:23:5
[INFO] [stdout]    |
[INFO] [stdout] 23 | use darkredis::ConnectionPool as RedisPool;
[INFO] [stdout]    |     ^^^^^^^^^ use of undeclared crate or module `darkredis`
[INFO] [stdout] 
[INFO] [stdout] 
[INFO] [stdout] error[E0412]: cannot find type `ConfigurationData` in this scope
[INFO] [stdout]   --> src/global_data.rs:47:22
[INFO] [stdout]    |
[INFO] [stdout] 46 | impl TypeMapKey for Tokens {
[INFO] [stdout]    |     - help: you might be missing a type parameter: `<ConfigurationData>`
[INFO] [stdout] 47 |     type Value = Arc<ConfigurationData>;
[INFO] [stdout]    |                      ^^^^^^^^^^^^^^^^^ not found in this scope
[INFO] [stdout] 
[INFO] [stdout] 
[INFO] [stdout] error: Compilation failed, aborting rustdoc
[INFO] [stdout] 
[INFO] [stdout] 
[INFO] [stdout] error: aborting due to 4 previous errors
[INFO] [stdout] 
[INFO] [stdout] 
[INFO] [stdout] Some errors have detailed explanations: E0412, E0432.
[INFO] [stdout] 
[INFO] [stdout] For more information about an error, try `rustc --explain E0412`.
[INFO] [stdout] 
[INFO] [stderr] error: could not document `carberretta`
[INFO] [stderr] 
[INFO] [stderr] Caused by:
[INFO] [stderr]   process didn't exit successfully: `rustdoc --edition=2018 --crate-type bin --crate-name carberretta src/main.rs -o /opt/rustwide/target/doc --error-format=json --json=diagnostic-rendered-ansi --document-private-items -L dependency=/opt/rustwide/target/debug/deps --extern dotenv=/opt/rustwide/target/debug/deps/libdotenv-9165642b04647e23.rmeta --extern psutil=/opt/rustwide/target/debug/deps/libpsutil-ae30bc98ded1774e.rmeta --extern serde=/opt/rustwide/target/debug/deps/libserde-d81ef2d226ca3992.rmeta --extern serenity=/opt/rustwide/target/debug/deps/libserenity-6d893bbc62ee5999.rmeta --extern sqlx=/opt/rustwide/target/debug/deps/libsqlx-3f4a52869ea610f6.rmeta --extern tokio=/opt/rustwide/target/debug/deps/libtokio-34fc178d8d4099d0.rmeta --extern toml=/opt/rustwide/target/debug/deps/libtoml-cc9687741c8703b8.rmeta --extern tracing=/opt/rustwide/target/debug/deps/libtracing-519c70d29fe026b5.rmeta --extern tracing_futures=/opt/rustwide/target/debug/deps/libtracing_futures-7073a9c762f6d64a.rmeta --extern tracing_subscriber=/opt/rustwide/target/debug/deps/libtracing_subscriber-67a20b96df863637.rmeta --cap-lints=warn --crate-version 0.1.0` (exit status: 1)
[INFO] running `Command { std: "docker" "inspect" "9f4c8d15053c23d8c5427c842532e511ffe7e40acfb8a5282d6d9412cfab6801", kill_on_drop: false }`
[INFO] running `Command { std: "docker" "rm" "-f" "9f4c8d15053c23d8c5427c842532e511ffe7e40acfb8a5282d6d9412cfab6801", kill_on_drop: false }`
[INFO] [stdout] 9f4c8d15053c23d8c5427c842532e511ffe7e40acfb8a5282d6d9412cfab6801
