[INFO] cloning repository https://github.com/T-EXCHANGE/openethereum
[INFO] running `Command { std: "git" "-c" "credential.helper=" "-c" "credential.helper=/workspace/cargo-home/bin/git-credential-null" "clone" "--bare" "https://github.com/T-EXCHANGE/openethereum" "/workspace/cache/git-repos/https%3A%2F%2Fgithub.com%2FT-EXCHANGE%2Fopenethereum", kill_on_drop: false }`
[INFO] [stderr] Cloning into bare repository '/workspace/cache/git-repos/https%3A%2F%2Fgithub.com%2FT-EXCHANGE%2Fopenethereum'...
[INFO] running `Command { std: "git" "rev-parse" "HEAD", kill_on_drop: false }`
[INFO] [stdout] 11e40fad8bcb94537326e8ec4e0cddc49ccea651
[INFO] documenting T-EXCHANGE/openethereum against beta-2021-08-01 for beta-1.55-rustdoc-1
[INFO] running `Command { std: "git" "clone" "/workspace/cache/git-repos/https%3A%2F%2Fgithub.com%2FT-EXCHANGE%2Fopenethereum" "/workspace/builds/worker-9/source", kill_on_drop: false }`
[INFO] [stderr] Cloning into '/workspace/builds/worker-9/source'...
[INFO] [stderr] done.
[INFO] validating manifest of git repo https://github.com/T-EXCHANGE/openethereum on toolchain beta-2021-08-01
[INFO] running `Command { std: "/workspace/cargo-home/bin/cargo" "+beta-2021-08-01" "metadata" "--manifest-path" "Cargo.toml" "--no-deps", kill_on_drop: false }`
[INFO] removed /workspace/builds/worker-9/source/.cargo/config
[INFO] started tweaking git repo https://github.com/T-EXCHANGE/openethereum
[INFO] finished tweaking git repo https://github.com/T-EXCHANGE/openethereum
[INFO] tweaked toml for git repo https://github.com/T-EXCHANGE/openethereum written to /workspace/builds/worker-9/source/Cargo.toml
[INFO] crate git repo https://github.com/T-EXCHANGE/openethereum already has a lockfile, it will not be regenerated
[INFO] running `Command { std: "/workspace/cargo-home/bin/cargo" "+beta-2021-08-01" "fetch" "--manifest-path" "Cargo.toml", kill_on_drop: false }`
[INFO] [stderr]     Updating git repository `https://github.com/paritytech/app-dirs-rs`
[INFO] [stderr]     Updating git repository `https://github.com/paritytech/bn`
[INFO] [stderr]     Updating git repository `https://github.com/matter-labs/eip1962.git`
[INFO] [stderr]     Updating git repository `https://github.com/paritytech/secret-store`
[INFO] [stderr]  Downloading crates ...
[INFO] [stderr]   Downloaded parity-util-mem v0.7.0
[INFO] [stderr]   Downloaded tokio-uds v0.2.6
[INFO] [stderr]   Downloaded parity-wasm v0.31.3
[INFO] [stderr]   Downloaded primal-bit v0.2.4
[INFO] [stderr]   Downloaded trie-standardmap v0.15.2
[INFO] [stderr]   Downloaded ipnetwork v0.12.8
[INFO] [stderr]   Downloaded primal-estimate v0.2.1
[INFO] [stderr]   Downloaded hamming v0.1.3
[INFO] [stderr]   Downloaded if_chain v0.1.3
[INFO] [stderr]   Downloaded order-stat v0.1.3
[INFO] [stderr]   Downloaded primal-sieve v0.2.9
[INFO] [stderr]   Downloaded validator_derive v0.8.0
[INFO] [stderr]   Downloaded primal v0.2.3
[INFO] [stderr]   Downloaded parity-bytes v0.1.2
[INFO] [stderr]   Downloaded enum-primitive-derive v0.2.1
[INFO] [stderr]   Downloaded jemallocator v0.3.2
[INFO] [stderr]   Downloaded subtle v2.2.2
[INFO] [stderr]   Downloaded kvdb-memorydb v0.7.0
[INFO] [stderr]   Downloaded ethbloom v0.9.1
[INFO] [stderr]   Downloaded rustc-hex v1.0.0
[INFO] [stderr]   Downloaded enr v0.1.0-alpha.5
[INFO] [stderr]   Downloaded timer v0.2.0
[INFO] [stderr]   Downloaded parity-path v0.1.3
[INFO] [stderr]   Downloaded triehash v0.8.3
[INFO] [stderr]   Downloaded rustls-native-certs v0.1.0
[INFO] [stderr]   Downloaded jsonrpc-http-server v14.0.6
[INFO] [stderr]   Downloaded jsonrpc-tcp-server v14.0.6
[INFO] [stderr]   Downloaded logos-derive v0.7.7
[INFO] [stderr]   Downloaded parity-scale-codec v1.2.0
[INFO] [stderr]   Downloaded lunarity-lexer v0.2.1
[INFO] [stderr]   Downloaded wasmi v0.3.0
[INFO] [stderr]   Downloaded assert_matches v1.3.0
[INFO] [stderr]   Downloaded bitvec v0.15.2
[INFO] [stderr]   Downloaded jsonrpc-ws-server v14.0.6
[INFO] [stderr]   Downloaded logos v0.7.7
[INFO] [stderr]   Downloaded toolshed v0.6.3
[INFO] [stderr]   Downloaded tokio-rustls v0.10.3
[INFO] [stderr]   Downloaded rprompt v1.0.5
[INFO] [stderr]   Downloaded natpmp v0.2.0
[INFO] [stderr]   Downloaded jsonrpc-ipc-server v14.0.7
[INFO] [stderr]   Downloaded nan-preserving-float v0.1.0
[INFO] [stderr]   Downloaded parity-runtime v0.1.1
[INFO] [stderr]   Downloaded kvdb v0.7.0
[INFO] [stderr]   Downloaded kvdb-rocksdb v0.9.0
[INFO] [stderr]   Downloaded fdlimit v0.1.4
[INFO] [stderr]   Downloaded ethabi-derive v12.0.0
[INFO] [stderr]   Downloaded hyper-rustls v0.18.0
[INFO] [stderr]   Downloaded lru v0.5.2
[INFO] [stderr]   Downloaded pretty_assertions v0.1.2
[INFO] [stderr]   Downloaded clang-sys v0.29.2
[INFO] [stderr]   Downloaded keccak-hash v0.5.1
[INFO] [stderr]   Downloaded transaction-pool v2.0.3
[INFO] [stderr]   Downloaded rpassword v1.0.2
[INFO] [stderr]   Downloaded trace-time v0.1.3
[INFO] [stderr]   Downloaded failsafe v0.3.1
[INFO] [stderr]   Downloaded hashbrown v0.8.0
[INFO] [stderr]   Downloaded plain_hasher v0.2.3
[INFO] [stderr]   Downloaded memory-db v0.24.1
[INFO] [stderr]   Downloaded snap v1.0.0
[INFO] [stderr]   Downloaded target_info v0.1.0
[INFO] [stderr]   Downloaded jsonrpc-server-utils v14.0.5
[INFO] [stderr]   Downloaded jsonrpc-pubsub v14.0.6
[INFO] [stderr]   Downloaded elastic-array v0.10.3
[INFO] [stderr]   Downloaded parity-wordlist v1.3.1
[INFO] [stderr]   Downloaded jsonrpc-derive v14.0.5
[INFO] [stderr]   Downloaded rlp-derive v0.1.0
[INFO] [stderr]   Downloaded ethereum-forkid v0.2.1
[INFO] [stderr]   Downloaded keccak-hasher v0.15.2
[INFO] [stderr]   Downloaded transient-hashmap v0.4.1
[INFO] [stderr]   Downloaded pwasm-utils v0.6.2
[INFO] [stderr]   Downloaded ethabi-contract v11.0.0
[INFO] [stderr]   Downloaded validator v0.8.0
[INFO] [stderr]   Downloaded parity-daemonize v0.3.0
[INFO] [stderr]   Downloaded impl-trait-for-tuples v0.1.3
[INFO] [stderr]   Downloaded igd v0.10.0
[INFO] [stderr]   Downloaded librocksdb-sys v6.7.4
[INFO] [stderr]   Downloaded ethabi v12.0.0
[INFO] [stderr]   Downloaded fs-swap v0.2.4
[INFO] [stderr]   Downloaded primal-check v0.2.3
[INFO] [stderr]   Downloaded trie-db v0.21.0
[INFO] [stderr]   Downloaded jemalloc-sys v0.3.2
[INFO] [stderr]   Downloaded hex-literal-impl v0.2.1
[INFO] running `Command { std: "docker" "create" "-v" "/var/lib/crater-agent-workspace/builds/worker-9/target:/opt/rustwide/target:rw,Z" "-v" "/var/lib/crater-agent-workspace/builds/worker-9/source:/opt/rustwide/workdir:ro,Z" "-v" "/var/lib/crater-agent-workspace/cargo-home:/opt/rustwide/cargo-home:ro,Z" "-v" "/var/lib/crater-agent-workspace/rustup-home:/opt/rustwide/rustup-home:ro,Z" "-e" "SOURCE_DIR=/opt/rustwide/workdir" "-e" "CARGO_TARGET_DIR=/opt/rustwide/target" "-e" "CARGO_HOME=/opt/rustwide/cargo-home" "-e" "RUSTUP_HOME=/opt/rustwide/rustup-home" "-w" "/opt/rustwide/workdir" "-m" "1610612736" "--user" "0:0" "--network" "none" "ghcr.io/rust-lang/crates-build-env/linux@sha256:34b6a614d2c27851fe6cbf88fbd1137609cefab8b10d0615aaeb6fd47975d74e" "/opt/rustwide/cargo-home/bin/cargo" "+beta-2021-08-01" "metadata" "--no-deps" "--format-version=1", kill_on_drop: false }`
[INFO] [stdout] 2eb1fc7cfce96929d336f89044d49419ce766be6e7aebb50a41c87e3c7926dd0
[INFO] running `Command { std: "docker" "start" "-a" "2eb1fc7cfce96929d336f89044d49419ce766be6e7aebb50a41c87e3c7926dd0", kill_on_drop: false }`
[INFO] running `Command { std: "docker" "inspect" "2eb1fc7cfce96929d336f89044d49419ce766be6e7aebb50a41c87e3c7926dd0", kill_on_drop: false }`
[INFO] running `Command { std: "docker" "rm" "-f" "2eb1fc7cfce96929d336f89044d49419ce766be6e7aebb50a41c87e3c7926dd0", kill_on_drop: false }`
[INFO] [stdout] 2eb1fc7cfce96929d336f89044d49419ce766be6e7aebb50a41c87e3c7926dd0
[INFO] running `Command { std: "docker" "create" "-v" "/var/lib/crater-agent-workspace/builds/worker-9/target:/opt/rustwide/target:rw,Z" "-v" "/var/lib/crater-agent-workspace/builds/worker-9/source:/opt/rustwide/workdir:ro,Z" "-v" "/var/lib/crater-agent-workspace/cargo-home:/opt/rustwide/cargo-home:ro,Z" "-v" "/var/lib/crater-agent-workspace/rustup-home:/opt/rustwide/rustup-home:ro,Z" "-e" "SOURCE_DIR=/opt/rustwide/workdir" "-e" "CARGO_TARGET_DIR=/opt/rustwide/target" "-e" "CARGO_INCREMENTAL=0" "-e" "RUST_BACKTRACE=full" "-e" "RUSTDOCFLAGS=--cap-lints=warn" "-e" "CARGO_HOME=/opt/rustwide/cargo-home" "-e" "RUSTUP_HOME=/opt/rustwide/rustup-home" "-w" "/opt/rustwide/workdir" "-m" "1610612736" "--user" "0:0" "--network" "none" "ghcr.io/rust-lang/crates-build-env/linux@sha256:34b6a614d2c27851fe6cbf88fbd1137609cefab8b10d0615aaeb6fd47975d74e" "/opt/rustwide/cargo-home/bin/cargo" "+beta-2021-08-01" "doc" "--frozen" "--no-deps" "--document-private-items" "--message-format=json", kill_on_drop: false }`
[INFO] [stdout] bd176dd4591770005794ba66e6b61669299c41a5deec32b4d0aa7cf5ba36ef69
[INFO] running `Command { std: "docker" "start" "-a" "bd176dd4591770005794ba66e6b61669299c41a5deec32b4d0aa7cf5ba36ef69", kill_on_drop: false }`
[INFO] [stderr]    Compiling libc v0.2.68
[INFO] [stderr]    Compiling syn v1.0.17
[INFO] [stderr]    Compiling byteorder v1.3.4
[INFO] [stderr]    Compiling serde v1.0.105
[INFO] [stderr]    Compiling spin v0.5.2
[INFO] [stderr]    Compiling scopeguard v1.1.0
[INFO] [stderr]    Compiling either v1.5.3
[INFO] [stderr]     Checking rustc-hex v2.1.0
[INFO] [stderr]     Checking arrayvec v0.5.1
[INFO] [stderr]     Checking byte-slice-cast v0.3.5
[INFO] [stderr]     Checking bitvec v0.15.2
[INFO] [stderr]    Compiling proc-macro-hack v0.5.14
[INFO] [stderr]    Compiling fs_extra v1.1.0
[INFO] [stderr]    Compiling parity-util-mem v0.7.0
[INFO] [stderr]     Checking parity-bytes v0.1.2
[INFO] [stderr]     Checking zeroize v1.1.0
[INFO] [stderr]     Checking subtle v2.2.2
[INFO] [stderr]    Compiling snap v1.0.0
[INFO] [stderr]     Checking unexpected v0.1.0 (/opt/rustwide/workdir/util/unexpected)
[INFO] [stderr]     Checking untrusted v0.7.0
[INFO] [stderr]    Compiling itoa v0.4.5
[INFO] [stderr]     Checking bit-vec v0.4.4
[INFO] [stderr]     Checking nan-preserving-float v0.1.0
[INFO] [stderr]     Checking primal-estimate v0.2.1
[INFO] [stderr]     Checking ethabi-contract v11.0.0
[INFO] [stderr]     Checking once_cell v1.3.1
[INFO] [stderr]    Compiling regex-syntax v0.6.17
[INFO] [stderr]     Checking time-utils v0.1.0 (/opt/rustwide/workdir/util/time-utils)
[INFO] [stderr]     Checking home v0.5.3
[INFO] [stderr]     Checking ipnetwork v0.12.8
[INFO] [stderr]     Checking using_queue v0.1.0 (/opt/rustwide/workdir/miner/using-queue)
[INFO] [stderr]    Compiling unicode-width v0.1.7
[INFO] [stderr]    Compiling smallvec v1.2.0
[INFO] [stderr]     Checking base64 v0.12.0
[INFO] [stderr]    Compiling quick-error v1.2.3
[INFO] [stderr]    Compiling winapi v0.3.8
[INFO] [stderr]    Compiling strsim v0.8.0
[INFO] [stderr]    Compiling bindgen v0.53.2
[INFO] [stderr]    Compiling termcolor v1.1.0
[INFO] [stderr]    Compiling failure_derive v0.1.7
[INFO] [stderr]    Compiling lazycell v1.2.1
[INFO] [stderr]     Checking mio-named-pipes v0.1.6
[INFO] [stderr]     Checking edit-distance v2.1.0
[INFO] [stderr]    Compiling if_chain v0.1.3
[INFO] [stderr]     Checking order-stat v0.1.3
[INFO] [stderr]     Checking transient-hashmap v0.4.1
[INFO] [stderr]     Checking rprompt v1.0.5
[INFO] [stderr]     Checking lazy_static v1.4.0
[INFO] [stderr]     Checking lock_api v0.3.3
[INFO] [stderr]    Compiling hashbrown v0.8.0
[INFO] [stderr]     Checking unicode-normalization v0.1.12
[INFO] [stderr]    Compiling indexmap v1.3.2
[INFO] [stderr]     Checking itertools v0.8.2
[INFO] [stderr]    Compiling num-bigint v0.2.6
[INFO] [stderr]    Compiling num-iter v0.1.40
[INFO] [stderr]    Compiling num-rational v0.2.4
[INFO] [stderr]    Compiling num-complex v0.2.4
[INFO] [stderr]     Checking tokio-service v0.1.0
[INFO] [stderr]     Checking tokio-sync v0.1.8
[INFO] [stderr]    Compiling nom v5.1.1
[INFO] [stderr]     Checking primal-bit v0.2.4
[INFO] [stderr]     Checking eip-152 v0.1.0 (/opt/rustwide/workdir/util/EIP-152)
[INFO] [stderr]    Compiling clang-sys v0.29.2
[INFO] [stderr]     Checking parity-path v0.1.3
[INFO] [stderr]    Compiling rlp v0.4.5
[INFO] [stderr]     Checking app_dirs v1.2.1 (https://github.com/paritytech/app-dirs-rs#0b37f948)
[INFO] [stderr]    Compiling textwrap v0.11.0
[INFO] [stderr]    Compiling humantime v1.3.0
[INFO] [stderr]    Compiling log v0.4.8
[INFO] [stderr]     Checking bit-set v0.4.0
[INFO] [stderr]    Compiling crunchy v0.2.2
[INFO] [stderr]    Compiling ryu v1.0.3
[INFO] [stderr]     Checking rand_xorshift v0.1.1
[INFO] [stderr]     Checking rand_hc v0.1.0
[INFO] [stderr]     Checking rand_isaac v0.1.1
[INFO] [stderr]     Checking thread_local v1.0.1
[INFO] [stderr]     Checking crossbeam-utils v0.7.2
[INFO] [stderr]    Compiling memoffset v0.5.4
[INFO] [stderr]     Checking trace-time v0.1.3
[INFO] [stderr]     Checking stats v0.1.0 (/opt/rustwide/workdir/util/stats)
[INFO] [stderr]     Checking plain_hasher v0.2.3
[INFO] [stderr]    Compiling num-traits v0.2.11
[INFO] [stderr]     Checking rand_chacha v0.1.1
[INFO] [stderr]    Compiling tiny-keccak v2.0.2
[INFO] [stderr]    Compiling tiny-keccak v1.5.0
[INFO] [stderr]     Checking elastic-array v0.10.3
[INFO] [stderr]     Checking bstr v0.2.12
[INFO] [stderr]    Compiling aho-corasick v0.7.10
[INFO] [stderr]     Checking primal-sieve v0.2.9
[INFO] [stderr]    Compiling impl-rlp v0.2.1
[INFO] [stderr]     Checking number_prefix v0.2.8
[INFO] [stderr]     Checking digest v0.8.1
[INFO] [stderr]     Checking block-cipher-trait v0.6.2
[INFO] [stderr]     Checking crypto-mac v0.7.0
[INFO] [stderr]     Checking stream-cipher v0.3.2
[INFO] [stderr]     Checking triehash v0.8.3
[INFO] [stderr]     Checking regex v1.3.5
[INFO] [stderr]     Checking transaction-pool v2.0.3
[INFO] [stderr]    Compiling mime_guess v2.0.3
[INFO] [stderr]     Checking primal-check v0.2.3
[INFO] [stderr]     Checking tokio-executor v0.1.10
[INFO] [stderr]     Checking crossbeam-epoch v0.8.2
[INFO] [stderr]     Checking crossbeam-queue v0.2.1
[INFO] [stderr]    Compiling idna v0.1.5
[INFO] [stderr]    Compiling uint v0.8.3
[INFO] [stderr]     Checking hmac v0.7.1
[INFO] [stderr]     Checking rlp_compress v0.1.0 (/opt/rustwide/workdir/util/rlp-compress)
[INFO] [stderr]     Checking block-buffer v0.7.3
[INFO] [stderr]     Checking base64 v0.9.3
[INFO] [stderr]     Checking base64 v0.10.1
[INFO] [stderr]     Checking parity-wasm v0.31.3
[INFO] [stderr]     Checking simple_uint v0.1.0 (https://github.com/matter-labs/eip1962.git?rev=ece6cbabc41948db4200e41f0bfdab7ab94c7af8#ece6cbab)
[INFO] [stderr]     Checking fxhash v0.2.1
[INFO] [stderr]     Checking aes-soft v0.3.3
[INFO] [stderr]     Checking ctr v0.3.2
[INFO] [stderr]     Checking block-modes v0.3.3
[INFO] [stderr]     Checking tokio-timer v0.2.13
[INFO] [stderr]     Checking tokio-current-thread v0.1.7
[INFO] [stderr]    Compiling num-integer v0.1.42
[INFO] [stderr]     Checking fixed_width_group_and_loop v0.1.0 (https://github.com/matter-labs/eip1962.git?rev=ece6cbabc41948db4200e41f0bfdab7ab94c7af8#ece6cbab)
[INFO] [stderr]     Checking fixed_width_field v0.1.0 (https://github.com/matter-labs/eip1962.git?rev=ece6cbabc41948db4200e41f0bfdab7ab94c7af8#ece6cbab)
[INFO] [stderr]     Checking primal v0.2.3
[INFO] [stderr]    Compiling crossbeam-deque v0.7.3
[INFO] [stderr]     Checking idna v0.2.0
[INFO] [stderr]     Checking sha2 v0.8.1
[INFO] [stderr]     Checking ripemd160 v0.8.0
[INFO] [stderr]     Checking sha-1 v0.8.2
[INFO] [stderr]     Checking toolshed v0.6.3
[INFO] [stderr]     Checking globset v0.4.5
[INFO] [stderr]     Checking aes v0.3.2
[INFO] [stderr]    Compiling url v1.7.2
[INFO] [stderr]     Checking aes-ctr v0.3.0
[INFO] [stderr]    Compiling cexpr v0.4.0
[INFO] [stderr]     Checking url v2.1.1
[INFO] [stderr]    Compiling num_cpus v1.12.0
[INFO] [stderr]    Compiling getrandom v0.1.14
[INFO] [stderr]    Compiling time v0.1.42
[INFO] [stderr]    Compiling atty v0.2.14
[INFO] [stderr]    Compiling which v3.1.1
[INFO] [stderr]     Checking iovec v0.1.4
[INFO] [stderr]     Checking parking_lot_core v0.7.0
[INFO] [stderr]     Checking net2 v0.2.33
[INFO] [stderr]     Checking rand v0.5.6
[INFO] [stderr]     Checking rand_os v0.1.3
[INFO] [stderr]     Checking memmap v0.6.2
[INFO] [stderr]     Checking rand v0.4.6
[INFO] [stderr]     Checking socket2 v0.3.11
[INFO] [stderr]     Checking fs-swap v0.2.4
[INFO] [stderr]     Checking rpassword v1.0.2
[INFO] [stderr]     Checking nix v0.17.0
[INFO] [stderr]     Checking fdlimit v0.1.4
[INFO] [stderr]     Checking term_size v0.3.1
[INFO] [stderr]     Checking tokio-threadpool v0.1.18
[INFO] [stderr]     Checking futures-cpupool v0.1.8
[INFO] [stderr]     Checking rayon-core v1.7.0
[INFO] [stderr]    Compiling clap v2.33.0
[INFO] [stderr]    Compiling rand_core v0.5.1
[INFO] [stderr]     Checking parking_lot v0.10.0
[INFO] [stderr]    Compiling chrono v0.4.11
[INFO] [stderr]     Checking env_logger v0.5.13
[INFO] [stderr]     Checking bytes v0.4.12
[INFO] [stderr]    Compiling const-random-macro v0.1.8
[INFO] [stderr]    Compiling env_logger v0.7.1
[INFO] [stderr]     Checking rand v0.6.5
[INFO] [stderr]     Checking mio v0.6.21
[INFO] [stderr]     Checking miow v0.3.3
[INFO] [stderr]     Checking num v0.2.1
[INFO] [stderr]    Compiling logos-derive v0.7.7
[INFO] [stderr]    Compiling rand_chacha v0.2.2
[INFO] [stderr]     Checking len-caching-lock v0.1.1 (/opt/rustwide/workdir/util/len-caching-lock)
[INFO] [stderr]    Compiling rayon v1.3.0
[INFO] [stderr]     Checking pwasm-utils v0.6.2
[INFO] [stderr]     Checking wasmi v0.3.0
[INFO] [stderr]     Checking ethcore-logger v1.12.0 (/opt/rustwide/workdir/parity/logger)
[INFO] [stderr]     Checking tokio-io v0.1.13
[INFO] [stderr]     Checking http v0.1.21
[INFO] [stderr]     Checking string v0.2.1
[INFO] [stderr]     Checking tokio-buf v0.1.1
[INFO] [stderr]     Checking rand_xorshift v0.2.0
[INFO] [stderr]    Compiling rand v0.7.3
[INFO] [stderr]     Checking pbkdf2 v0.3.0
[INFO] [stderr]     Checking bn v0.4.4 (https://github.com/paritytech/bn#635c4cdd)
[INFO] [stdout] error[E0061]: this function takes 1 argument but 2 arguments were supplied
[INFO] [stdout]     --> /opt/rustwide/cargo-home/registry/src/github.com-1ecc6299db9ec823/logos-derive-0.7.7/src/lib.rs:55:20
[INFO] [stdout]      |
[INFO] [stdout] 55   |             extras.insert(util::ident(&ext), |_| panic!("Only one #[extras] attribute can be declared."));
[INFO] [stdout]      |                    ^^^^^^ -----------------  ----------------------------------------------------------- supplied 2 arguments
[INFO] [stdout]      |                    |
[INFO] [stdout]      |                    expected 1 argument
[INFO] [stdout]      |
[INFO] [stdout] note: associated function defined here
[INFO] [stdout] 
[INFO] [stdout] 
[INFO] [stdout] error[E0061]: this function takes 1 argument but 2 arguments were supplied
[INFO] [stdout]     --> /opt/rustwide/cargo-home/registry/src/github.com-1ecc6299db9ec823/logos-derive-0.7.7/src/lib.rs:89:23
[INFO] [stdout]      |
[INFO] [stdout] 89   |                 error.insert(variant, |_| panic!("Only one #[error] variant can be declared."));
[INFO] [stdout]      |                       ^^^^^^ -------  -------------------------------------------------------- supplied 2 arguments
[INFO] [stdout]      |                       |
[INFO] [stdout]      |                       expected 1 argument
[INFO] [stdout]      |
[INFO] [stdout] note: associated function defined here
[INFO] [stdout] 
[INFO] [stdout] 
[INFO] [stdout] error[E0061]: this function takes 1 argument but 2 arguments were supplied
[INFO] [stdout]     --> /opt/rustwide/cargo-home/registry/src/github.com-1ecc6299db9ec823/logos-derive-0.7.7/src/lib.rs:93:21
[INFO] [stdout]      |
[INFO] [stdout] 93   |                 end.insert(variant, |_| panic!("Only one #[end] variant can be declared."));
[INFO] [stdout]      |                     ^^^^^^ -------  ------------------------------------------------------ supplied 2 arguments
[INFO] [stdout]      |                     |
[INFO] [stdout]      |                     expected 1 argument
[INFO] [stdout]      |
[INFO] [stdout] note: associated function defined here
[INFO] [stdout] 
[INFO] [stdout] 
[INFO] [stdout] error: aborting due to 3 previous errors
[INFO] [stdout] 
[INFO] [stdout] 
[INFO] [stdout] For more information about this error, try `rustc --explain E0061`.
[INFO] [stdout] 
[INFO] [stderr]     Checking const-random v0.1.8
[INFO] [stderr]     Checking mio-uds v0.6.7
[INFO] [stderr]     Checking mio-extras v2.0.6
[INFO] [stderr] error: could not compile `logos-derive` due to 4 previous errors
[INFO] [stderr] warning: build failed, waiting for other jobs to finish...
[INFO] [stderr] error: build failed
[INFO] running `Command { std: "docker" "inspect" "bd176dd4591770005794ba66e6b61669299c41a5deec32b4d0aa7cf5ba36ef69", kill_on_drop: false }`
[INFO] running `Command { std: "docker" "rm" "-f" "bd176dd4591770005794ba66e6b61669299c41a5deec32b4d0aa7cf5ba36ef69", kill_on_drop: false }`
[INFO] [stdout] bd176dd4591770005794ba66e6b61669299c41a5deec32b4d0aa7cf5ba36ef69
