[INFO] cloning repository https://github.com/SwannHERRERA/api-productivity-planner
[INFO] running `Command { std: "git" "-c" "credential.helper=" "-c" "credential.helper=/workspace/cargo-home/bin/git-credential-null" "clone" "--bare" "https://github.com/SwannHERRERA/api-productivity-planner" "/workspace/cache/git-repos/https%3A%2F%2Fgithub.com%2FSwannHERRERA%2Fapi-productivity-planner", kill_on_drop: false }`
[INFO] [stderr] Cloning into bare repository '/workspace/cache/git-repos/https%3A%2F%2Fgithub.com%2FSwannHERRERA%2Fapi-productivity-planner'...
[INFO] running `Command { std: "git" "rev-parse" "HEAD", kill_on_drop: false }`
[INFO] [stdout] 809f4cad067df7fb727244628afd0f4a61637250
[INFO] documenting SwannHERRERA/api-productivity-planner against 1.54.0 for beta-1.55-rustdoc-1
[INFO] running `Command { std: "git" "clone" "/workspace/cache/git-repos/https%3A%2F%2Fgithub.com%2FSwannHERRERA%2Fapi-productivity-planner" "/workspace/builds/worker-14/source", kill_on_drop: false }`
[INFO] [stderr] Cloning into '/workspace/builds/worker-14/source'...
[INFO] [stderr] done.
[INFO] validating manifest of git repo https://github.com/SwannHERRERA/api-productivity-planner on toolchain 1.54.0
[INFO] running `Command { std: "/workspace/cargo-home/bin/cargo" "+1.54.0" "metadata" "--manifest-path" "Cargo.toml" "--no-deps", kill_on_drop: false }`
[INFO] started tweaking git repo https://github.com/SwannHERRERA/api-productivity-planner
[INFO] finished tweaking git repo https://github.com/SwannHERRERA/api-productivity-planner
[INFO] tweaked toml for git repo https://github.com/SwannHERRERA/api-productivity-planner written to /workspace/builds/worker-14/source/Cargo.toml
[INFO] crate git repo https://github.com/SwannHERRERA/api-productivity-planner already has a lockfile, it will not be regenerated
[INFO] running `Command { std: "/workspace/cargo-home/bin/cargo" "+1.54.0" "fetch" "--manifest-path" "Cargo.toml", kill_on_drop: false }`
[INFO] running `Command { std: "docker" "create" "-v" "/var/lib/crater-agent-workspace/builds/worker-14/target:/opt/rustwide/target:rw,Z" "-v" "/var/lib/crater-agent-workspace/builds/worker-14/source:/opt/rustwide/workdir:ro,Z" "-v" "/var/lib/crater-agent-workspace/cargo-home:/opt/rustwide/cargo-home:ro,Z" "-v" "/var/lib/crater-agent-workspace/rustup-home:/opt/rustwide/rustup-home:ro,Z" "-e" "SOURCE_DIR=/opt/rustwide/workdir" "-e" "CARGO_TARGET_DIR=/opt/rustwide/target" "-e" "CARGO_HOME=/opt/rustwide/cargo-home" "-e" "RUSTUP_HOME=/opt/rustwide/rustup-home" "-w" "/opt/rustwide/workdir" "-m" "1610612736" "--user" "0:0" "--network" "none" "ghcr.io/rust-lang/crates-build-env/linux@sha256:34b6a614d2c27851fe6cbf88fbd1137609cefab8b10d0615aaeb6fd47975d74e" "/opt/rustwide/cargo-home/bin/cargo" "+1.54.0" "metadata" "--no-deps" "--format-version=1", kill_on_drop: false }`
[INFO] [stdout] a2b35b8bc81ff193220735c0f7d425cd03a7986cdd73fc9777ca165d0bb07f0c
[INFO] running `Command { std: "docker" "start" "-a" "a2b35b8bc81ff193220735c0f7d425cd03a7986cdd73fc9777ca165d0bb07f0c", kill_on_drop: false }`
[INFO] running `Command { std: "docker" "inspect" "a2b35b8bc81ff193220735c0f7d425cd03a7986cdd73fc9777ca165d0bb07f0c", kill_on_drop: false }`
[INFO] running `Command { std: "docker" "rm" "-f" "a2b35b8bc81ff193220735c0f7d425cd03a7986cdd73fc9777ca165d0bb07f0c", kill_on_drop: false }`
[INFO] [stdout] a2b35b8bc81ff193220735c0f7d425cd03a7986cdd73fc9777ca165d0bb07f0c
[INFO] running `Command { std: "docker" "create" "-v" "/var/lib/crater-agent-workspace/builds/worker-14/target:/opt/rustwide/target:rw,Z" "-v" "/var/lib/crater-agent-workspace/builds/worker-14/source:/opt/rustwide/workdir:ro,Z" "-v" "/var/lib/crater-agent-workspace/cargo-home:/opt/rustwide/cargo-home:ro,Z" "-v" "/var/lib/crater-agent-workspace/rustup-home:/opt/rustwide/rustup-home:ro,Z" "-e" "SOURCE_DIR=/opt/rustwide/workdir" "-e" "CARGO_TARGET_DIR=/opt/rustwide/target" "-e" "CARGO_INCREMENTAL=0" "-e" "RUST_BACKTRACE=full" "-e" "RUSTDOCFLAGS=--cap-lints=warn" "-e" "CARGO_HOME=/opt/rustwide/cargo-home" "-e" "RUSTUP_HOME=/opt/rustwide/rustup-home" "-w" "/opt/rustwide/workdir" "-m" "1610612736" "--user" "0:0" "--network" "none" "ghcr.io/rust-lang/crates-build-env/linux@sha256:34b6a614d2c27851fe6cbf88fbd1137609cefab8b10d0615aaeb6fd47975d74e" "/opt/rustwide/cargo-home/bin/cargo" "+1.54.0" "doc" "--frozen" "--no-deps" "--document-private-items" "--message-format=json", kill_on_drop: false }`
[INFO] [stdout] 2e06c68e7dfbd9cde3d6af8a0aac93ef2d3572eaae03794402e049bde046aea9
[INFO] running `Command { std: "docker" "start" "-a" "2e06c68e7dfbd9cde3d6af8a0aac93ef2d3572eaae03794402e049bde046aea9", kill_on_drop: false }`
[INFO] [stderr]     Blocking waiting for file lock on package cache
[INFO] [stderr]     Blocking waiting for file lock on package cache
[INFO] [stderr]    Compiling syn v1.0.48
[INFO] [stderr]     Checking object v0.21.1
[INFO] [stderr]     Checking futures-task v0.3.7
[INFO] [stderr]    Compiling standback v0.2.11
[INFO] [stderr]    Compiling time v0.2.22
[INFO] [stderr]    Compiling cookie v0.14.2
[INFO] [stderr]     Checking bytestring v0.1.5
[INFO] [stderr]    Compiling brotli-sys v0.3.2
[INFO] [stderr]     Checking tinyvec v1.0.1
[INFO] [stderr]     Checking signal-hook-registry v1.2.1
[INFO] [stderr]     Checking num_cpus v1.13.0
[INFO] [stderr]     Checking parking_lot_core v0.8.0
[INFO] [stderr]     Checking hostname v0.3.1
[INFO] [stderr]     Checking tracing v0.1.21
[INFO] [stderr]     Checking aho-corasick v0.7.14
[INFO] [stderr]     Checking mio-uds v0.6.8
[INFO] [stderr]     Checking threadpool v1.8.1
[INFO] [stderr]     Checking resolv-conf v0.6.3
[INFO] [stderr]     Checking tokio v0.2.22
[INFO] [stderr]     Checking parking_lot v0.11.0
[INFO] [stderr]     Checking regex v1.4.1
[INFO] [stderr]     Checking tokio-util v0.3.1
[INFO] [stderr]     Checking backtrace v0.3.53
[INFO] [stderr]     Checking brotli2 v0.3.2
[INFO] [stderr]    Compiling pin-project-internal v1.0.1
[INFO] [stderr]    Compiling futures-macro v0.3.7
[INFO] [stderr]    Compiling pin-project-internal v0.4.27
[INFO] [stderr]    Compiling derive_more v0.99.11
[INFO] [stderr]    Compiling actix-macros v0.1.2
[INFO] [stderr]    Compiling serde_derive v1.0.117
[INFO] [stderr]    Compiling thiserror-impl v1.0.21
[INFO] [stderr]    Compiling time-macros-impl v0.1.1
[INFO] [stderr]    Compiling enum-as-inner v0.3.3
[INFO] [stderr]    Compiling async-trait v0.1.41
[INFO] [stderr]    Compiling actix-web-codegen v0.4.0
[INFO] [stderr]    Compiling diesel_derives v1.4.1
[INFO] [stderr]     Checking time-macros v0.1.1
[INFO] [stderr]     Checking thiserror v1.0.21
[INFO] [stderr]     Checking pin-project v1.0.1
[INFO] [stderr]     Checking futures-util v0.3.7
[INFO] [stderr]     Checking pin-project v0.4.27
[INFO] [stderr]     Checking actix-codec v0.3.0
[INFO] [stderr]     Checking tracing-futures v0.2.4
[INFO] [stderr]     Checking actix-threadpool v0.3.3
[INFO] [stderr]     Checking actix-rt v1.1.1
[INFO] [stderr]     Checking actix-service v1.0.6
[INFO] [stderr]     Checking futures v0.3.7
[INFO] [stderr]     Checking h2 v0.2.7
[INFO] [stderr]     Checking trust-dns-proto v0.19.5
[INFO] [stderr]     Checking serde v1.0.117
[INFO] [stderr]     Checking actix-utils v2.0.0
[INFO] [stderr]     Checking actix-server v1.0.4
[INFO] [stderr]     Checking actix-tls v2.0.0
[INFO] [stderr]     Checking trust-dns-resolver v0.19.5
[INFO] [stderr]     Checking actix-testing v1.0.1
[INFO] [stderr]     Checking actix-connect v2.0.0
[INFO] [stderr]     Checking serde_urlencoded v0.6.1
[INFO] [stderr]     Checking serde_json v1.0.59
[INFO] [stderr]     Checking actix-router v0.2.5
[INFO] [stderr]     Checking chrono v0.4.19
[INFO] [stderr]     Checking actix-http v2.1.0
[INFO] [stderr]     Checking diesel v1.4.5
[INFO] [stderr]     Checking awc v2.0.1
[INFO] [stderr]     Checking actix-web v3.2.0
[INFO] [stderr]  Documenting rust-api-productivity-api v0.1.0 (/opt/rustwide/workdir)
[INFO] [stdout] error[E0432]: unresolved import `uuid`
[INFO] [stdout]  --> src/models.rs:2:5
[INFO] [stdout]   |
[INFO] [stdout] 2 | use uuid::Uuid;
[INFO] [stdout]   |     ^^^^ use of undeclared crate or module `uuid`
[INFO] [stdout] 
[INFO] [stdout] 
[INFO] [stdout] error: cannot find derive macro `Queryable` in this scope
[INFO] [stdout]  --> src/models.rs:4:10
[INFO] [stdout]   |
[INFO] [stdout] 4 | #[derive(Queryable)]
[INFO] [stdout]   |          ^^^^^^^^^
[INFO] [stdout] 
[INFO] [stdout] 
[INFO] [stdout] error[E0412]: cannot find type `uuid` in this scope
[INFO] [stdout]  --> src/models.rs:6:13
[INFO] [stdout]   |
[INFO] [stdout] 6 |   pub uuid: uuid,
[INFO] [stdout]   |             ^^^^ not found in this scope
[INFO] [stdout] 
[INFO] [stdout] 
[INFO] [stdout] error[E0412]: cannot find type `uuid` in this scope
[INFO] [stdout]   --> src/models.rs:13:13
[INFO] [stdout]    |
[INFO] [stdout] 13 |   pub uuid: uuid,
[INFO] [stdout]    |             ^^^^ not found in this scope
[INFO] [stdout] 
[INFO] [stdout] 
[INFO] [stdout] error: Compilation failed, aborting rustdoc
[INFO] [stdout] 
[INFO] [stdout] 
[INFO] [stdout] error: aborting due to 5 previous errors
[INFO] [stdout] 
[INFO] [stdout] 
[INFO] [stdout] Some errors have detailed explanations: E0412, E0432.
[INFO] [stdout] 
[INFO] [stdout] For more information about an error, try `rustc --explain E0412`.
[INFO] [stdout] 
[INFO] [stderr] error: could not document `rust-api-productivity-api`
[INFO] [stderr] 
[INFO] [stderr] Caused by:
[INFO] [stderr]   process didn't exit successfully: `rustdoc --edition=2018 --crate-type bin --crate-name rust_api_productivity_api src/main.rs -o /opt/rustwide/target/doc --error-format=json --json=diagnostic-rendered-ansi --document-private-items -L dependency=/opt/rustwide/target/debug/deps --extern actix_web=/opt/rustwide/target/debug/deps/libactix_web-e99ce6b362eada2f.rmeta --extern chrono=/opt/rustwide/target/debug/deps/libchrono-9bdd6a71d28bb576.rmeta --extern diesel=/opt/rustwide/target/debug/deps/libdiesel-c46bc9e25758dc70.rmeta --extern dotenv=/opt/rustwide/target/debug/deps/libdotenv-fac2af56d99fafd7.rmeta --extern serde=/opt/rustwide/target/debug/deps/libserde-cb5edf43b1c16ed5.rmeta --extern serde_derive=/opt/rustwide/target/debug/deps/libserde_derive-89985cab8acb4e62.so --extern serde_json=/opt/rustwide/target/debug/deps/libserde_json-5b35f5450edffd2f.rmeta --cap-lints=warn --crate-version 0.1.0` (exit status: 1)
[INFO] running `Command { std: "docker" "inspect" "2e06c68e7dfbd9cde3d6af8a0aac93ef2d3572eaae03794402e049bde046aea9", kill_on_drop: false }`
[INFO] running `Command { std: "docker" "rm" "-f" "2e06c68e7dfbd9cde3d6af8a0aac93ef2d3572eaae03794402e049bde046aea9", kill_on_drop: false }`
[INFO] [stdout] 2e06c68e7dfbd9cde3d6af8a0aac93ef2d3572eaae03794402e049bde046aea9
