[INFO] cloning repository https://github.com/Sunspar/rust-oauth2-provider
[INFO] running `Command { std: "git" "-c" "credential.helper=" "-c" "credential.helper=/workspace/cargo-home/bin/git-credential-null" "clone" "--bare" "https://github.com/Sunspar/rust-oauth2-provider" "/workspace/cache/git-repos/https%3A%2F%2Fgithub.com%2FSunspar%2Frust-oauth2-provider", kill_on_drop: false }`
[INFO] [stderr] Cloning into bare repository '/workspace/cache/git-repos/https%3A%2F%2Fgithub.com%2FSunspar%2Frust-oauth2-provider'...
[INFO] running `Command { std: "git" "rev-parse" "HEAD", kill_on_drop: false }`
[INFO] [stdout] c02d43f5d4cdb9646bd7178ac43e0e2dcabaadd2
[INFO] documenting Sunspar/rust-oauth2-provider against beta-2021-08-01 for beta-1.55-rustdoc-1
[INFO] running `Command { std: "git" "clone" "/workspace/cache/git-repos/https%3A%2F%2Fgithub.com%2FSunspar%2Frust-oauth2-provider" "/workspace/builds/worker-44/source", kill_on_drop: false }`
[INFO] [stderr] Cloning into '/workspace/builds/worker-44/source'...
[INFO] [stderr] done.
[INFO] validating manifest of git repo https://github.com/Sunspar/rust-oauth2-provider on toolchain beta-2021-08-01
[INFO] running `Command { std: "/workspace/cargo-home/bin/cargo" "+beta-2021-08-01" "metadata" "--manifest-path" "Cargo.toml" "--no-deps", kill_on_drop: false }`
[INFO] started tweaking git repo https://github.com/Sunspar/rust-oauth2-provider
[INFO] finished tweaking git repo https://github.com/Sunspar/rust-oauth2-provider
[INFO] tweaked toml for git repo https://github.com/Sunspar/rust-oauth2-provider written to /workspace/builds/worker-44/source/Cargo.toml
[INFO] crate git repo https://github.com/Sunspar/rust-oauth2-provider already has a lockfile, it will not be regenerated
[INFO] running `Command { std: "/workspace/cargo-home/bin/cargo" "+beta-2021-08-01" "fetch" "--manifest-path" "Cargo.toml", kill_on_drop: false }`
[INFO] [stderr]     Blocking waiting for file lock on package cache
[INFO] [stderr]     Blocking waiting for file lock on package cache
[INFO] [stderr]  Downloading crates ...
[INFO] [stderr]   Downloaded pear v0.0.12
[INFO] [stderr]   Downloaded num-traits v0.2.1
[INFO] [stderr]   Downloaded crossbeam-deque v0.2.0
[INFO] [stderr]   Downloaded httparse v1.2.4
[INFO] [stderr]   Downloaded error-chain v0.10.0
[INFO] [stderr]   Downloaded base64 v0.6.0
[INFO] [stderr]   Downloaded syn v0.12.14
[INFO] [stderr]   Downloaded synom v0.11.3
[INFO] [stderr]   Downloaded diesel v1.1.1
[INFO] [stderr]   Downloaded diesel_codegen v0.16.0
[INFO] [stderr]   Downloaded cc v1.0.8
[INFO] [stderr]   Downloaded memchr v2.0.1
[INFO] [stderr]   Downloaded regex v0.2.9
[INFO] [stderr]   Downloaded base64 v0.8.0
[INFO] [stderr]   Downloaded pear_codegen v0.0.12
[INFO] [stderr]   Downloaded smallvec v0.4.4
[INFO] [stderr]   Downloaded isatty v0.1.6
[INFO] [stderr]   Downloaded untrusted v0.5.1
[INFO] [stderr]   Downloaded crossbeam-utils v0.2.2
[INFO] [stderr]   Downloaded hyper v0.10.13
[INFO] [stderr]   Downloaded gcc v0.3.54
[INFO] [stderr]   Downloaded serde-value v0.5.1
[INFO] [stderr]   Downloaded ordered-float v0.5.0
[INFO] [stderr]   Downloaded derive_builder_core v0.2.0
[INFO] [stderr]   Downloaded derive_builder v0.5.1
[INFO] [stderr]   Downloaded termion v1.5.1
[INFO] [stderr]   Downloaded memchr v0.1.11
[INFO] [stderr]   Downloaded memoffset v0.2.1
[INFO] [stderr]   Downloaded rustc-serialize v0.3.24
[INFO] [stderr]   Downloaded regex-syntax v0.3.9
[INFO] [stderr]   Downloaded aho-corasick v0.5.3
[INFO] [stderr]   Downloaded quote v0.3.15
[INFO] [stderr]   Downloaded derive-error-chain v0.10.1
[INFO] [stderr]   Downloaded diesel_infer_schema v0.16.0
[INFO] [stderr]   Downloaded nom v3.2.1
[INFO] [stderr]   Downloaded rayon v0.7.1
[INFO] [stderr]   Downloaded num-iter v0.1.35
[INFO] [stderr]   Downloaded dotenv v0.10.1
[INFO] [stderr]   Downloaded arrayvec v0.4.7
[INFO] [stderr]   Downloaded thread-id v2.0.0
[INFO] [stderr]   Downloaded thread_local v0.2.7
[INFO] [stderr]   Downloaded scopeguard v0.3.3
[INFO] [stderr]   Downloaded serde_derive_internals v0.20.1
[INFO] [stderr]   Downloaded linked-hash-map v0.3.0
[INFO] [stderr]   Downloaded scheduled-thread-pool v0.2.0
[INFO] [stderr]   Downloaded utf8-ranges v0.1.3
[INFO] [stderr]   Downloaded yaml-rust v0.4.0
[INFO] [stderr]   Downloaded regex-syntax v0.5.3
[INFO] [stderr]   Downloaded crossbeam-epoch v0.3.0
[INFO] [stderr]   Downloaded serde v1.0.32
[INFO] [stderr]   Downloaded log4rs v0.8.0
[INFO] [stderr]   Downloaded ordermap v0.2.13
[INFO] [stderr]   Downloaded libc v0.2.39
[INFO] [stderr]   Downloaded winapi v0.3.4
[INFO] [stderr]   Downloaded serde_test v0.8.23
[INFO] [stderr]   Downloaded toml v0.4.5
[INFO] [stderr]   Downloaded serde-hjson v0.8.1
[INFO] [stderr]   Downloaded diesel v0.16.0
[INFO] [stderr]   Downloaded ucd-util v0.1.1
[INFO] [stderr]   Downloaded num v0.1.42
[INFO] [stderr]   Downloaded unreachable v1.0.0
[INFO] [stderr]   Downloaded diesel_derives v1.1.0
[INFO] [stderr]   Downloaded syn v0.11.11
[INFO] [stderr]   Downloaded memchr v1.0.2
[INFO] [stderr]   Downloaded rust-crypto v0.2.36
[INFO] [stderr]   Downloaded nodrop v0.1.12
[INFO] [stderr]   Downloaded ring v0.11.0
[INFO] [stderr]   Downloaded url v1.7.0
[INFO] [stderr]   Downloaded yansi v0.3.4
[INFO] [stderr]   Downloaded bcrypt v0.1.5
[INFO] [stderr]   Downloaded serde_derive v1.0.32
[INFO] [stderr]   Downloaded regex v0.1.80
[INFO] [stderr]   Downloaded humantime v1.1.1
[INFO] [stderr]   Downloaded unicode-xid v0.0.4
[INFO] [stderr]   Downloaded serde v0.8.23
[INFO] [stderr]   Downloaded r2d2-diesel v1.0.0
[INFO] [stderr]   Downloaded proc-macro2 v0.2.3
[INFO] [stderr]   Downloaded aho-corasick v0.6.4
[INFO] [stderr]   Downloaded thread_local v0.3.5
[INFO] [stderr]   Downloaded utf8-ranges v1.0.0
[INFO] [stderr]   Downloaded log-mdc v0.1.0
[INFO] [stderr]   Downloaded num-integer v0.1.36
[INFO] [stderr]   Downloaded chrono v0.4.0
[INFO] [stderr]   Downloaded linked-hash-map v0.5.1
[INFO] [stderr]   Downloaded r2d2 v0.8.2
[INFO] [stderr]   Downloaded pq-sys v0.4.4
[INFO] [stderr]   Downloaded rand v0.4.2
[INFO] [stderr]   Downloaded rayon-core v1.4.0
[INFO] [stderr]   Downloaded cookie v0.9.2
[INFO] [stderr]   Downloaded redox_termios v0.1.1
[INFO] [stderr]   Downloaded serde_json v1.0.11
[INFO] [stderr]   Downloaded state v0.3.3
[INFO] [stderr]   Downloaded rocket v0.3.6
[INFO] [stderr]   Downloaded rocket_codegen v0.3.6
[INFO] [stderr]   Downloaded quote v0.4.2
[INFO] [stderr]   Downloaded rand v0.3.22
[INFO] [stderr]   Downloaded config v0.8.0
[INFO] [stderr]   Downloaded miniz-sys v0.1.10
[INFO] [stderr]   Downloaded flate2 v1.0.1
[INFO] [stderr]   Downloaded quick-error v1.2.1
[INFO] [stderr]   Downloaded unreachable v0.1.1
[INFO] [stderr]   Downloaded serde_yaml v0.7.3
[INFO] [stderr]   Downloaded antidote v1.0.0
[INFO] [stderr]   Downloaded crossbeam v0.3.2
[INFO] running `Command { std: "docker" "create" "-v" "/var/lib/crater-agent-workspace/builds/worker-44/target:/opt/rustwide/target:rw,Z" "-v" "/var/lib/crater-agent-workspace/builds/worker-44/source:/opt/rustwide/workdir:ro,Z" "-v" "/var/lib/crater-agent-workspace/cargo-home:/opt/rustwide/cargo-home:ro,Z" "-v" "/var/lib/crater-agent-workspace/rustup-home:/opt/rustwide/rustup-home:ro,Z" "-e" "SOURCE_DIR=/opt/rustwide/workdir" "-e" "CARGO_TARGET_DIR=/opt/rustwide/target" "-e" "CARGO_HOME=/opt/rustwide/cargo-home" "-e" "RUSTUP_HOME=/opt/rustwide/rustup-home" "-w" "/opt/rustwide/workdir" "-m" "1610612736" "--user" "0:0" "--network" "none" "ghcr.io/rust-lang/crates-build-env/linux@sha256:34b6a614d2c27851fe6cbf88fbd1137609cefab8b10d0615aaeb6fd47975d74e" "/opt/rustwide/cargo-home/bin/cargo" "+beta-2021-08-01" "metadata" "--no-deps" "--format-version=1", kill_on_drop: false }`
[INFO] [stdout] d89d15712cc3017bb1233d6f722f9698994d3bffac892bf02e24cee58253ae4e
[INFO] running `Command { std: "docker" "start" "-a" "d89d15712cc3017bb1233d6f722f9698994d3bffac892bf02e24cee58253ae4e", kill_on_drop: false }`
[INFO] running `Command { std: "docker" "inspect" "d89d15712cc3017bb1233d6f722f9698994d3bffac892bf02e24cee58253ae4e", kill_on_drop: false }`
[INFO] running `Command { std: "docker" "rm" "-f" "d89d15712cc3017bb1233d6f722f9698994d3bffac892bf02e24cee58253ae4e", kill_on_drop: false }`
[INFO] [stdout] d89d15712cc3017bb1233d6f722f9698994d3bffac892bf02e24cee58253ae4e
[INFO] running `Command { std: "docker" "create" "-v" "/var/lib/crater-agent-workspace/builds/worker-44/target:/opt/rustwide/target:rw,Z" "-v" "/var/lib/crater-agent-workspace/builds/worker-44/source:/opt/rustwide/workdir:ro,Z" "-v" "/var/lib/crater-agent-workspace/cargo-home:/opt/rustwide/cargo-home:ro,Z" "-v" "/var/lib/crater-agent-workspace/rustup-home:/opt/rustwide/rustup-home:ro,Z" "-e" "SOURCE_DIR=/opt/rustwide/workdir" "-e" "CARGO_TARGET_DIR=/opt/rustwide/target" "-e" "CARGO_INCREMENTAL=0" "-e" "RUST_BACKTRACE=full" "-e" "RUSTDOCFLAGS=--cap-lints=warn" "-e" "CARGO_HOME=/opt/rustwide/cargo-home" "-e" "RUSTUP_HOME=/opt/rustwide/rustup-home" "-w" "/opt/rustwide/workdir" "-m" "1610612736" "--user" "0:0" "--network" "none" "ghcr.io/rust-lang/crates-build-env/linux@sha256:34b6a614d2c27851fe6cbf88fbd1137609cefab8b10d0615aaeb6fd47975d74e" "/opt/rustwide/cargo-home/bin/cargo" "+beta-2021-08-01" "doc" "--frozen" "--no-deps" "--document-private-items" "--message-format=json", kill_on_drop: false }`
[INFO] [stdout] d2750f70b177a171212ebf186c82ab18525d6d500746ee2db7e7e3cb2e498e4f
[INFO] running `Command { std: "docker" "start" "-a" "d2750f70b177a171212ebf186c82ab18525d6d500746ee2db7e7e3cb2e498e4f", kill_on_drop: false }`
[INFO] [stderr]     Blocking waiting for file lock on package cache
[INFO] [stderr]     Checking libc v0.2.39
[INFO] [stderr]    Compiling cfg-if v0.1.2
[INFO] [stderr]     Checking serde v1.0.32
[INFO] [stderr]    Compiling version_check v0.1.3
[INFO] [stderr]    Compiling lazy_static v1.0.0
[INFO] [stderr]     Checking num-traits v0.2.1
[INFO] [stderr]    Compiling nodrop v0.1.12
[INFO] [stderr]    Compiling gcc v0.3.54
[INFO] [stderr]    Compiling scopeguard v0.3.3
[INFO] [stderr]    Compiling lazy_static v0.2.11
[INFO] [stderr]    Compiling memoffset v0.2.1
[INFO] [stderr]    Compiling rayon-core v1.4.0
[INFO] [stderr]    Compiling yansi v0.3.4
[INFO] [stderr]     Checking byteorder v1.2.1
[INFO] [stderr]    Compiling pq-sys v0.4.4
[INFO] [stderr]    Compiling matches v0.1.6
[INFO] [stderr]    Compiling unicode-normalization v0.1.5
[INFO] [stderr]     Checking safemem v0.2.0
[INFO] [stderr]    Compiling void v1.0.2
[INFO] [stderr]     Checking traitobject v0.1.0
[INFO] [stderr]    Compiling cc v1.0.8
[INFO] [stderr]    Compiling percent-encoding v1.0.1
[INFO] [stderr]    Compiling ucd-util v0.1.1
[INFO] [stderr]     Checking antidote v1.0.0
[INFO] [stderr]    Compiling regex v0.2.9
[INFO] [stderr]    Compiling untrusted v0.5.1
[INFO] [stderr]     Checking linked-hash-map v0.5.1
[INFO] [stderr]     Checking serde v0.8.23
[INFO] [stderr]    Compiling bitflags v0.9.1
[INFO] [stderr]     Checking regex-syntax v0.3.9
[INFO] [stderr]    Compiling typeable v0.1.2
[INFO] [stderr]    Compiling language-tags v0.2.2
[INFO] [stderr]    Compiling utf8-ranges v1.0.0
[INFO] [stderr]    Compiling httparse v1.2.4
[INFO] [stderr]    Compiling smallvec v0.4.4
[INFO] [stderr]    Compiling derive_builder v0.5.1
[INFO] [stderr]     Checking rustc-serialize v0.3.24
[INFO] [stderr]    Compiling error-chain v0.10.0
[INFO] [stderr]    Compiling state v0.3.3
[INFO] [stderr]     Checking bitflags v1.0.1
[INFO] [stderr]    Compiling ordermap v0.2.13
[INFO] [stderr]     Checking quick-error v1.2.1
[INFO] [stderr]    Compiling pear v0.0.12
[INFO] [stderr]     Checking crossbeam v0.3.2
[INFO] [stderr]     Checking log-mdc v0.1.0
[INFO] [stderr]    Compiling proc-macro2 v0.2.3
[INFO] [stderr]    Compiling syn v0.11.11
[INFO] [stderr]     Checking url v1.7.0
[INFO] [stdout] error[E0554]: `#![feature]` may not be used on the beta release channel
[INFO] [stdout]  --> /opt/rustwide/cargo-home/registry/src/github.com-1ecc6299db9ec823/yansi-0.3.4/src/lib.rs:1:32
[INFO] [stdout]   |
[INFO] [stdout] 1 | #![cfg_attr(feature="nightly", feature(const_atomic_bool_new))]
[INFO] [stdout]   |                                ^^^^^^^^^^^^^^^^^^^^^^^^^^^^^^
[INFO] [stdout] 
[INFO] [stdout] 
[INFO] [stderr]    Compiling arrayvec v0.4.7
[INFO] [stdout] error: aborting due to previous error
[INFO] [stdout] 
[INFO] [stdout] 
[INFO] [stderr] error: could not compile `yansi` due to 2 previous errors
[INFO] [stderr] warning: build failed, waiting for other jobs to finish...
[INFO] [stdout] For more information about this error, try `rustc --explain E0554`.
[INFO] [stdout] 
[INFO] [stdout] error[E0557]: feature has been removed
[INFO] [stdout]  --> /opt/rustwide/cargo-home/registry/src/github.com-1ecc6299db9ec823/state-0.3.3/src/lib.rs:1:12
[INFO] [stdout]   |
[INFO] [stdout] 1 | #![feature(const_fn)]
[INFO] [stdout]   |            ^^^^^^^^ feature has been removed
[INFO] [stdout]   |
[INFO] [stdout]   = note: split into finer-grained feature gates
[INFO] [stdout] 
[INFO] [stdout] 
[INFO] [stdout] error[E0554]: `#![feature]` may not be used on the beta release channel
[INFO] [stdout]  --> /opt/rustwide/cargo-home/registry/src/github.com-1ecc6299db9ec823/state-0.3.3/src/lib.rs:1:1
[INFO] [stdout]   |
[INFO] [stdout] 1 | #![feature(const_fn)]
[INFO] [stdout]   | ^^^^^^^^^^^^^^^^^^^^^
[INFO] [stdout] 
[INFO] [stdout] 
[INFO] [stdout] error[E0554]: `#![feature]` may not be used on the beta release channel
[INFO] [stdout]  --> /opt/rustwide/cargo-home/registry/src/github.com-1ecc6299db9ec823/state-0.3.3/src/lib.rs:2:1
[INFO] [stdout]   |
[INFO] [stdout] 2 | #![feature(const_unsafe_cell_new)]
[INFO] [stdout]   | ^^^^^^^^^^^^^^^^^^^^^^^^^^^^^^^^^^
[INFO] [stdout] 
[INFO] [stdout] 
[INFO] [stdout] error[E0554]: `#![feature]` may not be used on the beta release channel
[INFO] [stdout]  --> /opt/rustwide/cargo-home/registry/src/github.com-1ecc6299db9ec823/state-0.3.3/src/lib.rs:3:1
[INFO] [stdout]   |
[INFO] [stdout] 3 | #![feature(const_atomic_usize_new)]
[INFO] [stdout]   | ^^^^^^^^^^^^^^^^^^^^^^^^^^^^^^^^^^^
[INFO] [stdout] 
[INFO] [stdout] 
[INFO] [stdout] error[E0554]: `#![feature]` may not be used on the beta release channel
[INFO] [stdout]  --> /opt/rustwide/cargo-home/registry/src/github.com-1ecc6299db9ec823/state-0.3.3/src/lib.rs:4:1
[INFO] [stdout]   |
[INFO] [stdout] 4 | #![feature(const_atomic_bool_new)]
[INFO] [stdout]   | ^^^^^^^^^^^^^^^^^^^^^^^^^^^^^^^^^^
[INFO] [stdout] 
[INFO] [stdout] 
[INFO] [stdout] error: aborting due to 5 previous errors
[INFO] [stdout] 
[INFO] [stdout] 
[INFO] [stdout] error[E0713]: borrow may still be in use when destructor runs
[INFO] [stdout]    --> /opt/rustwide/cargo-home/registry/src/github.com-1ecc6299db9ec823/url-1.7.0/src/form_urlencoded.rs:261:40
[INFO] [stdout]     |
[INFO] [stdout] 259 | impl<'a> Target for ::UrlQuery<'a> {
[INFO] [stdout]     |      -- lifetime `'a` defined here
[INFO] [stdout] 260 |     fn as_mut_string(&mut self) -> &mut String { &mut self.url.serialization }
[INFO] [stdout] 261 |     fn finish(self) -> &'a mut ::Url { self.url }
[INFO] [stdout]     |                                        ^^^^^^^^ - here, drop of `self` needs exclusive access to `*self.url`, because the type `UrlQuery<'_>` implements the `Drop` trait
[INFO] [stdout]     |                                        |
[INFO] [stdout]     |                                        returning this value requires that `*self.url` is borrowed for `'a`
[INFO] [stdout] 
[INFO] [stdout] 
[INFO] [stdout] Some errors have detailed explanations: E0554, E0557.
[INFO] [stdout] 
[INFO] [stdout] For more information about an error, try `rustc --explain E0554`.
[INFO] [stdout] 
[INFO] [stdout] error[E0557]: feature has been removed
[INFO] [stdout]  --> /opt/rustwide/cargo-home/registry/src/github.com-1ecc6299db9ec823/state-0.3.3/src/lib.rs:1:12
[INFO] [stdout]   |
[INFO] [stdout] 1 | #![feature(const_fn)]
[INFO] [stdout]   |            ^^^^^^^^ feature has been removed
[INFO] [stdout]   |
[INFO] [stdout]   = note: split into finer-grained feature gates
[INFO] [stdout] 
[INFO] [stdout] 
[INFO] [stdout] error[E0554]: `#![feature]` may not be used on the beta release channel
[INFO] [stdout]  --> /opt/rustwide/cargo-home/registry/src/github.com-1ecc6299db9ec823/yansi-0.3.4/src/lib.rs:1:32
[INFO] [stdout]   |
[INFO] [stdout] 1 | #![cfg_attr(feature="nightly", feature(const_atomic_bool_new))]
[INFO] [stdout]   |                                ^^^^^^^^^^^^^^^^^^^^^^^^^^^^^^
[INFO] [stdout] 
[INFO] [stdout] 
[INFO] [stdout] error[E0554]: `#![feature]` may not be used on the beta release channel
[INFO] [stdout]  --> /opt/rustwide/cargo-home/registry/src/github.com-1ecc6299db9ec823/state-0.3.3/src/lib.rs:1:1
[INFO] [stdout]   |
[INFO] [stdout] 1 | #![feature(const_fn)]
[INFO] [stdout]   | ^^^^^^^^^^^^^^^^^^^^^
[INFO] [stdout] 
[INFO] [stdout] 
[INFO] [stdout] error[E0554]: `#![feature]` may not be used on the beta release channel
[INFO] [stdout]  --> /opt/rustwide/cargo-home/registry/src/github.com-1ecc6299db9ec823/state-0.3.3/src/lib.rs:2:1
[INFO] [stdout]   |
[INFO] [stdout] 2 | #![feature(const_unsafe_cell_new)]
[INFO] [stdout]   | ^^^^^^^^^^^^^^^^^^^^^^^^^^^^^^^^^^
[INFO] [stdout] 
[INFO] [stdout] 
[INFO] [stdout] error[E0554]: `#![feature]` may not be used on the beta release channel
[INFO] [stdout]  --> /opt/rustwide/cargo-home/registry/src/github.com-1ecc6299db9ec823/state-0.3.3/src/lib.rs:3:1
[INFO] [stdout]   |
[INFO] [stdout] 3 | #![feature(const_atomic_usize_new)]
[INFO] [stdout]   | ^^^^^^^^^^^^^^^^^^^^^^^^^^^^^^^^^^^
[INFO] [stdout] 
[INFO] [stdout] 
[INFO] [stdout] error[E0554]: `#![feature]` may not be used on the beta release channel
[INFO] [stdout]  --> /opt/rustwide/cargo-home/registry/src/github.com-1ecc6299db9ec823/state-0.3.3/src/lib.rs:4:1
[INFO] [stdout]   |
[INFO] [stdout] 4 | #![feature(const_atomic_bool_new)]
[INFO] [stdout]   | ^^^^^^^^^^^^^^^^^^^^^^^^^^^^^^^^^^
[INFO] [stdout] 
[INFO] [stdout] 
[INFO] [stdout] error: aborting due to 5 previous errors
[INFO] [stdout] 
[INFO] [stdout] 
[INFO] [stdout] Some errors have detailed explanations: E0554, E0557.
[INFO] [stdout] 
[INFO] [stdout] For more information about an error, try `rustc --explain E0554`.
[INFO] [stdout] 
[INFO] [stdout] error: aborting due to previous error
[INFO] [stdout] 
[INFO] [stdout] 
[INFO] [stdout] For more information about this error, try `rustc --explain E0713`.
[INFO] [stdout] 
[INFO] [stdout] error: aborting due to previous error
[INFO] [stdout] 
[INFO] [stdout] 
[INFO] [stdout] For more information about this error, try `rustc --explain E0554`.
[INFO] [stdout] 
[INFO] [stderr] error: build failed
[INFO] running `Command { std: "docker" "inspect" "d2750f70b177a171212ebf186c82ab18525d6d500746ee2db7e7e3cb2e498e4f", kill_on_drop: false }`
[INFO] running `Command { std: "docker" "rm" "-f" "d2750f70b177a171212ebf186c82ab18525d6d500746ee2db7e7e3cb2e498e4f", kill_on_drop: false }`
[INFO] [stdout] d2750f70b177a171212ebf186c82ab18525d6d500746ee2db7e7e3cb2e498e4f
