[INFO] cloning repository https://github.com/StefanoChiodino/rustomic
[INFO] running `Command { std: "git" "-c" "credential.helper=" "-c" "credential.helper=/workspace/cargo-home/bin/git-credential-null" "clone" "--bare" "https://github.com/StefanoChiodino/rustomic" "/workspace/cache/git-repos/https%3A%2F%2Fgithub.com%2FStefanoChiodino%2Frustomic", kill_on_drop: false }`
[INFO] [stderr] Cloning into bare repository '/workspace/cache/git-repos/https%3A%2F%2Fgithub.com%2FStefanoChiodino%2Frustomic'...
[INFO] running `Command { std: "git" "rev-parse" "HEAD", kill_on_drop: false }`
[INFO] [stdout] 89f6ea0903590c09641819c16d2f33ee1886268e
[INFO] documenting StefanoChiodino/rustomic against beta-2021-08-01 for beta-1.55-rustdoc-1
[INFO] running `Command { std: "git" "clone" "/workspace/cache/git-repos/https%3A%2F%2Fgithub.com%2FStefanoChiodino%2Frustomic" "/workspace/builds/worker-65/source", kill_on_drop: false }`
[INFO] [stderr] Cloning into '/workspace/builds/worker-65/source'...
[INFO] [stderr] done.
[INFO] validating manifest of git repo https://github.com/StefanoChiodino/rustomic on toolchain beta-2021-08-01
[INFO] running `Command { std: "/workspace/cargo-home/bin/cargo" "+beta-2021-08-01" "metadata" "--manifest-path" "Cargo.toml" "--no-deps", kill_on_drop: false }`
[INFO] started tweaking git repo https://github.com/StefanoChiodino/rustomic
[INFO] finished tweaking git repo https://github.com/StefanoChiodino/rustomic
[INFO] tweaked toml for git repo https://github.com/StefanoChiodino/rustomic written to /workspace/builds/worker-65/source/Cargo.toml
[INFO] crate git repo https://github.com/StefanoChiodino/rustomic already has a lockfile, it will not be regenerated
[INFO] running `Command { std: "/workspace/cargo-home/bin/cargo" "+beta-2021-08-01" "fetch" "--manifest-path" "Cargo.toml", kill_on_drop: false }`
[INFO] [stderr]     Blocking waiting for file lock on package cache
[INFO] [stderr]     Blocking waiting for file lock on package cache
[INFO] [stderr]  Downloading crates ...
[INFO] [stderr]   Downloaded serde_codegen_internals v0.14.2
[INFO] [stderr]   Downloaded unicode-bidi v0.2.5
[INFO] [stderr]   Downloaded log v0.3.7
[INFO] [stderr]   Downloaded httparse v1.2.2
[INFO] [stderr]   Downloaded mime v0.2.3
[INFO] [stderr]   Downloaded unicase v1.4.0
[INFO] [stderr]   Downloaded matches v0.1.4
[INFO] [stderr]   Downloaded rocket v0.2.6
[INFO] [stderr]   Downloaded num_cpus v1.4.0
[INFO] [stderr]   Downloaded term v0.4.5
[INFO] [stderr]   Downloaded chrono v0.3.1
[INFO] [stderr]   Downloaded num-integer v0.1.34
[INFO] [stderr]   Downloaded hyper v0.10.9
[INFO] [stderr]   Downloaded num v0.1.37
[INFO] [stderr]   Downloaded unicode-normalization v0.1.4
[INFO] [stderr]   Downloaded rocket_contrib v0.2.6
[INFO] [stderr]   Downloaded toml v0.2.1
[INFO] [stderr]   Downloaded idna v0.1.1
[INFO] [stderr]   Downloaded num-iter v0.1.33
[INFO] [stderr]   Downloaded state v0.2.1
[INFO] [stderr]   Downloaded serde_derive v0.9.15
[INFO] [stderr]   Downloaded rocket_codegen v0.2.6
[INFO] [stderr]   Downloaded time v0.1.37
[INFO] [stderr]   Downloaded serde_json v0.9.10
[INFO] [stderr]   Downloaded url v1.4.0
[INFO] [stderr]   Downloaded term-painter v0.2.3
[INFO] [stderr]   Downloaded redox_syscall v0.1.17
[INFO] [stderr]   Downloaded version_check v0.1.0
[INFO] [stderr]   Downloaded cookie v0.6.1
[INFO] running `Command { std: "docker" "create" "-v" "/var/lib/crater-agent-workspace/builds/worker-65/target:/opt/rustwide/target:rw,Z" "-v" "/var/lib/crater-agent-workspace/builds/worker-65/source:/opt/rustwide/workdir:ro,Z" "-v" "/var/lib/crater-agent-workspace/cargo-home:/opt/rustwide/cargo-home:ro,Z" "-v" "/var/lib/crater-agent-workspace/rustup-home:/opt/rustwide/rustup-home:ro,Z" "-e" "SOURCE_DIR=/opt/rustwide/workdir" "-e" "CARGO_TARGET_DIR=/opt/rustwide/target" "-e" "CARGO_HOME=/opt/rustwide/cargo-home" "-e" "RUSTUP_HOME=/opt/rustwide/rustup-home" "-w" "/opt/rustwide/workdir" "-m" "1610612736" "--user" "0:0" "--network" "none" "ghcr.io/rust-lang/crates-build-env/linux@sha256:34b6a614d2c27851fe6cbf88fbd1137609cefab8b10d0615aaeb6fd47975d74e" "/opt/rustwide/cargo-home/bin/cargo" "+beta-2021-08-01" "metadata" "--no-deps" "--format-version=1", kill_on_drop: false }`
[INFO] [stdout] 4938a6e709c470a63a97103766fdd390a72dd4f59e79feef8345219ccb39fc89
[INFO] running `Command { std: "docker" "start" "-a" "4938a6e709c470a63a97103766fdd390a72dd4f59e79feef8345219ccb39fc89", kill_on_drop: false }`
[INFO] running `Command { std: "docker" "inspect" "4938a6e709c470a63a97103766fdd390a72dd4f59e79feef8345219ccb39fc89", kill_on_drop: false }`
[INFO] running `Command { std: "docker" "rm" "-f" "4938a6e709c470a63a97103766fdd390a72dd4f59e79feef8345219ccb39fc89", kill_on_drop: false }`
[INFO] [stdout] 4938a6e709c470a63a97103766fdd390a72dd4f59e79feef8345219ccb39fc89
[INFO] running `Command { std: "docker" "create" "-v" "/var/lib/crater-agent-workspace/builds/worker-65/target:/opt/rustwide/target:rw,Z" "-v" "/var/lib/crater-agent-workspace/builds/worker-65/source:/opt/rustwide/workdir:ro,Z" "-v" "/var/lib/crater-agent-workspace/cargo-home:/opt/rustwide/cargo-home:ro,Z" "-v" "/var/lib/crater-agent-workspace/rustup-home:/opt/rustwide/rustup-home:ro,Z" "-e" "SOURCE_DIR=/opt/rustwide/workdir" "-e" "CARGO_TARGET_DIR=/opt/rustwide/target" "-e" "CARGO_INCREMENTAL=0" "-e" "RUST_BACKTRACE=full" "-e" "RUSTDOCFLAGS=--cap-lints=warn" "-e" "CARGO_HOME=/opt/rustwide/cargo-home" "-e" "RUSTUP_HOME=/opt/rustwide/rustup-home" "-w" "/opt/rustwide/workdir" "-m" "1610612736" "--user" "0:0" "--network" "none" "ghcr.io/rust-lang/crates-build-env/linux@sha256:34b6a614d2c27851fe6cbf88fbd1137609cefab8b10d0615aaeb6fd47975d74e" "/opt/rustwide/cargo-home/bin/cargo" "+beta-2021-08-01" "doc" "--frozen" "--no-deps" "--document-private-items" "--message-format=json", kill_on_drop: false }`
[INFO] [stdout] 0be1edc9e196378b24a52f71b9c8936e2e13aa83c70574a698643c75901dc5cf
[INFO] running `Command { std: "docker" "start" "-a" "0be1edc9e196378b24a52f71b9c8936e2e13aa83c70574a698643c75901dc5cf", kill_on_drop: false }`
[INFO] [stderr]     Blocking waiting for file lock on package cache
[INFO] [stderr]    Compiling version_check v0.1.0
[INFO] [stderr]     Checking libc v0.2.22
[INFO] [stderr]    Compiling ansi_term v0.9.0
[INFO] [stderr]    Compiling matches v0.1.4
[INFO] [stderr]     Checking unicode-normalization v0.1.4
[INFO] [stderr]     Checking num-traits v0.1.37
[INFO] [stderr]    Compiling unicode-xid v0.0.4
[INFO] [stderr]    Compiling log v0.3.7
[INFO] [stderr]    Compiling httparse v1.2.2
[INFO] [stderr]    Compiling term v0.4.5
[INFO] [stderr]     Checking rustc-serialize v0.3.24
[INFO] [stderr]    Compiling typeable v0.1.2
[INFO] [stderr]    Compiling quote v0.3.15
[INFO] [stderr]    Compiling language-tags v0.2.2
[INFO] [stderr]    Compiling traitobject v0.1.0
[INFO] [stderr]    Compiling state v0.2.1
[INFO] [stderr]     Checking itoa v0.3.1
[INFO] [stderr]    Compiling toml v0.2.1
[INFO] [stderr]     Checking dtoa v0.4.1
[INFO] [stderr]     Checking serde v0.9.15
[INFO] [stderr]    Compiling unicase v1.4.0
[INFO] [stderr]    Compiling hyper v0.10.9
[INFO] [stderr]    Compiling mime v0.2.3
[INFO] [stderr]     Checking unicode-bidi v0.2.5
[INFO] [stdout] error[E0557]: feature has been removed
[INFO] [stdout]  --> /opt/rustwide/cargo-home/registry/src/github.com-1ecc6299db9ec823/state-0.2.1/src/lib.rs:1:12
[INFO] [stdout]   |
[INFO] [stdout] 1 | #![feature(const_fn)]
[INFO] [stdout]   |            ^^^^^^^^ feature has been removed
[INFO] [stdout]   |
[INFO] [stdout]   = note: split into finer-grained feature gates
[INFO] [stdout] 
[INFO] [stdout] 
[INFO] [stdout] error[E0557]: feature has been removed
[INFO] [stdout]  --> /opt/rustwide/cargo-home/registry/src/github.com-1ecc6299db9ec823/state-0.2.1/src/lib.rs:1:12
[INFO] [stdout]   |
[INFO] [stdout] 1 | #![feature(const_fn)]
[INFO] [stdout]   |            ^^^^^^^^ feature has been removed
[INFO] [stdout]   |
[INFO] [stdout]   = note: split into finer-grained feature gates
[INFO] [stdout] 
[INFO] [stdout] 
[INFO] [stdout] error[E0554]: `#![feature]` may not be used on the beta release channel
[INFO] [stdout]  --> /opt/rustwide/cargo-home/registry/src/github.com-1ecc6299db9ec823/state-0.2.1/src/lib.rs:1:1
[INFO] [stdout]   |
[INFO] [stdout] 1 | #![feature(const_fn)]
[INFO] [stdout]   | ^^^^^^^^^^^^^^^^^^^^^
[INFO] [stdout] 
[INFO] [stdout] 
[INFO] [stdout] error[E0554]: `#![feature]` may not be used on the beta release channel
[INFO] [stdout]  --> /opt/rustwide/cargo-home/registry/src/github.com-1ecc6299db9ec823/state-0.2.1/src/lib.rs:1:1
[INFO] [stdout]   |
[INFO] [stdout] 1 | #![feature(const_fn)]
[INFO] [stdout]   | ^^^^^^^^^^^^^^^^^^^^^
[INFO] [stdout] 
[INFO] [stdout] 
[INFO] [stdout] error: aborting due to 2 previous errors
[INFO] [stdout] 
[INFO] [stdout] 
[INFO] [stdout] Some errors have detailed explanations: E0554, E0557.
[INFO] [stdout] 
[INFO] [stdout] For more information about an error, try `rustc --explain E0554`.
[INFO] [stdout] 
[INFO] [stderr]    Compiling synom v0.11.3
[INFO] [stderr] error: could not compile `state` due to 3 previous errors
[INFO] [stderr] warning: build failed, waiting for other jobs to finish...
[INFO] [stdout] error: aborting due to 2 previous errors
[INFO] [stdout] 
[INFO] [stdout] 
[INFO] [stdout] Some errors have detailed explanations: E0554, E0557.
[INFO] [stdout] 
[INFO] [stdout] For more information about an error, try `rustc --explain E0554`.
[INFO] [stdout] 
[INFO] [stderr] error: build failed
[INFO] running `Command { std: "docker" "inspect" "0be1edc9e196378b24a52f71b9c8936e2e13aa83c70574a698643c75901dc5cf", kill_on_drop: false }`
[INFO] running `Command { std: "docker" "rm" "-f" "0be1edc9e196378b24a52f71b9c8936e2e13aa83c70574a698643c75901dc5cf", kill_on_drop: false }`
[INFO] [stdout] 0be1edc9e196378b24a52f71b9c8936e2e13aa83c70574a698643c75901dc5cf
