[INFO] cloning repository https://github.com/Spotifyd/spotifyd-http
[INFO] running `Command { std: "git" "-c" "credential.helper=" "-c" "credential.helper=/workspace/cargo-home/bin/git-credential-null" "clone" "--bare" "https://github.com/Spotifyd/spotifyd-http" "/workspace/cache/git-repos/https%3A%2F%2Fgithub.com%2FSpotifyd%2Fspotifyd-http", kill_on_drop: false }`
[INFO] [stderr] Cloning into bare repository '/workspace/cache/git-repos/https%3A%2F%2Fgithub.com%2FSpotifyd%2Fspotifyd-http'...
[INFO] running `Command { std: "git" "rev-parse" "HEAD", kill_on_drop: false }`
[INFO] [stdout] 9fd19967b9efafe11ae5607fe04384495825d23a
[INFO] documenting Spotifyd/spotifyd-http against beta-2021-08-01 for beta-1.55-rustdoc-1
[INFO] running `Command { std: "git" "clone" "/workspace/cache/git-repos/https%3A%2F%2Fgithub.com%2FSpotifyd%2Fspotifyd-http" "/workspace/builds/worker-72/source", kill_on_drop: false }`
[INFO] [stderr] Cloning into '/workspace/builds/worker-72/source'...
[INFO] [stderr] done.
[INFO] validating manifest of git repo https://github.com/Spotifyd/spotifyd-http on toolchain beta-2021-08-01
[INFO] running `Command { std: "/workspace/cargo-home/bin/cargo" "+beta-2021-08-01" "metadata" "--manifest-path" "Cargo.toml" "--no-deps", kill_on_drop: false }`
[INFO] started tweaking git repo https://github.com/Spotifyd/spotifyd-http
[INFO] finished tweaking git repo https://github.com/Spotifyd/spotifyd-http
[INFO] tweaked toml for git repo https://github.com/Spotifyd/spotifyd-http written to /workspace/builds/worker-72/source/Cargo.toml
[INFO] crate git repo https://github.com/Spotifyd/spotifyd-http already has a lockfile, it will not be regenerated
[INFO] running `Command { std: "/workspace/cargo-home/bin/cargo" "+beta-2021-08-01" "fetch" "--manifest-path" "Cargo.toml", kill_on_drop: false }`
[INFO] [stderr]     Blocking waiting for file lock on package cache
[INFO] [stderr]     Updating git repository `https://github.com/SimonPersson/librespot.git`
[INFO] [stderr]     Updating git repository `https://github.com/plietar/json_macros`
[INFO] [stderr]     Updating git repository `http://github.com/plietar/rust-mdns`
[INFO] [stderr]     Updating git repository `https://github.com/plietar/rust-protobuf-macros`
[INFO] [stderr]     Updating git repository `https://github.com/plietar/rust-shannon`
[INFO] [stderr]     Updating git repository `https://github.com/plietar/rust-protobuf-build.git`
[INFO] [stderr]     Updating git repository `http://github.com/plietar/dns-parser`
[INFO] [stderr]     Blocking waiting for file lock on package cache
[INFO] [stderr]  Downloading crates ...
[INFO] [stderr]   Downloaded traitobject v0.0.3
[INFO] [stderr]   Downloaded num-complex v0.1.35
[INFO] [stderr]   Downloaded mio v0.5.1
[INFO] [stderr]   Downloaded bytes v0.3.0
[INFO] [stderr]   Downloaded syntex_syntax v0.39.0
[INFO] [stderr]   Downloaded slab v0.1.3
[INFO] [stderr]   Downloaded quick-error v0.2.2
[INFO] [stderr]   Downloaded num-bigint v0.1.35
[INFO] [stderr]   Downloaded syntex_pos v0.39.0
[INFO] [stderr]   Downloaded syntex v0.38.0
[INFO] [stderr]   Downloaded num-rational v0.1.35
[INFO] [stderr]   Downloaded num-traits v0.1.35
[INFO] [stderr]   Downloaded cfg-if v0.1.0
[INFO] [stderr]   Downloaded syncbox v0.2.4
[INFO] [stderr]   Downloaded httparse v1.1.2
[INFO] [stderr]   Downloaded num_cpus v0.2.13
[INFO] [stderr]   Downloaded nickel v0.9.0
[INFO] [stderr]   Downloaded syntex_syntax v0.38.0
[INFO] [stderr]   Downloaded url v1.2.0
[INFO] [stderr]   Downloaded serde_json v0.7.4
[INFO] [stderr]   Downloaded serde v0.7.15
[INFO] [stderr]   Downloaded rpassword v0.2.3
[INFO] [stderr]   Downloaded tempfile v2.1.4
[INFO] [stderr]   Downloaded vergen v0.1.1
[INFO] [stderr]   Downloaded gcc v0.3.35
[INFO] [stderr]   Downloaded mustache v0.6.3
[INFO] [stderr]   Downloaded unsafe-any v0.4.1
[INFO] [stderr]   Downloaded net2 v0.2.26
[INFO] [stderr]   Downloaded nix v0.5.1
[INFO] [stderr]   Downloaded serde_codegen v0.7.15
[INFO] [stderr]   Downloaded hyper v0.9.10
[INFO] [stderr]   Downloaded num v0.1.35
[INFO] [stderr]   Downloaded miow v0.1.3
[INFO] [stderr]   Downloaded eventual v0.1.7
[INFO] [stderr]   Downloaded bit-set v0.4.0
[INFO] [stderr]   Downloaded quick-error v1.1.0
[INFO] [stderr]   Downloaded bit-vec v0.4.3
[INFO] [stderr]   Downloaded liblmdb-sys v0.2.1
[INFO] [stderr]   Downloaded extprim v1.1.1
[INFO] [stderr]   Downloaded quasi v0.14.0
[INFO] [stderr]   Downloaded multimap v0.2.0
[INFO] [stderr]   Downloaded syntex_pos v0.37.0
[INFO] [stderr]   Downloaded aster v0.21.1
[INFO] [stderr]   Downloaded quasi v0.16.0
[INFO] [stderr]   Downloaded cookie v0.2.5
[INFO] [stderr]   Downloaded term v0.4.4
[INFO] [stderr]   Downloaded syntex_errors v0.37.0
[INFO] [stderr]   Downloaded aster v0.20.0
[INFO] [stderr]   Downloaded rotor v0.6.3
[INFO] [stderr]   Downloaded uuid v0.2.3
[INFO] [stderr]   Downloaded syntex_syntax v0.37.0
[INFO] [stderr]   Downloaded linear-map v1.1.0
[INFO] [stderr]   Downloaded serde_codegen_internals v0.4.0
[INFO] [stderr]   Downloaded syntex v0.39.0
[INFO] [stderr]   Downloaded ogg-sys v0.0.9
[INFO] [stderr]   Downloaded vorbis-sys v0.0.8
[INFO] [stderr]   Downloaded url v0.5.10
[INFO] [stderr]   Downloaded mime v0.2.2
[INFO] [stderr]   Downloaded aster v0.22.1
[INFO] [stderr]   Downloaded quasi_codegen v0.14.0
[INFO] [stderr]   Downloaded lmdb-rs v0.7.2
[INFO] [stderr]   Downloaded syntex v0.37.0
[INFO] [stderr]   Downloaded quasi_codegen v0.16.0
[INFO] [stderr]   Downloaded vorbisfile-sys v0.0.8
[INFO] [stderr]   Downloaded syntex_errors v0.38.0
[INFO] [stderr]   Downloaded syntex_pos v0.38.0
[INFO] [stderr]   Downloaded vorbis v0.0.14
[INFO] [stderr]   Downloaded groupable v0.2.0
[INFO] [stderr]   Downloaded protobuf v1.0.24
[INFO] [stderr]   Downloaded termios v0.2.2
[INFO] [stderr]   Downloaded syntex_errors v0.39.0
[INFO] [stderr]   Downloaded idna v0.1.0
[INFO] running `Command { std: "docker" "create" "-v" "/var/lib/crater-agent-workspace/builds/worker-72/target:/opt/rustwide/target:rw,Z" "-v" "/var/lib/crater-agent-workspace/builds/worker-72/source:/opt/rustwide/workdir:ro,Z" "-v" "/var/lib/crater-agent-workspace/cargo-home:/opt/rustwide/cargo-home:ro,Z" "-v" "/var/lib/crater-agent-workspace/rustup-home:/opt/rustwide/rustup-home:ro,Z" "-e" "SOURCE_DIR=/opt/rustwide/workdir" "-e" "CARGO_TARGET_DIR=/opt/rustwide/target" "-e" "CARGO_HOME=/opt/rustwide/cargo-home" "-e" "RUSTUP_HOME=/opt/rustwide/rustup-home" "-w" "/opt/rustwide/workdir" "-m" "1610612736" "--user" "0:0" "--network" "none" "ghcr.io/rust-lang/crates-build-env/linux@sha256:34b6a614d2c27851fe6cbf88fbd1137609cefab8b10d0615aaeb6fd47975d74e" "/opt/rustwide/cargo-home/bin/cargo" "+beta-2021-08-01" "metadata" "--no-deps" "--format-version=1", kill_on_drop: false }`
[INFO] [stdout] 31766c65c941e3692a85f0d9264ea2e7de2222615377724a87a1cc49c4c2923a
[INFO] running `Command { std: "docker" "start" "-a" "31766c65c941e3692a85f0d9264ea2e7de2222615377724a87a1cc49c4c2923a", kill_on_drop: false }`
[INFO] running `Command { std: "docker" "inspect" "31766c65c941e3692a85f0d9264ea2e7de2222615377724a87a1cc49c4c2923a", kill_on_drop: false }`
[INFO] running `Command { std: "docker" "rm" "-f" "31766c65c941e3692a85f0d9264ea2e7de2222615377724a87a1cc49c4c2923a", kill_on_drop: false }`
[INFO] [stdout] 31766c65c941e3692a85f0d9264ea2e7de2222615377724a87a1cc49c4c2923a
[INFO] running `Command { std: "docker" "create" "-v" "/var/lib/crater-agent-workspace/builds/worker-72/target:/opt/rustwide/target:rw,Z" "-v" "/var/lib/crater-agent-workspace/builds/worker-72/source:/opt/rustwide/workdir:ro,Z" "-v" "/var/lib/crater-agent-workspace/cargo-home:/opt/rustwide/cargo-home:ro,Z" "-v" "/var/lib/crater-agent-workspace/rustup-home:/opt/rustwide/rustup-home:ro,Z" "-e" "SOURCE_DIR=/opt/rustwide/workdir" "-e" "CARGO_TARGET_DIR=/opt/rustwide/target" "-e" "CARGO_INCREMENTAL=0" "-e" "RUST_BACKTRACE=full" "-e" "RUSTDOCFLAGS=--cap-lints=warn" "-e" "CARGO_HOME=/opt/rustwide/cargo-home" "-e" "RUSTUP_HOME=/opt/rustwide/rustup-home" "-w" "/opt/rustwide/workdir" "-m" "1610612736" "--user" "0:0" "--network" "none" "ghcr.io/rust-lang/crates-build-env/linux@sha256:34b6a614d2c27851fe6cbf88fbd1137609cefab8b10d0615aaeb6fd47975d74e" "/opt/rustwide/cargo-home/bin/cargo" "+beta-2021-08-01" "doc" "--frozen" "--no-deps" "--document-private-items" "--message-format=json", kill_on_drop: false }`
[INFO] [stdout] c587cdbdfb3eff5f68715548fe6972cfb98b1680bd5a2dbe962c4df09ba5e516
[INFO] running `Command { std: "docker" "start" "-a" "c587cdbdfb3eff5f68715548fe6972cfb98b1680bd5a2dbe962c4df09ba5e516", kill_on_drop: false }`
[INFO] [stderr]     Blocking waiting for file lock on package cache
[INFO] [stderr]     Checking libc v0.2.15
[INFO] [stderr]    Compiling winapi v0.2.8
[INFO] [stderr]    Compiling rustc-serialize v0.3.19
[INFO] [stderr]    Compiling gcc v0.3.35
[INFO] [stderr]    Compiling log v0.3.6
[INFO] [stderr]    Compiling unicode-xid v0.0.3
[INFO] [stderr]    Compiling bitflags v0.5.0
[INFO] [stderr]    Compiling pkg-config v0.3.8
[INFO] [stderr]     Checking matches v0.1.2
[INFO] [stderr]     Checking num-traits v0.1.35
[INFO] [stderr]     Checking unicode-normalization v0.1.2
[INFO] [stderr]     Checking utf8-ranges v0.1.3
[INFO] [stderr]     Checking bitflags v0.4.0
[INFO] [stderr]    Compiling protobuf v1.0.24
[INFO] [stderr]     Checking regex-syntax v0.3.4
[INFO] [stderr]     Checking bytes v0.3.0
[INFO] [stderr]     Checking slab v0.1.3
[INFO] [stderr]     Checking traitobject v0.0.3
[INFO] [stderr]     Checking quick-error v0.2.2
[INFO] [stderr]     Checking quick-error v1.1.0
[INFO] [stderr]     Checking traitobject v0.0.1
[INFO] [stderr]     Checking httparse v1.1.2
[INFO] [stderr]     Checking serde v0.7.15
[INFO] [stderr]     Checking itoa v0.1.1
[INFO] [stderr]     Checking multimap v0.2.0
[INFO] [stderr]     Checking bit-vec v0.4.3
[INFO] [stderr]     Checking modifier v0.1.0
[INFO] [stderr]     Checking getopts v0.2.14
[INFO] [stderr]     Checking lazy_static v0.2.1
[INFO] [stderr]     Checking lazy_static v0.1.16
[INFO] [stderr]     Checking linear-map v1.1.0
[INFO] [stderr]     Checking groupable v0.2.0
[INFO] [stderr]    Compiling ws2_32-sys v0.2.1
[INFO] [stderr]    Compiling unicase v1.4.0
[INFO] [stderr]    Compiling tempfile v2.1.4
[INFO] [stderr]    Compiling extprim v1.1.1
[INFO] [stderr]    Compiling kernel32-sys v0.2.2
[INFO] [stderr]     Checking unicode-bidi v0.2.3
[INFO] [stdout] error[E0642]: patterns aren't allowed in functions without bodies
[INFO] [stdout]    --> /opt/rustwide/cargo-home/registry/src/github.com-1ecc6299db9ec823/rustc-serialize-0.3.19/src/serialize.rs:147:45
[INFO] [stdout]     |
[INFO] [stdout] 147 | ...                   &f_name: &str,
[INFO] [stdout]     |                       ^^^^^^^ pattern not allowed in function without body
[INFO] [stdout] 
[INFO] [stdout] 
[INFO] [stderr]     Checking unsafe-any v0.4.1
[INFO] [stderr]     Checking hpack v0.2.0
[INFO] [stderr]     Checking mime v0.2.2
[INFO] [stderr]     Checking time v0.1.35
[INFO] [stderr]     Checking rand v0.3.14
[INFO] [stdout] error[E0503]: cannot use `state` because it was mutably borrowed
[INFO] [stdout]     --> /opt/rustwide/cargo-home/registry/src/github.com-1ecc6299db9ec823/getopts-0.2.14/src/lib.rs:1008:33
[INFO] [stdout]      |
[INFO] [stdout] 955  |     let mut machine = |cont: &mut bool, (i, c): (usize, char)| {
[INFO] [stdout]      |                       ---------------------------------------- borrow of `state` occurs here
[INFO] [stdout] ...
[INFO] [stdout] 959  |         state = match (state, whitespace, limit) {
[INFO] [stdout]      |         ----- borrow occurs due to use of `state` in closure
[INFO] [stdout] ...
[INFO] [stdout] 1008 |     while cont && match state { B | C => true, A => false } {
[INFO] [stdout]      |                                 ^ use of borrowed `state`
[INFO] [stdout] 1009 |         machine(&mut cont, (fake_i, ' '));
[INFO] [stdout]      |         ------- borrow later used here
[INFO] [stdout] 
[INFO] [stdout] 
[INFO] [stderr]     Checking memchr v0.1.11
[INFO] [stdout] error: aborting due to previous error
[INFO] [stdout] 
[INFO] [stdout] 
[INFO] [stderr]     Checking thread-id v2.0.0
[INFO] [stdout] For more information about this error, try `rustc --explain E0503`.
[INFO] [stdout] 
[INFO] [stderr]     Checking net2 v0.2.26
[INFO] [stderr]     Checking nix v0.5.1
[INFO] [stderr]     Checking num_cpus v0.2.13
[INFO] [stderr]     Checking termios v0.2.2
[INFO] [stderr] error: could not compile `getopts` due to 2 previous errors
[INFO] [stderr] warning: build failed, waiting for other jobs to finish...
[INFO] [stdout] error[E0642]: patterns aren't allowed in functions without bodies
[INFO] [stdout]    --> /opt/rustwide/cargo-home/registry/src/github.com-1ecc6299db9ec823/rustc-serialize-0.3.19/src/serialize.rs:147:45
[INFO] [stdout]     |
[INFO] [stdout] 147 | ...                   &f_name: &str,
[INFO] [stdout]     |                       ^^^^^^^ pattern not allowed in function without body
[INFO] [stdout] 
[INFO] [stdout] 
[INFO] [stdout] error[E0034]: multiple applicable items in scope
[INFO] [stdout]    --> /opt/rustwide/cargo-home/registry/src/github.com-1ecc6299db9ec823/protobuf-1.0.24/src/lib/core.rs:139:28
[INFO] [stdout]     |
[INFO] [stdout] 139 |     TypeId::of::<M>() == m.type_id()
[INFO] [stdout]     |                            ^^^^^^^ multiple `type_id` found
[INFO] [stdout]     |
[INFO] [stdout] note: candidate #1 is defined in the trait `core::Message`
[INFO] [stdout]    --> /opt/rustwide/cargo-home/registry/src/github.com-1ecc6299db9ec823/protobuf-1.0.24/src/lib/core.rs:129:5
[INFO] [stdout]     |
[INFO] [stdout] 129 |     fn type_id(&self) -> TypeId;
[INFO] [stdout]     |     ^^^^^^^^^^^^^^^^^^^^^^^^^^^^
[INFO] [stdout] note: candidate #2 is defined in the trait `Any`
[INFO] [stdout] help: disambiguate the associated function for candidate #1
[INFO] [stdout]     |
[INFO] [stdout] 139 |     TypeId::of::<M>() == core::Message::type_id(&m)
[INFO] [stdout]     |                          ^^^^^^^^^^^^^^^^^^^^^^^^^^
[INFO] [stdout] help: disambiguate the associated function for candidate #2
[INFO] [stdout]     |
[INFO] [stdout] 139 |     TypeId::of::<M>() == Any::type_id(&m)
[INFO] [stdout]     |                          ^^^^^^^^^^^^^^^^
[INFO] [stdout] 
[INFO] [stdout] 
[INFO] [stdout] error[E0034]: multiple applicable items in scope
[INFO] [stdout]    --> /opt/rustwide/cargo-home/registry/src/github.com-1ecc6299db9ec823/protobuf-1.0.24/src/lib/core.rs:139:28
[INFO] [stdout]     |
[INFO] [stdout] 139 |     TypeId::of::<M>() == m.type_id()
[INFO] [stdout]     |                            ^^^^^^^ multiple `type_id` found
[INFO] [stdout]     |
[INFO] [stdout] note: candidate #1 is defined in the trait `core::Message`
[INFO] [stdout]    --> /opt/rustwide/cargo-home/registry/src/github.com-1ecc6299db9ec823/protobuf-1.0.24/src/lib/core.rs:129:5
[INFO] [stdout]     |
[INFO] [stdout] 129 |     fn type_id(&self) -> TypeId;
[INFO] [stdout]     |     ^^^^^^^^^^^^^^^^^^^^^^^^^^^^
[INFO] [stdout] note: candidate #2 is defined in the trait `Any`
[INFO] [stdout] help: disambiguate the associated function for candidate #1
[INFO] [stdout]     |
[INFO] [stdout] 139 |     TypeId::of::<M>() == core::Message::type_id(&m)
[INFO] [stdout]     |                          ^^^^^^^^^^^^^^^^^^^^^^^^^^
[INFO] [stdout] help: disambiguate the associated function for candidate #2
[INFO] [stdout]     |
[INFO] [stdout] 139 |     TypeId::of::<M>() == Any::type_id(&m)
[INFO] [stdout]     |                          ^^^^^^^^^^^^^^^^
[INFO] [stdout] 
[INFO] [stdout] 
[INFO] [stdout] error: aborting due to previous error
[INFO] [stdout] 
[INFO] [stdout] 
[INFO] [stdout] For more information about this error, try `rustc --explain E0642`.
[INFO] [stdout] 
[INFO] [stdout] error: aborting due to previous error
[INFO] [stdout] 
[INFO] [stdout] 
[INFO] [stdout] For more information about this error, try `rustc --explain E0034`.
[INFO] [stdout] 
[INFO] [stdout] error: aborting due to previous error
[INFO] [stdout] 
[INFO] [stdout] 
[INFO] [stdout] For more information about this error, try `rustc --explain E0034`.
[INFO] [stdout] 
[INFO] [stdout] error: aborting due to previous error
[INFO] [stdout] 
[INFO] [stdout] 
[INFO] [stdout] For more information about this error, try `rustc --explain E0642`.
[INFO] [stdout] 
[INFO] [stderr] error: build failed
[INFO] running `Command { std: "docker" "inspect" "c587cdbdfb3eff5f68715548fe6972cfb98b1680bd5a2dbe962c4df09ba5e516", kill_on_drop: false }`
[INFO] running `Command { std: "docker" "rm" "-f" "c587cdbdfb3eff5f68715548fe6972cfb98b1680bd5a2dbe962c4df09ba5e516", kill_on_drop: false }`
[INFO] [stdout] c587cdbdfb3eff5f68715548fe6972cfb98b1680bd5a2dbe962c4df09ba5e516
