[INFO] cloning repository https://github.com/SofiaWinters/joyshop
[INFO] running `Command { std: "git" "-c" "credential.helper=" "-c" "credential.helper=/workspace/cargo-home/bin/git-credential-null" "clone" "--bare" "https://github.com/SofiaWinters/joyshop" "/workspace/cache/git-repos/https%3A%2F%2Fgithub.com%2FSofiaWinters%2Fjoyshop", kill_on_drop: false }`
[INFO] [stderr] Cloning into bare repository '/workspace/cache/git-repos/https%3A%2F%2Fgithub.com%2FSofiaWinters%2Fjoyshop'...
[INFO] running `Command { std: "git" "rev-parse" "HEAD", kill_on_drop: false }`
[INFO] [stdout] 24334d04aecfde7d78d251865be1b75649052e78
[INFO] documenting SofiaWinters/joyshop against 1.54.0 for beta-1.55-rustdoc-1
[INFO] running `Command { std: "git" "clone" "/workspace/cache/git-repos/https%3A%2F%2Fgithub.com%2FSofiaWinters%2Fjoyshop" "/workspace/builds/worker-8/source", kill_on_drop: false }`
[INFO] [stderr] Cloning into '/workspace/builds/worker-8/source'...
[INFO] [stderr] done.
[INFO] validating manifest of git repo https://github.com/SofiaWinters/joyshop on toolchain 1.54.0
[INFO] running `Command { std: "/workspace/cargo-home/bin/cargo" "+1.54.0" "metadata" "--manifest-path" "Cargo.toml" "--no-deps", kill_on_drop: false }`
[INFO] started tweaking git repo https://github.com/SofiaWinters/joyshop
[INFO] finished tweaking git repo https://github.com/SofiaWinters/joyshop
[INFO] tweaked toml for git repo https://github.com/SofiaWinters/joyshop written to /workspace/builds/worker-8/source/Cargo.toml
[INFO] crate git repo https://github.com/SofiaWinters/joyshop already has a lockfile, it will not be regenerated
[INFO] running `Command { std: "/workspace/cargo-home/bin/cargo" "+1.54.0" "fetch" "--manifest-path" "Cargo.toml", kill_on_drop: false }`
[INFO] [stderr]     Blocking waiting for file lock on package cache
[INFO] running `Command { std: "docker" "create" "-v" "/var/lib/crater-agent-workspace/builds/worker-8/target:/opt/rustwide/target:rw,Z" "-v" "/var/lib/crater-agent-workspace/builds/worker-8/source:/opt/rustwide/workdir:ro,Z" "-v" "/var/lib/crater-agent-workspace/cargo-home:/opt/rustwide/cargo-home:ro,Z" "-v" "/var/lib/crater-agent-workspace/rustup-home:/opt/rustwide/rustup-home:ro,Z" "-e" "SOURCE_DIR=/opt/rustwide/workdir" "-e" "CARGO_TARGET_DIR=/opt/rustwide/target" "-e" "CARGO_HOME=/opt/rustwide/cargo-home" "-e" "RUSTUP_HOME=/opt/rustwide/rustup-home" "-w" "/opt/rustwide/workdir" "-m" "1610612736" "--user" "0:0" "--network" "none" "ghcr.io/rust-lang/crates-build-env/linux@sha256:34b6a614d2c27851fe6cbf88fbd1137609cefab8b10d0615aaeb6fd47975d74e" "/opt/rustwide/cargo-home/bin/cargo" "+1.54.0" "metadata" "--no-deps" "--format-version=1", kill_on_drop: false }`
[INFO] [stdout] ac471d4340bdb2aa1ed7825d0a8bf383b8a713aae8fccddd42a69937fb328e46
[INFO] running `Command { std: "docker" "start" "-a" "ac471d4340bdb2aa1ed7825d0a8bf383b8a713aae8fccddd42a69937fb328e46", kill_on_drop: false }`
[INFO] running `Command { std: "docker" "inspect" "ac471d4340bdb2aa1ed7825d0a8bf383b8a713aae8fccddd42a69937fb328e46", kill_on_drop: false }`
[INFO] running `Command { std: "docker" "rm" "-f" "ac471d4340bdb2aa1ed7825d0a8bf383b8a713aae8fccddd42a69937fb328e46", kill_on_drop: false }`
[INFO] [stdout] ac471d4340bdb2aa1ed7825d0a8bf383b8a713aae8fccddd42a69937fb328e46
[INFO] running `Command { std: "docker" "create" "-v" "/var/lib/crater-agent-workspace/builds/worker-8/target:/opt/rustwide/target:rw,Z" "-v" "/var/lib/crater-agent-workspace/builds/worker-8/source:/opt/rustwide/workdir:ro,Z" "-v" "/var/lib/crater-agent-workspace/cargo-home:/opt/rustwide/cargo-home:ro,Z" "-v" "/var/lib/crater-agent-workspace/rustup-home:/opt/rustwide/rustup-home:ro,Z" "-e" "SOURCE_DIR=/opt/rustwide/workdir" "-e" "CARGO_TARGET_DIR=/opt/rustwide/target" "-e" "CARGO_INCREMENTAL=0" "-e" "RUST_BACKTRACE=full" "-e" "RUSTDOCFLAGS=--cap-lints=warn" "-e" "CARGO_HOME=/opt/rustwide/cargo-home" "-e" "RUSTUP_HOME=/opt/rustwide/rustup-home" "-w" "/opt/rustwide/workdir" "-m" "1610612736" "--user" "0:0" "--network" "none" "ghcr.io/rust-lang/crates-build-env/linux@sha256:34b6a614d2c27851fe6cbf88fbd1137609cefab8b10d0615aaeb6fd47975d74e" "/opt/rustwide/cargo-home/bin/cargo" "+1.54.0" "doc" "--frozen" "--no-deps" "--document-private-items" "--message-format=json", kill_on_drop: false }`
[INFO] [stdout] 3f24dcd93ed9927c676a3fb1ea3f52f307d814f59fd99f214939f0f8d4082e8c
[INFO] running `Command { std: "docker" "start" "-a" "3f24dcd93ed9927c676a3fb1ea3f52f307d814f59fd99f214939f0f8d4082e8c", kill_on_drop: false }`
[INFO] [stderr]     Blocking waiting for file lock on package cache
[INFO] [stderr]    Compiling syn v1.0.57
[INFO] [stderr]    Compiling libc v0.2.82
[INFO] [stderr]    Compiling maybe-uninit v2.0.0
[INFO] [stderr]    Compiling serde v1.0.118
[INFO] [stderr]    Compiling winapi v0.3.9
[INFO] [stderr]     Checking itoa v0.4.7
[INFO] [stderr]     Checking win_key_codes v0.1.2
[INFO] [stderr]    Compiling crossbeam-utils v0.7.2
[INFO] [stderr]    Compiling crossbeam-utils v0.8.1
[INFO] [stderr]    Compiling hidapi-alt-for-hidapi-issue-127 v1.2.1
[INFO] [stderr]     Checking crossbeam-channel v0.5.0
[INFO] [stderr]     Checking crossbeam-channel v0.4.4
[INFO] [stderr]     Checking joycon-rs v0.6.1
[INFO] [stderr]    Compiling serde_derive v1.0.118
[INFO] [stderr]     Checking serde_json v1.0.61
[INFO] [stderr]  Documenting joyshop v0.1.1 (/opt/rustwide/workdir)
[INFO] [stdout] error[E0433]: failed to resolve: could not find `_core` in `winapi`
[INFO] [stdout]  --> src/configuration.rs:6:13
[INFO] [stdout]   |
[INFO] [stdout] 6 | use winapi::_core::fmt::Formatter;
[INFO] [stdout]   |             ^^^^^ could not find `_core` in `winapi`
[INFO] [stdout] 
[INFO] [stdout] 
[INFO] [stdout] error[E0433]: failed to resolve: could not find `shared` in `winapi`
[INFO] [stdout]  --> src/key_sender.rs:6:13
[INFO] [stdout]   |
[INFO] [stdout] 6 | use winapi::shared::windef::HWND;
[INFO] [stdout]   |             ^^^^^^ could not find `shared` in `winapi`
[INFO] [stdout] 
[INFO] [stdout] 
[INFO] [stdout] error[E0433]: failed to resolve: could not find `um` in `winapi`
[INFO] [stdout]  --> src/key_sender.rs:7:13
[INFO] [stdout]   |
[INFO] [stdout] 7 | use winapi::um::winuser::{
[INFO] [stdout]   |             ^^ could not find `um` in `winapi`
[INFO] [stdout] 
[INFO] [stdout] 
[INFO] [stdout] error[E0433]: failed to resolve: could not find `_core` in `winapi`
[INFO] [stdout]  --> src/ui.rs:7:13
[INFO] [stdout]   |
[INFO] [stdout] 7 | use winapi::_core::time::Duration;
[INFO] [stdout]   |             ^^^^^ could not find `_core` in `winapi`
[INFO] [stdout] 
[INFO] [stdout] 
[INFO] [stdout] error[E0433]: failed to resolve: could not find `shared` in `winapi`
[INFO] [stdout]  --> src/ui.rs:8:13
[INFO] [stdout]   |
[INFO] [stdout] 8 | use winapi::shared::minwindef::{FALSE, LPARAM, LRESULT, TRUE, UINT, WPARAM};
[INFO] [stdout]   |             ^^^^^^ could not find `shared` in `winapi`
[INFO] [stdout] 
[INFO] [stdout] 
[INFO] [stdout] error[E0433]: failed to resolve: could not find `shared` in `winapi`
[INFO] [stdout]  --> src/ui.rs:9:13
[INFO] [stdout]   |
[INFO] [stdout] 9 | use winapi::shared::windef::{HWND, POINT, RECT};
[INFO] [stdout]   |             ^^^^^^ could not find `shared` in `winapi`
[INFO] [stdout] 
[INFO] [stdout] 
[INFO] [stdout] error[E0433]: failed to resolve: could not find `um` in `winapi`
[INFO] [stdout]   --> src/ui.rs:10:13
[INFO] [stdout]    |
[INFO] [stdout] 10 | use winapi::um::wingdi::{GetStockObject, SelectObject, DEFAULT_GUI_FONT};
[INFO] [stdout]    |             ^^ could not find `um` in `winapi`
[INFO] [stdout] 
[INFO] [stdout] 
[INFO] [stdout] error[E0433]: failed to resolve: could not find `um` in `winapi`
[INFO] [stdout]   --> src/ui.rs:11:13
[INFO] [stdout]    |
[INFO] [stdout] 11 | use winapi::um::winuser::{
[INFO] [stdout]    |             ^^ could not find `um` in `winapi`
[INFO] [stdout] 
[INFO] [stdout] 
[INFO] [stdout] error[E0433]: failed to resolve: could not find `shared` in `winapi`
[INFO] [stdout]  --> src/window.rs:3:13
[INFO] [stdout]   |
[INFO] [stdout] 3 | use winapi::shared::minwindef::{LPARAM, LRESULT, UINT, WPARAM};
[INFO] [stdout]   |             ^^^^^^ could not find `shared` in `winapi`
[INFO] [stdout] 
[INFO] [stdout] 
[INFO] [stdout] error[E0433]: failed to resolve: could not find `shared` in `winapi`
[INFO] [stdout]  --> src/window.rs:4:13
[INFO] [stdout]   |
[INFO] [stdout] 4 | use winapi::shared::windef::{HBRUSH, HWND};
[INFO] [stdout]   |             ^^^^^^ could not find `shared` in `winapi`
[INFO] [stdout] 
[INFO] [stdout] 
[INFO] [stdout] error[E0433]: failed to resolve: could not find `um` in `winapi`
[INFO] [stdout]  --> src/window.rs:5:13
[INFO] [stdout]   |
[INFO] [stdout] 5 | use winapi::um::wingdi::{GetStockObject, WHITE_BRUSH};
[INFO] [stdout]   |             ^^ could not find `um` in `winapi`
[INFO] [stdout] 
[INFO] [stdout] 
[INFO] [stdout] error[E0433]: failed to resolve: could not find `um` in `winapi`
[INFO] [stdout]  --> src/window.rs:6:13
[INFO] [stdout]   |
[INFO] [stdout] 6 | use winapi::um::winuser::{
[INFO] [stdout]   |             ^^ could not find `um` in `winapi`
[INFO] [stdout] 
[INFO] [stdout] 
[INFO] [stdout] error[E0412]: cannot find type `Formatter` in this scope
[INFO] [stdout]    --> src/configuration.rs:195:27
[INFO] [stdout]     |
[INFO] [stdout] 195 |     fn fmt(&self, f: &mut Formatter<'_>) -> std::fmt::Result {
[INFO] [stdout]     |                           ^^^^^^^^^ not found in this scope
[INFO] [stdout]     |
[INFO] [stdout] help: consider importing one of these items
[INFO] [stdout]     |
[INFO] [stdout] 1   | use core::fmt::Formatter;
[INFO] [stdout]     |
[INFO] [stdout] 1   | use serde::export::Formatter;
[INFO] [stdout]     |
[INFO] [stdout] 1   | use serde_json::ser::Formatter;
[INFO] [stdout]     |
[INFO] [stdout] 1   | use std::fmt::Formatter;
[INFO] [stdout]     |
[INFO] [stdout] 
[INFO] [stdout] 
[INFO] [stdout] error[E0412]: cannot find type `HWND` in this scope
[INFO] [stdout]   --> src/key_sender.rs:13:34
[INFO] [stdout]    |
[INFO] [stdout] 13 |     fn ImmGetDefaultIMEWnd(hwnd: HWND) -> HWND;
[INFO] [stdout]    |                                  ^^^^ not found in this scope
[INFO] [stdout] 
[INFO] [stdout] 
[INFO] [stdout] error[E0412]: cannot find type `HWND` in this scope
[INFO] [stdout]   --> src/key_sender.rs:13:43
[INFO] [stdout]    |
[INFO] [stdout] 13 |     fn ImmGetDefaultIMEWnd(hwnd: HWND) -> HWND;
[INFO] [stdout]    |                                           ^^^^ not found in this scope
[INFO] [stdout] 
[INFO] [stdout] 
[INFO] [stdout] error[E0412]: cannot find type `HWND` in this scope
[INFO] [stdout]   --> src/ui.rs:91:20
[INFO] [stdout]    |
[INFO] [stdout] 91 |     window_handle: HWND,
[INFO] [stdout]    |                    ^^^^ not found in this scope
[INFO] [stdout] 
[INFO] [stdout] 
[INFO] [stdout] error[E0412]: cannot find type `UINT` in this scope
[INFO] [stdout]   --> src/ui.rs:92:14
[INFO] [stdout]    |
[INFO] [stdout] 92 |     message: UINT,
[INFO] [stdout]    |              ^^^^ not found in this scope
[INFO] [stdout] 
[INFO] [stdout] 
[INFO] [stdout] error[E0412]: cannot find type `WPARAM` in this scope
[INFO] [stdout]   --> src/ui.rs:93:13
[INFO] [stdout]    |
[INFO] [stdout] 93 |     wparam: WPARAM,
[INFO] [stdout]    |             ^^^^^^ not found in this scope
[INFO] [stdout] 
[INFO] [stdout] 
[INFO] [stdout] error[E0412]: cannot find type `LPARAM` in this scope
[INFO] [stdout]   --> src/ui.rs:94:13
[INFO] [stdout]    |
[INFO] [stdout] 94 |     lparam: LPARAM,
[INFO] [stdout]    |             ^^^^^^ not found in this scope
[INFO] [stdout] 
[INFO] [stdout] 
[INFO] [stdout] error[E0412]: cannot find type `LRESULT` in this scope
[INFO] [stdout]   --> src/ui.rs:95:6
[INFO] [stdout]    |
[INFO] [stdout] 95 | ) -> LRESULT {
[INFO] [stdout]    |      ^^^^^^^ not found in this scope
[INFO] [stdout] 
[INFO] [stdout] 
[INFO] [stdout] error[E0412]: cannot find type `HWND` in this scope
[INFO] [stdout]   --> src/window.rs:24:11
[INFO] [stdout]    |
[INFO] [stdout] 24 | impl From<HWND> for Handle {
[INFO] [stdout]    |     -     ^^^^ not found in this scope
[INFO] [stdout]    |     |
[INFO] [stdout]    |     help: you might be missing a type parameter: `<HWND>`
[INFO] [stdout] 
[INFO] [stdout] 
[INFO] [stdout] error[E0412]: cannot find type `HWND` in this scope
[INFO] [stdout]   --> src/window.rs:25:19
[INFO] [stdout]    |
[INFO] [stdout] 25 |     fn from(hwnd: HWND) -> Self {
[INFO] [stdout]    |                   ^^^^ not found in this scope
[INFO] [stdout] 
[INFO] [stdout] 
[INFO] [stdout] error[E0412]: cannot find type `HWND` in this scope
[INFO] [stdout]   --> src/window.rs:30:23
[INFO] [stdout]    |
[INFO] [stdout] 30 | impl From<Handle> for HWND {
[INFO] [stdout]    |                       ^^^^ not found in this scope
[INFO] [stdout] 
[INFO] [stdout] 
[INFO] [stdout] error[E0412]: cannot find type `HWND` in this scope
[INFO] [stdout]   --> src/window.rs:45:28
[INFO] [stdout]    |
[INFO] [stdout] 45 |             window_handle: HWND,
[INFO] [stdout]    |                            ^^^^ not found in this scope
[INFO] [stdout] 
[INFO] [stdout] 
[INFO] [stdout] error[E0412]: cannot find type `UINT` in this scope
[INFO] [stdout]   --> src/window.rs:46:22
[INFO] [stdout]    |
[INFO] [stdout] 46 |             message: UINT,
[INFO] [stdout]    |                      ^^^^ not found in this scope
[INFO] [stdout] 
[INFO] [stdout] 
[INFO] [stdout] error[E0412]: cannot find type `WPARAM` in this scope
[INFO] [stdout]   --> src/window.rs:47:21
[INFO] [stdout]    |
[INFO] [stdout] 47 |             wparam: WPARAM,
[INFO] [stdout]    |                     ^^^^^^ not found in this scope
[INFO] [stdout] 
[INFO] [stdout] 
[INFO] [stdout] error[E0412]: cannot find type `LPARAM` in this scope
[INFO] [stdout]   --> src/window.rs:48:21
[INFO] [stdout]    |
[INFO] [stdout] 48 |             lparam: LPARAM,
[INFO] [stdout]    |                     ^^^^^^ not found in this scope
[INFO] [stdout] 
[INFO] [stdout] 
[INFO] [stdout] error[E0412]: cannot find type `LRESULT` in this scope
[INFO] [stdout]   --> src/window.rs:49:14
[INFO] [stdout]    |
[INFO] [stdout] 49 |         ) -> LRESULT,
[INFO] [stdout]    |              ^^^^^^^ not found in this scope
[INFO] [stdout] 
[INFO] [stdout] 
[INFO] [stdout] error[E0412]: cannot find type `HWND` in this scope
[INFO] [stdout]   --> src/window.rs:68:67
[INFO] [stdout]    |
[INFO] [stdout] 68 |     pub fn create_window(window_title: &str, class_name: &str) -> HWND {
[INFO] [stdout]    |                                                                   ^^^^ not found in this scope
[INFO] [stdout] 
[INFO] [stdout] 
[INFO] [stdout] error[E0412]: cannot find type `HWND` in this scope
[INFO] [stdout]   --> src/window.rs:90:28
[INFO] [stdout]    |
[INFO] [stdout] 90 |             window_handle: HWND,
[INFO] [stdout]    |                            ^^^^ not found in this scope
[INFO] [stdout] 
[INFO] [stdout] 
[INFO] [stdout] error[E0412]: cannot find type `UINT` in this scope
[INFO] [stdout]   --> src/window.rs:91:22
[INFO] [stdout]    |
[INFO] [stdout] 91 |             message: UINT,
[INFO] [stdout]    |                      ^^^^ not found in this scope
[INFO] [stdout] 
[INFO] [stdout] 
[INFO] [stdout] error[E0412]: cannot find type `WPARAM` in this scope
[INFO] [stdout]   --> src/window.rs:92:21
[INFO] [stdout]    |
[INFO] [stdout] 92 |             wparam: WPARAM,
[INFO] [stdout]    |                     ^^^^^^ not found in this scope
[INFO] [stdout] 
[INFO] [stdout] 
[INFO] [stdout] error[E0412]: cannot find type `LPARAM` in this scope
[INFO] [stdout]   --> src/window.rs:93:21
[INFO] [stdout]    |
[INFO] [stdout] 93 |             lparam: LPARAM,
[INFO] [stdout]    |                     ^^^^^^ not found in this scope
[INFO] [stdout] 
[INFO] [stdout] 
[INFO] [stdout] error[E0412]: cannot find type `LRESULT` in this scope
[INFO] [stdout]   --> src/window.rs:94:14
[INFO] [stdout]    |
[INFO] [stdout] 94 |         ) -> LRESULT,
[INFO] [stdout]    |              ^^^^^^^ not found in this scope
[INFO] [stdout] 
[INFO] [stdout] 
[INFO] [stdout] error: Compilation failed, aborting rustdoc
[INFO] [stdout] 
[INFO] [stdout] 
[INFO] [stdout] error: aborting due to 35 previous errors
[INFO] [stdout] 
[INFO] [stdout] 
[INFO] [stdout] Some errors have detailed explanations: E0412, E0433.
[INFO] [stdout] 
[INFO] [stdout] For more information about an error, try `rustc --explain E0412`.
[INFO] [stdout] 
[INFO] [stderr] error: could not document `joyshop`
[INFO] [stderr] 
[INFO] [stderr] Caused by:
[INFO] [stderr]   process didn't exit successfully: `rustdoc --edition=2018 --crate-type bin --crate-name joyshop src/main.rs -o /opt/rustwide/target/doc --error-format=json --json=diagnostic-rendered-ansi --document-private-items -L dependency=/opt/rustwide/target/debug/deps --extern crossbeam_channel=/opt/rustwide/target/debug/deps/libcrossbeam_channel-54cc7ee7f9cfa709.rmeta --extern joycon_rs=/opt/rustwide/target/debug/deps/libjoycon_rs-ee14190a21e83620.rmeta --extern libc=/opt/rustwide/target/debug/deps/liblibc-be8824abcec2c4cf.rmeta --extern once_cell=/opt/rustwide/target/debug/deps/libonce_cell-00591b7ee374250a.rmeta --extern serde=/opt/rustwide/target/debug/deps/libserde-4cc4e6b729c19c62.rmeta --extern serde_json=/opt/rustwide/target/debug/deps/libserde_json-3b5510417ae84707.rmeta --extern win_key_codes=/opt/rustwide/target/debug/deps/libwin_key_codes-cf4c019d2123a39d.rmeta --extern winapi=/opt/rustwide/target/debug/deps/libwinapi-b857f6ab9c1ea583.rmeta --cap-lints=warn --crate-version 0.1.1` (exit status: 1)
[INFO] running `Command { std: "docker" "inspect" "3f24dcd93ed9927c676a3fb1ea3f52f307d814f59fd99f214939f0f8d4082e8c", kill_on_drop: false }`
[INFO] running `Command { std: "docker" "rm" "-f" "3f24dcd93ed9927c676a3fb1ea3f52f307d814f59fd99f214939f0f8d4082e8c", kill_on_drop: false }`
[INFO] [stdout] 3f24dcd93ed9927c676a3fb1ea3f52f307d814f59fd99f214939f0f8d4082e8c
