[INFO] cloning repository https://github.com/Shizcow/caller_modpath
[INFO] running `Command { std: "git" "-c" "credential.helper=" "-c" "credential.helper=/workspace/cargo-home/bin/git-credential-null" "clone" "--bare" "https://github.com/Shizcow/caller_modpath" "/workspace/cache/git-repos/https%3A%2F%2Fgithub.com%2FShizcow%2Fcaller_modpath", kill_on_drop: false }`
[INFO] [stderr] Cloning into bare repository '/workspace/cache/git-repos/https%3A%2F%2Fgithub.com%2FShizcow%2Fcaller_modpath'...
[INFO] running `Command { std: "git" "rev-parse" "HEAD", kill_on_drop: false }`
[INFO] [stdout] 4b3270b8dea73a283ea9ad5da8cffef65a16b374
[INFO] documenting Shizcow/caller_modpath against beta-2021-08-01 for beta-1.55-rustdoc-1
[INFO] running `Command { std: "git" "clone" "/workspace/cache/git-repos/https%3A%2F%2Fgithub.com%2FShizcow%2Fcaller_modpath" "/workspace/builds/worker-12/source", kill_on_drop: false }`
[INFO] [stderr] Cloning into '/workspace/builds/worker-12/source'...
[INFO] [stderr] done.
[INFO] validating manifest of git repo https://github.com/Shizcow/caller_modpath on toolchain beta-2021-08-01
[INFO] running `Command { std: "/workspace/cargo-home/bin/cargo" "+beta-2021-08-01" "metadata" "--manifest-path" "Cargo.toml" "--no-deps", kill_on_drop: false }`
[INFO] started tweaking git repo https://github.com/Shizcow/caller_modpath
[INFO] finished tweaking git repo https://github.com/Shizcow/caller_modpath
[INFO] tweaked toml for git repo https://github.com/Shizcow/caller_modpath written to /workspace/builds/worker-12/source/Cargo.toml
[INFO] running `Command { std: "/workspace/cargo-home/bin/cargo" "+beta-2021-08-01" "generate-lockfile" "--manifest-path" "Cargo.toml" "-Zno-index-update", kill_on_drop: false }`
[INFO] running `Command { std: "/workspace/cargo-home/bin/cargo" "+beta-2021-08-01" "fetch" "--manifest-path" "Cargo.toml", kill_on_drop: false }`
[INFO] [stderr]     Blocking waiting for file lock on package cache
[INFO] [stderr]  Downloading crates ...
[INFO] [stderr]   Downloaded indexmap v1.7.0
[INFO] [stderr]   Downloaded hashbrown v0.11.2
[INFO] [stderr]   Downloaded cargo-manifest v0.2.4
[INFO] running `Command { std: "docker" "create" "-v" "/var/lib/crater-agent-workspace/builds/worker-12/target:/opt/rustwide/target:rw,Z" "-v" "/var/lib/crater-agent-workspace/builds/worker-12/source:/opt/rustwide/workdir:ro,Z" "-v" "/var/lib/crater-agent-workspace/cargo-home:/opt/rustwide/cargo-home:ro,Z" "-v" "/var/lib/crater-agent-workspace/rustup-home:/opt/rustwide/rustup-home:ro,Z" "-e" "SOURCE_DIR=/opt/rustwide/workdir" "-e" "CARGO_TARGET_DIR=/opt/rustwide/target" "-e" "CARGO_HOME=/opt/rustwide/cargo-home" "-e" "RUSTUP_HOME=/opt/rustwide/rustup-home" "-w" "/opt/rustwide/workdir" "-m" "1610612736" "--user" "0:0" "--network" "none" "ghcr.io/rust-lang/crates-build-env/linux@sha256:34b6a614d2c27851fe6cbf88fbd1137609cefab8b10d0615aaeb6fd47975d74e" "/opt/rustwide/cargo-home/bin/cargo" "+beta-2021-08-01" "metadata" "--no-deps" "--format-version=1", kill_on_drop: false }`
[INFO] [stdout] e215ca06494629dce4df6ac0fb2fa1dae6199a213d0cc5734a12db59e967609e
[INFO] [stderr] WARNING: Your kernel does not support swap limit capabilities or the cgroup is not mounted. Memory limited without swap.
[INFO] running `Command { std: "docker" "start" "-a" "e215ca06494629dce4df6ac0fb2fa1dae6199a213d0cc5734a12db59e967609e", kill_on_drop: false }`
[INFO] running `Command { std: "docker" "inspect" "e215ca06494629dce4df6ac0fb2fa1dae6199a213d0cc5734a12db59e967609e", kill_on_drop: false }`
[INFO] running `Command { std: "docker" "rm" "-f" "e215ca06494629dce4df6ac0fb2fa1dae6199a213d0cc5734a12db59e967609e", kill_on_drop: false }`
[INFO] [stdout] e215ca06494629dce4df6ac0fb2fa1dae6199a213d0cc5734a12db59e967609e
[INFO] running `Command { std: "docker" "create" "-v" "/var/lib/crater-agent-workspace/builds/worker-12/target:/opt/rustwide/target:rw,Z" "-v" "/var/lib/crater-agent-workspace/builds/worker-12/source:/opt/rustwide/workdir:ro,Z" "-v" "/var/lib/crater-agent-workspace/cargo-home:/opt/rustwide/cargo-home:ro,Z" "-v" "/var/lib/crater-agent-workspace/rustup-home:/opt/rustwide/rustup-home:ro,Z" "-e" "SOURCE_DIR=/opt/rustwide/workdir" "-e" "CARGO_TARGET_DIR=/opt/rustwide/target" "-e" "CARGO_INCREMENTAL=0" "-e" "RUST_BACKTRACE=full" "-e" "RUSTDOCFLAGS=--cap-lints=warn" "-e" "CARGO_HOME=/opt/rustwide/cargo-home" "-e" "RUSTUP_HOME=/opt/rustwide/rustup-home" "-w" "/opt/rustwide/workdir" "-m" "1610612736" "--user" "0:0" "--network" "none" "ghcr.io/rust-lang/crates-build-env/linux@sha256:34b6a614d2c27851fe6cbf88fbd1137609cefab8b10d0615aaeb6fd47975d74e" "/opt/rustwide/cargo-home/bin/cargo" "+beta-2021-08-01" "doc" "--frozen" "--no-deps" "--document-private-items" "--message-format=json", kill_on_drop: false }`
[INFO] [stdout] 09bb0b7d72052b478baa88e04f4db18c3c22682999c6e6f817ee635f736335e4
[INFO] [stderr] WARNING: Your kernel does not support swap limit capabilities or the cgroup is not mounted. Memory limited without swap.
[INFO] running `Command { std: "docker" "start" "-a" "09bb0b7d72052b478baa88e04f4db18c3c22682999c6e6f817ee635f736335e4", kill_on_drop: false }`
[INFO] [stderr]    Compiling caller_modpath_macros v0.1.1 (/opt/rustwide/workdir/caller_modpath_macros)
[INFO] [stderr]     Checking getrandom v0.2.3
[INFO] [stderr]    Compiling serde_derive v1.0.127
[INFO] [stderr]     Checking toml v0.5.8
[INFO] [stderr]  Documenting caller_modpath_macros v0.1.1 (/opt/rustwide/workdir/caller_modpath_macros)
[INFO] [stderr]    Compiling uuid v0.8.2
[INFO] [stderr]    Compiling cargo-manifest v0.2.4
[INFO] [stderr]     Checking caller_modpath v0.1.1 (/opt/rustwide/workdir/caller_modpath)
[INFO] [stderr]  Documenting caller_modpath v0.1.1 (/opt/rustwide/workdir/caller_modpath)
[INFO] [stdout] error[E0554]: `#![feature]` may not be used on the beta release channel
[INFO] [stdout]  --> caller_modpath/src/lib.rs:1:1
[INFO] [stdout]   |
[INFO] [stdout] 1 | #![feature(proc_macro_span)]
[INFO] [stdout]   | ^^^^^^^^^^^^^^^^^^^^^^^^^^^^
[INFO] [stdout] 
[INFO] [stdout] 
[INFO] [stdout] error[E0554]: `#![feature]` may not be used on the beta release channel
[INFO] [stdout]  --> caller_modpath/src/lib.rs:1:1
[INFO] [stdout]   |
[INFO] [stdout] 1 | #![feature(proc_macro_span)]
[INFO] [stdout]   | ^^^^^^^^^^^^^^^^^^^^^^^^^^^^
[INFO] [stdout] 
[INFO] [stdout] 
[INFO] [stdout] error[E0554]: `#![feature]` may not be used on the beta release channel
[INFO] [stdout]  --> caller_modpath/src/lib.rs:1:1
[INFO] [stdout]   |
[INFO] [stdout] 1 | #![feature(proc_macro_span)]
[INFO] [stdout]   | ^^^^^^^^^^^^^^^^^^^^^^^^^^^^
[INFO] [stdout] 
[INFO] [stdout] 
[INFO] [stdout] error: Compilation failed, aborting rustdoc
[INFO] [stdout] 
[INFO] [stdout] 
[INFO] [stdout] error: aborting due to 2 previous errors
[INFO] [stdout] 
[INFO] [stdout] 
[INFO] [stdout] For more information about this error, try `rustc --explain E0554`.
[INFO] [stdout] 
[INFO] [stderr] error: could not document `caller_modpath`
[INFO] [stderr] 
[INFO] [stderr] Caused by:
[INFO] [stderr]   process didn't exit successfully: `rustdoc --edition=2018 --crate-type lib --crate-name caller_modpath caller_modpath/src/lib.rs -o /opt/rustwide/target/doc --error-format=json --json=diagnostic-rendered-ansi --document-private-items -L dependency=/opt/rustwide/target/debug/deps --extern caller_modpath_macros=/opt/rustwide/target/debug/deps/libcaller_modpath_macros-2c6b35dae2901460.so --extern cargo_manifest=/opt/rustwide/target/debug/deps/libcargo_manifest-5ca3e495f0ae825e.rmeta --extern glob=/opt/rustwide/target/debug/deps/libglob-029696837cd6fb58.rmeta --extern proc_macro2=/opt/rustwide/target/debug/deps/libproc_macro2-c395b40247ac8d91.rmeta --extern quote=/opt/rustwide/target/debug/deps/libquote-901816f2d165e43f.rmeta --extern uuid=/opt/rustwide/target/debug/deps/libuuid-166feaf0f778b0d0.rmeta --cap-lints=warn --crate-version 0.1.1` (exit status: 1)
[INFO] [stderr] warning: build failed, waiting for other jobs to finish...
[INFO] [stdout] error: aborting due to previous error
[INFO] [stdout] 
[INFO] [stdout] 
[INFO] [stdout] For more information about this error, try `rustc --explain E0554`.
[INFO] [stdout] 
[INFO] [stdout] error: aborting due to previous error
[INFO] [stdout] 
[INFO] [stdout] 
[INFO] [stdout] For more information about this error, try `rustc --explain E0554`.
[INFO] [stdout] 
[INFO] [stderr] error: build failed
[INFO] running `Command { std: "docker" "inspect" "09bb0b7d72052b478baa88e04f4db18c3c22682999c6e6f817ee635f736335e4", kill_on_drop: false }`
[INFO] running `Command { std: "docker" "rm" "-f" "09bb0b7d72052b478baa88e04f4db18c3c22682999c6e6f817ee635f736335e4", kill_on_drop: false }`
[INFO] [stdout] 09bb0b7d72052b478baa88e04f4db18c3c22682999c6e6f817ee635f736335e4
