[INFO] cloning repository https://github.com/ShamylZakariya/Platformer
[INFO] running `Command { std: "git" "-c" "credential.helper=" "-c" "credential.helper=/workspace/cargo-home/bin/git-credential-null" "clone" "--bare" "https://github.com/ShamylZakariya/Platformer" "/workspace/cache/git-repos/https%3A%2F%2Fgithub.com%2FShamylZakariya%2FPlatformer", kill_on_drop: false }`
[INFO] [stderr] Cloning into bare repository '/workspace/cache/git-repos/https%3A%2F%2Fgithub.com%2FShamylZakariya%2FPlatformer'...
[INFO] running `Command { std: "git" "rev-parse" "HEAD", kill_on_drop: false }`
[INFO] [stdout] 5176eaac2fa4d6bb072c720ef1a9942a40af23c9
[INFO] documenting ShamylZakariya/Platformer against beta-2021-08-01 for beta-1.55-rustdoc-1
[INFO] running `Command { std: "git" "clone" "/workspace/cache/git-repos/https%3A%2F%2Fgithub.com%2FShamylZakariya%2FPlatformer" "/workspace/builds/worker-8/source", kill_on_drop: false }`
[INFO] [stderr] Cloning into '/workspace/builds/worker-8/source'...
[INFO] [stderr] done.
[INFO] validating manifest of git repo https://github.com/ShamylZakariya/Platformer on toolchain beta-2021-08-01
[INFO] running `Command { std: "/workspace/cargo-home/bin/cargo" "+beta-2021-08-01" "metadata" "--manifest-path" "Cargo.toml" "--no-deps", kill_on_drop: false }`
[INFO] started tweaking git repo https://github.com/ShamylZakariya/Platformer
[INFO] finished tweaking git repo https://github.com/ShamylZakariya/Platformer
[INFO] tweaked toml for git repo https://github.com/ShamylZakariya/Platformer written to /workspace/builds/worker-8/source/Cargo.toml
[INFO] crate git repo https://github.com/ShamylZakariya/Platformer already has a lockfile, it will not be regenerated
[INFO] running `Command { std: "/workspace/cargo-home/bin/cargo" "+beta-2021-08-01" "fetch" "--manifest-path" "Cargo.toml", kill_on_drop: false }`
[INFO] [stderr]  Downloading crates ...
[INFO] [stderr]   Downloaded futures-macro v0.3.14
[INFO] [stderr]   Downloaded futures v0.3.14
[INFO] [stderr]   Downloaded futures-executor v0.3.14
[INFO] [stderr]   Downloaded fs_extra v1.2.0
[INFO] [stderr]   Downloaded imgui-wgpu v0.14.0
[INFO] [stderr]   Downloaded cgmath v0.18.0
[INFO] [stderr]   Downloaded imgui v0.7.0
[INFO] [stderr]   Downloaded bytemuck_derive v1.0.1
[INFO] [stderr]   Downloaded chlorine v1.0.7
[INFO] [stderr]   Downloaded imgui-winit-support v0.7.0
[INFO] [stderr]   Downloaded wgpu-subscriber v0.1.0
[INFO] [stderr]   Downloaded oboe v0.4.1
[INFO] [stderr]   Downloaded imgui-sys v0.7.0
[INFO] [stderr]   Downloaded crossbeam-epoch v0.9.3
[INFO] [stderr]   Downloaded combine v4.5.2
[INFO] [stderr]   Downloaded oboe-sys v0.4.0
[INFO] [stderr]   Downloaded num_enum_derive v0.5.1
[INFO] [stderr]   Downloaded num_enum v0.5.1
[INFO] [stderr]   Downloaded tracing-subscriber v0.2.17
[INFO] [stderr]   Downloaded futures-io v0.3.14
[INFO] running `Command { std: "docker" "create" "-v" "/var/lib/crater-agent-workspace/builds/worker-8/target:/opt/rustwide/target:rw,Z" "-v" "/var/lib/crater-agent-workspace/builds/worker-8/source:/opt/rustwide/workdir:ro,Z" "-v" "/var/lib/crater-agent-workspace/cargo-home:/opt/rustwide/cargo-home:ro,Z" "-v" "/var/lib/crater-agent-workspace/rustup-home:/opt/rustwide/rustup-home:ro,Z" "-e" "SOURCE_DIR=/opt/rustwide/workdir" "-e" "CARGO_TARGET_DIR=/opt/rustwide/target" "-e" "CARGO_HOME=/opt/rustwide/cargo-home" "-e" "RUSTUP_HOME=/opt/rustwide/rustup-home" "-w" "/opt/rustwide/workdir" "-m" "1610612736" "--user" "0:0" "--network" "none" "ghcr.io/rust-lang/crates-build-env/linux@sha256:34b6a614d2c27851fe6cbf88fbd1137609cefab8b10d0615aaeb6fd47975d74e" "/opt/rustwide/cargo-home/bin/cargo" "+beta-2021-08-01" "metadata" "--no-deps" "--format-version=1", kill_on_drop: false }`
[INFO] [stderr] WARNING: Your kernel does not support swap limit capabilities or the cgroup is not mounted. Memory limited without swap.
[INFO] [stdout] c745fd548fc096af2421774eba712af312a932bd28b5bc3bf50df536382fc995
[INFO] running `Command { std: "docker" "start" "-a" "c745fd548fc096af2421774eba712af312a932bd28b5bc3bf50df536382fc995", kill_on_drop: false }`
[INFO] running `Command { std: "docker" "inspect" "c745fd548fc096af2421774eba712af312a932bd28b5bc3bf50df536382fc995", kill_on_drop: false }`
[INFO] running `Command { std: "docker" "rm" "-f" "c745fd548fc096af2421774eba712af312a932bd28b5bc3bf50df536382fc995", kill_on_drop: false }`
[INFO] [stdout] c745fd548fc096af2421774eba712af312a932bd28b5bc3bf50df536382fc995
[INFO] running `Command { std: "docker" "create" "-v" "/var/lib/crater-agent-workspace/builds/worker-8/target:/opt/rustwide/target:rw,Z" "-v" "/var/lib/crater-agent-workspace/builds/worker-8/source:/opt/rustwide/workdir:ro,Z" "-v" "/var/lib/crater-agent-workspace/cargo-home:/opt/rustwide/cargo-home:ro,Z" "-v" "/var/lib/crater-agent-workspace/rustup-home:/opt/rustwide/rustup-home:ro,Z" "-e" "SOURCE_DIR=/opt/rustwide/workdir" "-e" "CARGO_TARGET_DIR=/opt/rustwide/target" "-e" "CARGO_INCREMENTAL=0" "-e" "RUST_BACKTRACE=full" "-e" "RUSTDOCFLAGS=--cap-lints=warn" "-e" "CARGO_HOME=/opt/rustwide/cargo-home" "-e" "RUSTUP_HOME=/opt/rustwide/rustup-home" "-w" "/opt/rustwide/workdir" "-m" "1610612736" "--user" "0:0" "--network" "none" "ghcr.io/rust-lang/crates-build-env/linux@sha256:34b6a614d2c27851fe6cbf88fbd1137609cefab8b10d0615aaeb6fd47975d74e" "/opt/rustwide/cargo-home/bin/cargo" "+beta-2021-08-01" "doc" "--frozen" "--no-deps" "--document-private-items" "--message-format=json", kill_on_drop: false }`
[INFO] [stdout] 0e63214790ed36d718f84d7adbb94554c3c12d14824a5c066ba981e099cf6341
[INFO] [stderr] WARNING: Your kernel does not support swap limit capabilities or the cgroup is not mounted. Memory limited without swap.
[INFO] running `Command { std: "docker" "start" "-a" "0e63214790ed36d718f84d7adbb94554c3c12d14824a5c066ba981e099cf6341", kill_on_drop: false }`
[INFO] [stderr]    Compiling libc v0.2.94
[INFO] [stderr]     Checking chlorine v1.0.7
[INFO] [stderr]    Compiling fs_extra v1.2.0
[INFO] [stderr]    Compiling cgmath v0.18.0
[INFO] [stderr]    Compiling libudev-sys v0.1.4
[INFO] [stderr]    Compiling wgpu-core v0.7.1
[INFO] [stderr]     Checking regex v1.4.6
[INFO] [stderr]     Checking serde v1.0.125
[INFO] [stderr]     Checking wgpu-types v0.7.0
[INFO] [stderr]     Checking indexmap v1.6.2
[INFO] [stderr]    Compiling crossbeam-utils v0.8.3
[INFO] [stderr]    Compiling memoffset v0.6.3
[INFO] [stderr]     Checking tracing-log v0.1.2
[INFO] [stderr]     Checking nom v6.1.2
[INFO] [stderr]     Checking spirv_headers v1.5.0
[INFO] [stderr]     Checking crossbeam-channel v0.5.1
[INFO] [stderr]     Checking approx v0.4.0
[INFO] [stderr]    Compiling bytemuck_derive v1.0.1
[INFO] [stderr]    Compiling futures-macro v0.3.14
[INFO] [stderr]    Compiling proc-macro-error v1.0.4
[INFO] [stderr]     Checking crossbeam-deque v0.8.0
[INFO] [stderr]     Checking tracing v0.1.25
[INFO] [stderr]    Compiling crossbeam-epoch v0.9.3
[INFO] [stderr]     Checking petgraph v0.5.1
[INFO] [stderr]     Checking gpu-alloc v0.3.0
[INFO] [stderr]     Checking gpu-descriptor v0.1.1
[INFO] [stderr]    Compiling structopt-derive v0.4.14
[INFO] [stderr]     Checking xcursor v0.3.3
[INFO] [stderr]     Checking bytemuck v1.5.1
[INFO] [stderr]     Checking futures-util v0.3.14
[INFO] [stderr]     Checking naga v0.3.2
[INFO] [stderr]     Checking parking_lot_core v0.8.3
[INFO] [stderr]     Checking nix v0.20.0
[INFO] [stderr]     Checking raw-window-handle v0.3.3
[INFO] [stderr]     Checking num_cpus v1.13.0
[INFO] [stderr]     Checking khronos-egl v3.0.2
[INFO] [stderr]     Checking nix v0.18.0
[INFO] [stderr]     Checking iovec v0.1.4
[INFO] [stderr]     Checking net2 v0.2.37
[INFO] [stderr]     Checking getrandom v0.2.2
[INFO] [stderr]     Checking alsa-sys v0.3.1
[INFO] [stderr]     Checking memmap2 v0.1.0
[INFO] [stderr]     Checking slice-deque v0.3.0
[INFO] [stderr]     Checking x11-dl v2.18.5
[INFO] [stderr]     Checking chrono v0.4.19
[INFO] [stderr]     Checking atty v0.2.14
[INFO] [stderr]     Checking thread-id v3.3.0
[INFO] [stderr]     Checking rayon-core v1.9.0
[INFO] [stderr]     Checking parking_lot v0.11.1
[INFO] [stderr]     Checking rand_core v0.6.2
[INFO] [stderr]     Checking mio v0.6.23
[INFO] [stderr]     Checking clap v2.33.3
[INFO] [stderr]    Compiling jobserver v0.1.22
[INFO] [stderr]     Checking rand_chacha v0.3.0
[INFO] [stderr]    Compiling cc v1.0.67
[INFO] [stderr]     Checking rand v0.8.3
[INFO] [stderr]     Checking rayon v1.5.0
[INFO] [stderr]     Checking serde_json v1.0.64
[INFO] [stderr]     Checking tracing-serde v0.1.2
[INFO] [stderr]     Checking mio-extras v2.0.6
[INFO] [stderr]    Compiling cmake v0.1.45
[INFO] [stderr]     Checking tracing-subscriber v0.2.17
[INFO] [stderr]    Compiling spirv_cross v0.23.1
[INFO] [stderr]    Compiling shaderc-sys v0.7.2
[INFO] [stderr]    Compiling imgui-sys v0.7.0
[INFO] [stderr]    Compiling minimp3-sys v0.3.2
[INFO] [stderr]     Checking structopt v0.3.21
[INFO] [stderr]     Checking wgpu-subscriber v0.1.0
[INFO] [stderr]     Checking gfx-hal v0.7.0
[INFO] [stderr]     Checking calloop v0.6.5
[INFO] [stderr]     Checking jpeg-decoder v0.1.22
[INFO] [stderr]     Checking futures-executor v0.3.14
[INFO] [stderr]     Checking futures v0.3.14
[INFO] [stderr]     Checking minimp3 v0.5.1
[INFO] [stderr] error: could not compile `rayon`
[INFO] [stderr] 
[INFO] [stderr] Caused by:
[INFO] [stderr]   process didn't exit successfully: `rustc --crate-name rayon --edition=2018 /opt/rustwide/cargo-home/registry/src/github.com-1ecc6299db9ec823/rayon-1.5.0/src/lib.rs --error-format=json --json=diagnostic-rendered-ansi --crate-type lib --emit=dep-info,metadata,link -C embed-bitcode=no -C debuginfo=2 -C metadata=ccd79b4d083f0a2c -C extra-filename=-ccd79b4d083f0a2c --out-dir /opt/rustwide/target/debug/deps -L dependency=/opt/rustwide/target/debug/deps --extern crossbeam_deque=/opt/rustwide/target/debug/deps/libcrossbeam_deque-011ca06bf3acb398.rmeta --extern either=/opt/rustwide/target/debug/deps/libeither-867d2789c96c5e02.rmeta --extern rayon_core=/opt/rustwide/target/debug/deps/librayon_core-19849c41106e2b2d.rmeta --cap-lints allow --cfg step_by` (signal: 9, SIGKILL: kill)
[INFO] [stderr] warning: build failed, waiting for other jobs to finish...
[INFO] [stderr] The following warnings were emitted during compilation:
[INFO] [stderr] 
[INFO] [stderr] warning: src/wrapper.cpp:2: warning: ignoring #pragma warning  [-Wunknown-pragmas]
[INFO] [stderr] warning:     2 | #pragma warning(disable : 4996 4101)
[INFO] [stderr] warning:       | 
[INFO] [stderr] warning: c++: fatal error: Killed signal terminated program cc1plus
[INFO] [stderr] warning: compilation terminated.
[INFO] [stderr] warning: c++: fatal error: Killed signal terminated program cc1plus
[INFO] [stderr] warning: compilation terminated.
[INFO] [stderr] warning: c++: fatal error: Killed signal terminated program cc1plus
[INFO] [stderr] warning: compilation terminated.
[INFO] [stderr] warning: c++: fatal error: Killed signal terminated program cc1plus
[INFO] [stderr] warning: compilation terminated.
[INFO] [stderr] warning: c++: fatal error: Killed signal terminated program cc1plus
[INFO] [stderr] warning: compilation terminated.
[INFO] [stderr] warning: c++: fatal error: Killed signal terminated program cc1plus
[INFO] [stderr] warning: compilation terminated.
[INFO] [stderr] warning: c++: fatal error: Killed signal terminated program cc1plus
[INFO] [stderr] warning: compilation terminated.
[INFO] [stderr] 
[INFO] [stderr] The following warnings were emitted during compilation:
[INFO] [stderr] 
[INFO] [stderr] warning: c++: fatal error: Killed signal terminated program cc1plus
[INFO] [stderr] warning: compilation terminated.
[INFO] [stderr] 
[INFO] [stderr] The following warnings were emitted during compilation:
[INFO] [stderr] 
[INFO] [stderr] warning: shaderc: searching for native shaderc libraries on system;  use '--features build-from-source' to force building from source code
[INFO] [stderr] warning: shaderc: cannot find native shaderc library on system; falling back to build from source
[INFO] [stderr] 
[INFO] [stderr] error: build failed
[INFO] running `Command { std: "docker" "inspect" "0e63214790ed36d718f84d7adbb94554c3c12d14824a5c066ba981e099cf6341", kill_on_drop: false }`
[INFO] running `Command { std: "docker" "rm" "-f" "0e63214790ed36d718f84d7adbb94554c3c12d14824a5c066ba981e099cf6341", kill_on_drop: false }`
[INFO] [stdout] 0e63214790ed36d718f84d7adbb94554c3c12d14824a5c066ba981e099cf6341
