[INFO] cloning repository https://github.com/Saevitus/rust-shit
[INFO] running `Command { std: "git" "-c" "credential.helper=" "-c" "credential.helper=/workspace/cargo-home/bin/git-credential-null" "clone" "--bare" "https://github.com/Saevitus/rust-shit" "/workspace/cache/git-repos/https%3A%2F%2Fgithub.com%2FSaevitus%2Frust-shit", kill_on_drop: false }`
[INFO] [stderr] Cloning into bare repository '/workspace/cache/git-repos/https%3A%2F%2Fgithub.com%2FSaevitus%2Frust-shit'...
[INFO] running `Command { std: "git" "rev-parse" "HEAD", kill_on_drop: false }`
[INFO] [stdout] 3a5ccdd67c2056a290fe017941d601b0bdf198f6
[INFO] documenting Saevitus/rust-shit against 1.54.0 for beta-1.55-rustdoc-1
[INFO] running `Command { std: "git" "clone" "/workspace/cache/git-repos/https%3A%2F%2Fgithub.com%2FSaevitus%2Frust-shit" "/workspace/builds/worker-14/source", kill_on_drop: false }`
[INFO] [stderr] Cloning into '/workspace/builds/worker-14/source'...
[INFO] [stderr] done.
[INFO] validating manifest of git repo https://github.com/Saevitus/rust-shit on toolchain 1.54.0
[INFO] running `Command { std: "/workspace/cargo-home/bin/cargo" "+1.54.0" "metadata" "--manifest-path" "Cargo.toml" "--no-deps", kill_on_drop: false }`
[INFO] started tweaking git repo https://github.com/Saevitus/rust-shit
[INFO] finished tweaking git repo https://github.com/Saevitus/rust-shit
[INFO] tweaked toml for git repo https://github.com/Saevitus/rust-shit written to /workspace/builds/worker-14/source/Cargo.toml
[INFO] crate git repo https://github.com/Saevitus/rust-shit already has a lockfile, it will not be regenerated
[INFO] running `Command { std: "/workspace/cargo-home/bin/cargo" "+1.54.0" "fetch" "--manifest-path" "Cargo.toml", kill_on_drop: false }`
[INFO] running `Command { std: "docker" "create" "-v" "/var/lib/crater-agent-workspace/builds/worker-14/target:/opt/rustwide/target:rw,Z" "-v" "/var/lib/crater-agent-workspace/builds/worker-14/source:/opt/rustwide/workdir:ro,Z" "-v" "/var/lib/crater-agent-workspace/cargo-home:/opt/rustwide/cargo-home:ro,Z" "-v" "/var/lib/crater-agent-workspace/rustup-home:/opt/rustwide/rustup-home:ro,Z" "-e" "SOURCE_DIR=/opt/rustwide/workdir" "-e" "CARGO_TARGET_DIR=/opt/rustwide/target" "-e" "CARGO_HOME=/opt/rustwide/cargo-home" "-e" "RUSTUP_HOME=/opt/rustwide/rustup-home" "-w" "/opt/rustwide/workdir" "-m" "1610612736" "--user" "0:0" "--network" "none" "ghcr.io/rust-lang/crates-build-env/linux@sha256:34b6a614d2c27851fe6cbf88fbd1137609cefab8b10d0615aaeb6fd47975d74e" "/opt/rustwide/cargo-home/bin/cargo" "+1.54.0" "metadata" "--no-deps" "--format-version=1", kill_on_drop: false }`
[INFO] [stderr] WARNING: Your kernel does not support swap limit capabilities or the cgroup is not mounted. Memory limited without swap.
[INFO] [stdout] d828681467c3febf0e980febc836878cc3847a9b185398ee36df3a8be6a1a9fa
[INFO] running `Command { std: "docker" "start" "-a" "d828681467c3febf0e980febc836878cc3847a9b185398ee36df3a8be6a1a9fa", kill_on_drop: false }`
[INFO] running `Command { std: "docker" "inspect" "d828681467c3febf0e980febc836878cc3847a9b185398ee36df3a8be6a1a9fa", kill_on_drop: false }`
[INFO] running `Command { std: "docker" "rm" "-f" "d828681467c3febf0e980febc836878cc3847a9b185398ee36df3a8be6a1a9fa", kill_on_drop: false }`
[INFO] [stdout] d828681467c3febf0e980febc836878cc3847a9b185398ee36df3a8be6a1a9fa
[INFO] running `Command { std: "docker" "create" "-v" "/var/lib/crater-agent-workspace/builds/worker-14/target:/opt/rustwide/target:rw,Z" "-v" "/var/lib/crater-agent-workspace/builds/worker-14/source:/opt/rustwide/workdir:ro,Z" "-v" "/var/lib/crater-agent-workspace/cargo-home:/opt/rustwide/cargo-home:ro,Z" "-v" "/var/lib/crater-agent-workspace/rustup-home:/opt/rustwide/rustup-home:ro,Z" "-e" "SOURCE_DIR=/opt/rustwide/workdir" "-e" "CARGO_TARGET_DIR=/opt/rustwide/target" "-e" "CARGO_INCREMENTAL=0" "-e" "RUST_BACKTRACE=full" "-e" "RUSTDOCFLAGS=--cap-lints=warn" "-e" "CARGO_HOME=/opt/rustwide/cargo-home" "-e" "RUSTUP_HOME=/opt/rustwide/rustup-home" "-w" "/opt/rustwide/workdir" "-m" "1610612736" "--user" "0:0" "--network" "none" "ghcr.io/rust-lang/crates-build-env/linux@sha256:34b6a614d2c27851fe6cbf88fbd1137609cefab8b10d0615aaeb6fd47975d74e" "/opt/rustwide/cargo-home/bin/cargo" "+1.54.0" "doc" "--frozen" "--no-deps" "--document-private-items" "--message-format=json", kill_on_drop: false }`
[INFO] [stdout] eddb3682c88eea0bb9cb0991bc841d5840624058b7652c2d48aedc8cb1eed4e6
[INFO] [stderr] WARNING: Your kernel does not support swap limit capabilities or the cgroup is not mounted. Memory limited without swap.
[INFO] running `Command { std: "docker" "start" "-a" "eddb3682c88eea0bb9cb0991bc841d5840624058b7652c2d48aedc8cb1eed4e6", kill_on_drop: false }`
[INFO] [stderr]    Compiling user32-sys v0.1.2
[INFO] [stderr]    Compiling advapi32-sys v0.2.0
[INFO] [stderr]    Compiling user32-sys v0.2.0
[INFO] [stderr]     Checking wio v0.1.2
[INFO] [stderr]  Documenting cancer v0.1.0 (/opt/rustwide/workdir)
[INFO] [stdout] error[E0432]: unresolved import `self::wio::wide`
[INFO] [stdout]   --> src/Utilities/mod.rs:13:16
[INFO] [stdout]    |
[INFO] [stdout] 13 | use self::wio::wide::FromWide;
[INFO] [stdout]    |                ^^^^ could not find `wide` in `wio`
[INFO] [stdout] 
[INFO] [stdout] 
[INFO] [stdout] error[E0412]: cannot find type `HANDLE` in crate `winapi`
[INFO] [stdout]   --> src/Utilities/mod.rs:22:25
[INFO] [stdout]    |
[INFO] [stdout] 22 |     m_hProcess: winapi::HANDLE,
[INFO] [stdout]    |                         ^^^^^^ not found in `winapi`
[INFO] [stdout] 
[INFO] [stdout] 
[INFO] [stdout] error[E0412]: cannot find type `HANDLE` in crate `winapi`
[INFO] [stdout]   --> src/Utilities/mod.rs:31:36
[INFO] [stdout]    |
[INFO] [stdout] 31 |     fn NewHandle(hProcess: winapi::HANDLE) -> Process {
[INFO] [stdout]    |                                    ^^^^^^ not found in `winapi`
[INFO] [stdout] 
[INFO] [stdout] 
[INFO] [stdout] error: Compilation failed, aborting rustdoc
[INFO] [stdout] 
[INFO] [stdout] 
[INFO] [stdout] error: aborting due to 4 previous errors
[INFO] [stdout] 
[INFO] [stdout] 
[INFO] [stdout] Some errors have detailed explanations: E0412, E0432.
[INFO] [stdout] 
[INFO] [stdout] For more information about an error, try `rustc --explain E0412`.
[INFO] [stdout] 
[INFO] [stderr] error: could not document `cancer`
[INFO] [stderr] 
[INFO] [stderr] Caused by:
[INFO] [stderr]   process didn't exit successfully: `rustdoc --crate-type bin --crate-name cancer src/main.rs -o /opt/rustwide/target/doc --error-format=json --json=diagnostic-rendered-ansi --document-private-items -L dependency=/opt/rustwide/target/debug/deps --extern kernel32=/opt/rustwide/target/debug/deps/libkernel32-7ba4361c2b0a7c74.rmeta --extern user32=/opt/rustwide/target/debug/deps/libuser32-de3546980ce5a1a6.rmeta --extern winapi=/opt/rustwide/target/debug/deps/libwinapi-fc24033f8415559e.rmeta --extern wio=/opt/rustwide/target/debug/deps/libwio-1cac9b2606354782.rmeta --cap-lints=warn --crate-version 0.1.0` (exit status: 1)
[INFO] running `Command { std: "docker" "inspect" "eddb3682c88eea0bb9cb0991bc841d5840624058b7652c2d48aedc8cb1eed4e6", kill_on_drop: false }`
[INFO] running `Command { std: "docker" "rm" "-f" "eddb3682c88eea0bb9cb0991bc841d5840624058b7652c2d48aedc8cb1eed4e6", kill_on_drop: false }`
[INFO] [stdout] eddb3682c88eea0bb9cb0991bc841d5840624058b7652c2d48aedc8cb1eed4e6
